--
-- Host: localhost    Database: live_vtail
-- ------------------------------------------------------


--
-- Table structure for table `wp_actionscheduler_actions`
--

CREATE TABLE `wp_actionscheduler_actions` (
  `action_id` bigint unsigned NOT NULL AUTO_INCREMENT,
  `hook` varchar(191) CHARACTER SET utf8mb4 COLLATE utf8mb4_unicode_520_ci NOT NULL,
  `status` varchar(20) CHARACTER SET utf8mb4 COLLATE utf8mb4_unicode_520_ci NOT NULL,
  `scheduled_date_gmt` datetime NOT NULL DEFAULT '0000-00-00 00:00:00',
  `scheduled_date_local` datetime NOT NULL DEFAULT '0000-00-00 00:00:00',
  `args` varchar(191) CHARACTER SET utf8mb4 COLLATE utf8mb4_unicode_520_ci DEFAULT NULL,
  `schedule` longtext CHARACTER SET utf8mb4 COLLATE utf8mb4_unicode_520_ci,
  `group_id` bigint unsigned NOT NULL DEFAULT '0',
  `attempts` int NOT NULL DEFAULT '0',
  `last_attempt_gmt` datetime NOT NULL DEFAULT '0000-00-00 00:00:00',
  `last_attempt_local` datetime NOT NULL DEFAULT '0000-00-00 00:00:00',
  `claim_id` bigint unsigned NOT NULL DEFAULT '0',
  `extended_args` varchar(8000) CHARACTER SET utf8mb4 COLLATE utf8mb4_unicode_520_ci DEFAULT NULL,
  PRIMARY KEY (`action_id`),
  KEY `hook` (`hook`),
  KEY `status` (`status`),
  KEY `scheduled_date_gmt` (`scheduled_date_gmt`),
  KEY `args` (`args`),
  KEY `group_id` (`group_id`),
  KEY `last_attempt_gmt` (`last_attempt_gmt`),
  KEY `claim_id` (`claim_id`),
  KEY `claim_id_status_scheduled_date_gmt` (`claim_id`,`status`,`scheduled_date_gmt`)
) ENGINE=InnoDB AUTO_INCREMENT=909 DEFAULT CHARSET=utf8mb4 COLLATE=utf8mb4_unicode_520_ci;

--
-- Dumping data for table `wp_actionscheduler_actions`
--

INSERT INTO `wp_actionscheduler_actions` VALUES (852,'aioseo_admin_notifications_update','complete','2021-08-29 10:35:20','2021-08-29 10:35:20','[]','O:32:\"ActionScheduler_IntervalSchedule\":5:{s:22:\"\0*\0scheduled_timestamp\";i:1630233320;s:18:\"\0*\0first_timestamp\";i:1627606800;s:13:\"\0*\0recurrence\";i:86400;s:49:\"\0ActionScheduler_IntervalSchedule\0start_timestamp\";i:1630233320;s:53:\"\0ActionScheduler_IntervalSchedule\0interval_in_seconds\";i:86400;}',2,1,'2021-08-29 12:34:10','2021-08-29 12:34:10',0,NULL),(853,'aioseo_cleanup_action_scheduler','complete','2021-08-29 10:35:20','2021-08-29 10:35:20','[]','O:32:\"ActionScheduler_IntervalSchedule\":5:{s:22:\"\0*\0scheduled_timestamp\";i:1630233320;s:18:\"\0*\0first_timestamp\";i:1627629931;s:13:\"\0*\0recurrence\";i:86400;s:49:\"\0ActionScheduler_IntervalSchedule\0start_timestamp\";i:1630233320;s:53:\"\0ActionScheduler_IntervalSchedule\0interval_in_seconds\";i:86400;}',2,1,'2021-08-29 12:34:10','2021-08-29 12:34:10',0,NULL),(854,'aioseo_admin_notifications_update','complete','2021-08-30 12:34:10','2021-08-30 12:34:10','[]','O:32:\"ActionScheduler_IntervalSchedule\":5:{s:22:\"\0*\0scheduled_timestamp\";i:1630326850;s:18:\"\0*\0first_timestamp\";i:1627606800;s:13:\"\0*\0recurrence\";i:86400;s:49:\"\0ActionScheduler_IntervalSchedule\0start_timestamp\";i:1630326850;s:53:\"\0ActionScheduler_IntervalSchedule\0interval_in_seconds\";i:86400;}',2,1,'2021-08-30 13:48:39','2021-08-30 13:48:39',0,NULL),(855,'aioseo_cleanup_action_scheduler','complete','2021-08-30 12:34:10','2021-08-30 12:34:10','[]','O:32:\"ActionScheduler_IntervalSchedule\":5:{s:22:\"\0*\0scheduled_timestamp\";i:1630326850;s:18:\"\0*\0first_timestamp\";i:1627629931;s:13:\"\0*\0recurrence\";i:86400;s:49:\"\0ActionScheduler_IntervalSchedule\0start_timestamp\";i:1630326850;s:53:\"\0ActionScheduler_IntervalSchedule\0interval_in_seconds\";i:86400;}',2,1,'2021-08-30 13:48:39','2021-08-30 13:48:39',0,NULL),(856,'aioseo_admin_notifications_update','complete','2021-08-31 13:48:39','2021-08-31 13:48:39','[]','O:32:\"ActionScheduler_IntervalSchedule\":5:{s:22:\"\0*\0scheduled_timestamp\";i:1630417719;s:18:\"\0*\0first_timestamp\";i:1627606800;s:13:\"\0*\0recurrence\";i:86400;s:49:\"\0ActionScheduler_IntervalSchedule\0start_timestamp\";i:1630417719;s:53:\"\0ActionScheduler_IntervalSchedule\0interval_in_seconds\";i:86400;}',2,1,'2021-08-31 14:32:54','2021-08-31 14:32:54',0,NULL),(857,'aioseo_cleanup_action_scheduler','complete','2021-08-31 13:48:39','2021-08-31 13:48:39','[]','O:32:\"ActionScheduler_IntervalSchedule\":5:{s:22:\"\0*\0scheduled_timestamp\";i:1630417719;s:18:\"\0*\0first_timestamp\";i:1627629931;s:13:\"\0*\0recurrence\";i:86400;s:49:\"\0ActionScheduler_IntervalSchedule\0start_timestamp\";i:1630417719;s:53:\"\0ActionScheduler_IntervalSchedule\0interval_in_seconds\";i:86400;}',2,1,'2021-08-31 14:32:54','2021-08-31 14:32:54',0,NULL),(858,'aioseo_admin_notifications_update','complete','2021-09-01 14:32:54','2021-09-01 14:32:54','[]','O:32:\"ActionScheduler_IntervalSchedule\":5:{s:22:\"\0*\0scheduled_timestamp\";i:1630506774;s:18:\"\0*\0first_timestamp\";i:1627606800;s:13:\"\0*\0recurrence\";i:86400;s:49:\"\0ActionScheduler_IntervalSchedule\0start_timestamp\";i:1630506774;s:53:\"\0ActionScheduler_IntervalSchedule\0interval_in_seconds\";i:86400;}',2,1,'2021-09-01 14:47:09','2021-09-01 14:47:09',0,NULL),(859,'aioseo_cleanup_action_scheduler','complete','2021-09-01 14:32:54','2021-09-01 14:32:54','[]','O:32:\"ActionScheduler_IntervalSchedule\":5:{s:22:\"\0*\0scheduled_timestamp\";i:1630506774;s:18:\"\0*\0first_timestamp\";i:1627629931;s:13:\"\0*\0recurrence\";i:86400;s:49:\"\0ActionScheduler_IntervalSchedule\0start_timestamp\";i:1630506774;s:53:\"\0ActionScheduler_IntervalSchedule\0interval_in_seconds\";i:86400;}',2,1,'2021-09-01 14:47:09','2021-09-01 14:47:09',0,NULL),(860,'aioseo_admin_notifications_update','complete','2021-09-02 14:47:09','2021-09-02 14:47:09','[]','O:32:\"ActionScheduler_IntervalSchedule\":5:{s:22:\"\0*\0scheduled_timestamp\";i:1630594029;s:18:\"\0*\0first_timestamp\";i:1627606800;s:13:\"\0*\0recurrence\";i:86400;s:49:\"\0ActionScheduler_IntervalSchedule\0start_timestamp\";i:1630594029;s:53:\"\0ActionScheduler_IntervalSchedule\0interval_in_seconds\";i:86400;}',2,1,'2021-09-02 14:54:20','2021-09-02 14:54:20',0,NULL),(861,'aioseo_cleanup_action_scheduler','complete','2021-09-02 14:47:09','2021-09-02 14:47:09','[]','O:32:\"ActionScheduler_IntervalSchedule\":5:{s:22:\"\0*\0scheduled_timestamp\";i:1630594029;s:18:\"\0*\0first_timestamp\";i:1627629931;s:13:\"\0*\0recurrence\";i:86400;s:49:\"\0ActionScheduler_IntervalSchedule\0start_timestamp\";i:1630594029;s:53:\"\0ActionScheduler_IntervalSchedule\0interval_in_seconds\";i:86400;}',2,1,'2021-09-02 14:54:20','2021-09-02 14:54:20',0,NULL),(862,'aioseo_admin_notifications_update','complete','2021-09-03 14:54:20','2021-09-03 14:54:20','[]','O:32:\"ActionScheduler_IntervalSchedule\":5:{s:22:\"\0*\0scheduled_timestamp\";i:1630680860;s:18:\"\0*\0first_timestamp\";i:1627606800;s:13:\"\0*\0recurrence\";i:86400;s:49:\"\0ActionScheduler_IntervalSchedule\0start_timestamp\";i:1630680860;s:53:\"\0ActionScheduler_IntervalSchedule\0interval_in_seconds\";i:86400;}',2,1,'2021-09-03 15:36:44','2021-09-03 15:36:44',0,NULL),(863,'aioseo_cleanup_action_scheduler','complete','2021-09-03 14:54:20','2021-09-03 14:54:20','[]','O:32:\"ActionScheduler_IntervalSchedule\":5:{s:22:\"\0*\0scheduled_timestamp\";i:1630680860;s:18:\"\0*\0first_timestamp\";i:1627629931;s:13:\"\0*\0recurrence\";i:86400;s:49:\"\0ActionScheduler_IntervalSchedule\0start_timestamp\";i:1630680860;s:53:\"\0ActionScheduler_IntervalSchedule\0interval_in_seconds\";i:86400;}',2,1,'2021-09-03 15:36:44','2021-09-03 15:36:44',0,NULL),(864,'aioseo_admin_notifications_update','complete','2021-09-04 15:36:44','2021-09-04 15:36:44','[]','O:32:\"ActionScheduler_IntervalSchedule\":5:{s:22:\"\0*\0scheduled_timestamp\";i:1630769804;s:18:\"\0*\0first_timestamp\";i:1627606800;s:13:\"\0*\0recurrence\";i:86400;s:49:\"\0ActionScheduler_IntervalSchedule\0start_timestamp\";i:1630769804;s:53:\"\0ActionScheduler_IntervalSchedule\0interval_in_seconds\";i:86400;}',2,1,'2021-09-04 15:59:24','2021-09-04 15:59:24',0,NULL),(865,'aioseo_cleanup_action_scheduler','complete','2021-09-04 15:36:44','2021-09-04 15:36:44','[]','O:32:\"ActionScheduler_IntervalSchedule\":5:{s:22:\"\0*\0scheduled_timestamp\";i:1630769804;s:18:\"\0*\0first_timestamp\";i:1627629931;s:13:\"\0*\0recurrence\";i:86400;s:49:\"\0ActionScheduler_IntervalSchedule\0start_timestamp\";i:1630769804;s:53:\"\0ActionScheduler_IntervalSchedule\0interval_in_seconds\";i:86400;}',2,1,'2021-09-04 15:59:24','2021-09-04 15:59:24',0,NULL),(866,'aioseo_admin_notifications_update','complete','2021-09-05 15:59:24','2021-09-05 15:59:24','[]','O:32:\"ActionScheduler_IntervalSchedule\":5:{s:22:\"\0*\0scheduled_timestamp\";i:1630857564;s:18:\"\0*\0first_timestamp\";i:1627606800;s:13:\"\0*\0recurrence\";i:86400;s:49:\"\0ActionScheduler_IntervalSchedule\0start_timestamp\";i:1630857564;s:53:\"\0ActionScheduler_IntervalSchedule\0interval_in_seconds\";i:86400;}',2,1,'2021-09-05 16:00:27','2021-09-05 16:00:27',0,NULL),(867,'aioseo_cleanup_action_scheduler','complete','2021-09-05 15:59:24','2021-09-05 15:59:24','[]','O:32:\"ActionScheduler_IntervalSchedule\":5:{s:22:\"\0*\0scheduled_timestamp\";i:1630857564;s:18:\"\0*\0first_timestamp\";i:1627629931;s:13:\"\0*\0recurrence\";i:86400;s:49:\"\0ActionScheduler_IntervalSchedule\0start_timestamp\";i:1630857564;s:53:\"\0ActionScheduler_IntervalSchedule\0interval_in_seconds\";i:86400;}',2,1,'2021-09-05 16:00:27','2021-09-05 16:00:27',0,NULL),(868,'aioseo_admin_notifications_update','complete','2021-09-06 16:00:27','2021-09-06 16:00:27','[]','O:32:\"ActionScheduler_IntervalSchedule\":5:{s:22:\"\0*\0scheduled_timestamp\";i:1630944027;s:18:\"\0*\0first_timestamp\";i:1627606800;s:13:\"\0*\0recurrence\";i:86400;s:49:\"\0ActionScheduler_IntervalSchedule\0start_timestamp\";i:1630944027;s:53:\"\0ActionScheduler_IntervalSchedule\0interval_in_seconds\";i:86400;}',2,1,'2021-09-06 16:01:15','2021-09-06 16:01:15',0,NULL),(869,'aioseo_cleanup_action_scheduler','complete','2021-09-06 16:00:27','2021-09-06 16:00:27','[]','O:32:\"ActionScheduler_IntervalSchedule\":5:{s:22:\"\0*\0scheduled_timestamp\";i:1630944027;s:18:\"\0*\0first_timestamp\";i:1627629931;s:13:\"\0*\0recurrence\";i:86400;s:49:\"\0ActionScheduler_IntervalSchedule\0start_timestamp\";i:1630944027;s:53:\"\0ActionScheduler_IntervalSchedule\0interval_in_seconds\";i:86400;}',2,1,'2021-09-06 16:01:15','2021-09-06 16:01:15',0,NULL),(870,'aioseo_admin_notifications_update','complete','2021-09-07 16:01:15','2021-09-07 16:01:15','[]','O:32:\"ActionScheduler_IntervalSchedule\":5:{s:22:\"\0*\0scheduled_timestamp\";i:1631030475;s:18:\"\0*\0first_timestamp\";i:1627606800;s:13:\"\0*\0recurrence\";i:86400;s:49:\"\0ActionScheduler_IntervalSchedule\0start_timestamp\";i:1631030475;s:53:\"\0ActionScheduler_IntervalSchedule\0interval_in_seconds\";i:86400;}',2,1,'2021-09-07 16:04:38','2021-09-07 16:04:38',0,NULL),(871,'aioseo_cleanup_action_scheduler','complete','2021-09-07 16:01:15','2021-09-07 16:01:15','[]','O:32:\"ActionScheduler_IntervalSchedule\":5:{s:22:\"\0*\0scheduled_timestamp\";i:1631030475;s:18:\"\0*\0first_timestamp\";i:1627629931;s:13:\"\0*\0recurrence\";i:86400;s:49:\"\0ActionScheduler_IntervalSchedule\0start_timestamp\";i:1631030475;s:53:\"\0ActionScheduler_IntervalSchedule\0interval_in_seconds\";i:86400;}',2,1,'2021-09-07 16:04:38','2021-09-07 16:04:38',0,NULL),(872,'aioseo_admin_notifications_update','complete','2021-09-08 16:04:38','2021-09-08 16:04:38','[]','O:32:\"ActionScheduler_IntervalSchedule\":5:{s:22:\"\0*\0scheduled_timestamp\";i:1631117078;s:18:\"\0*\0first_timestamp\";i:1627606800;s:13:\"\0*\0recurrence\";i:86400;s:49:\"\0ActionScheduler_IntervalSchedule\0start_timestamp\";i:1631117078;s:53:\"\0ActionScheduler_IntervalSchedule\0interval_in_seconds\";i:86400;}',2,1,'2021-09-08 19:03:51','2021-09-08 19:03:51',0,NULL),(873,'aioseo_cleanup_action_scheduler','complete','2021-09-08 16:04:38','2021-09-08 16:04:38','[]','O:32:\"ActionScheduler_IntervalSchedule\":5:{s:22:\"\0*\0scheduled_timestamp\";i:1631117078;s:18:\"\0*\0first_timestamp\";i:1627629931;s:13:\"\0*\0recurrence\";i:86400;s:49:\"\0ActionScheduler_IntervalSchedule\0start_timestamp\";i:1631117078;s:53:\"\0ActionScheduler_IntervalSchedule\0interval_in_seconds\";i:86400;}',2,1,'2021-09-08 19:03:51','2021-09-08 19:03:51',0,NULL),(874,'aioseo_admin_notifications_update','complete','2021-09-09 19:03:51','2021-09-09 19:03:51','[]','O:32:\"ActionScheduler_IntervalSchedule\":5:{s:22:\"\0*\0scheduled_timestamp\";i:1631214231;s:18:\"\0*\0first_timestamp\";i:1627606800;s:13:\"\0*\0recurrence\";i:86400;s:49:\"\0ActionScheduler_IntervalSchedule\0start_timestamp\";i:1631214231;s:53:\"\0ActionScheduler_IntervalSchedule\0interval_in_seconds\";i:86400;}',2,1,'2021-09-10 09:37:16','2021-09-10 09:37:16',0,NULL),(875,'aioseo_cleanup_action_scheduler','complete','2021-09-09 19:03:51','2021-09-09 19:03:51','[]','O:32:\"ActionScheduler_IntervalSchedule\":5:{s:22:\"\0*\0scheduled_timestamp\";i:1631214231;s:18:\"\0*\0first_timestamp\";i:1627629931;s:13:\"\0*\0recurrence\";i:86400;s:49:\"\0ActionScheduler_IntervalSchedule\0start_timestamp\";i:1631214231;s:53:\"\0ActionScheduler_IntervalSchedule\0interval_in_seconds\";i:86400;}',2,1,'2021-09-10 09:37:16','2021-09-10 09:37:16',0,NULL),(876,'aioseo_admin_notifications_update','complete','2021-09-11 09:37:16','2021-09-11 09:37:16','[]','O:32:\"ActionScheduler_IntervalSchedule\":5:{s:22:\"\0*\0scheduled_timestamp\";i:1631353036;s:18:\"\0*\0first_timestamp\";i:1627606800;s:13:\"\0*\0recurrence\";i:86400;s:49:\"\0ActionScheduler_IntervalSchedule\0start_timestamp\";i:1631353036;s:53:\"\0ActionScheduler_IntervalSchedule\0interval_in_seconds\";i:86400;}',2,1,'2021-09-12 08:48:16','2021-09-12 08:48:16',0,NULL),(877,'aioseo_cleanup_action_scheduler','complete','2021-09-11 09:37:16','2021-09-11 09:37:16','[]','O:32:\"ActionScheduler_IntervalSchedule\":5:{s:22:\"\0*\0scheduled_timestamp\";i:1631353036;s:18:\"\0*\0first_timestamp\";i:1627629931;s:13:\"\0*\0recurrence\";i:86400;s:49:\"\0ActionScheduler_IntervalSchedule\0start_timestamp\";i:1631353036;s:53:\"\0ActionScheduler_IntervalSchedule\0interval_in_seconds\";i:86400;}',2,1,'2021-09-12 08:48:16','2021-09-12 08:48:16',0,NULL),(878,'aioseo_admin_notifications_update','complete','2021-09-13 08:48:16','2021-09-13 08:48:16','[]','O:32:\"ActionScheduler_IntervalSchedule\":5:{s:22:\"\0*\0scheduled_timestamp\";i:1631522896;s:18:\"\0*\0first_timestamp\";i:1627606800;s:13:\"\0*\0recurrence\";i:86400;s:49:\"\0ActionScheduler_IntervalSchedule\0start_timestamp\";i:1631522896;s:53:\"\0ActionScheduler_IntervalSchedule\0interval_in_seconds\";i:86400;}',2,1,'2021-09-13 10:29:29','2021-09-13 10:29:29',0,NULL),(879,'aioseo_cleanup_action_scheduler','complete','2021-09-13 08:48:16','2021-09-13 08:48:16','[]','O:32:\"ActionScheduler_IntervalSchedule\":5:{s:22:\"\0*\0scheduled_timestamp\";i:1631522896;s:18:\"\0*\0first_timestamp\";i:1627629931;s:13:\"\0*\0recurrence\";i:86400;s:49:\"\0ActionScheduler_IntervalSchedule\0start_timestamp\";i:1631522896;s:53:\"\0ActionScheduler_IntervalSchedule\0interval_in_seconds\";i:86400;}',2,1,'2021-09-13 10:29:29','2021-09-13 10:29:29',0,NULL),(880,'aioseo_admin_notifications_update','complete','2021-09-14 10:29:29','2021-09-14 10:29:29','[]','O:32:\"ActionScheduler_IntervalSchedule\":5:{s:22:\"\0*\0scheduled_timestamp\";i:1631615369;s:18:\"\0*\0first_timestamp\";i:1627606800;s:13:\"\0*\0recurrence\";i:86400;s:49:\"\0ActionScheduler_IntervalSchedule\0start_timestamp\";i:1631615369;s:53:\"\0ActionScheduler_IntervalSchedule\0interval_in_seconds\";i:86400;}',2,1,'2021-09-16 09:04:11','2021-09-16 09:04:11',0,NULL),(881,'aioseo_cleanup_action_scheduler','complete','2021-09-14 10:29:29','2021-09-14 10:29:29','[]','O:32:\"ActionScheduler_IntervalSchedule\":5:{s:22:\"\0*\0scheduled_timestamp\";i:1631615369;s:18:\"\0*\0first_timestamp\";i:1627629931;s:13:\"\0*\0recurrence\";i:86400;s:49:\"\0ActionScheduler_IntervalSchedule\0start_timestamp\";i:1631615369;s:53:\"\0ActionScheduler_IntervalSchedule\0interval_in_seconds\";i:86400;}',2,1,'2021-09-16 09:04:11','2021-09-16 09:04:11',0,NULL),(882,'aioseo_admin_notifications_update','complete','2021-09-17 09:04:11','2021-09-17 09:04:11','[]','O:32:\"ActionScheduler_IntervalSchedule\":5:{s:22:\"\0*\0scheduled_timestamp\";i:1631869451;s:18:\"\0*\0first_timestamp\";i:1627606800;s:13:\"\0*\0recurrence\";i:86400;s:49:\"\0ActionScheduler_IntervalSchedule\0start_timestamp\";i:1631869451;s:53:\"\0ActionScheduler_IntervalSchedule\0interval_in_seconds\";i:86400;}',2,1,'2021-09-17 13:24:32','2021-09-17 13:24:32',0,NULL),(883,'aioseo_cleanup_action_scheduler','complete','2021-09-17 09:04:11','2021-09-17 09:04:11','[]','O:32:\"ActionScheduler_IntervalSchedule\":5:{s:22:\"\0*\0scheduled_timestamp\";i:1631869451;s:18:\"\0*\0first_timestamp\";i:1627629931;s:13:\"\0*\0recurrence\";i:86400;s:49:\"\0ActionScheduler_IntervalSchedule\0start_timestamp\";i:1631869451;s:53:\"\0ActionScheduler_IntervalSchedule\0interval_in_seconds\";i:86400;}',2,1,'2021-09-17 13:24:32','2021-09-17 13:24:32',0,NULL),(884,'aioseo_admin_notifications_update','complete','2021-09-18 13:24:32','2021-09-18 13:24:32','[]','O:32:\"ActionScheduler_IntervalSchedule\":5:{s:22:\"\0*\0scheduled_timestamp\";i:1631971472;s:18:\"\0*\0first_timestamp\";i:1627606800;s:13:\"\0*\0recurrence\";i:86400;s:49:\"\0ActionScheduler_IntervalSchedule\0start_timestamp\";i:1631971472;s:53:\"\0ActionScheduler_IntervalSchedule\0interval_in_seconds\";i:86400;}',2,1,'2021-09-20 05:44:18','2021-09-20 05:44:18',0,NULL),(885,'aioseo_cleanup_action_scheduler','complete','2021-09-18 13:24:32','2021-09-18 13:24:32','[]','O:32:\"ActionScheduler_IntervalSchedule\":5:{s:22:\"\0*\0scheduled_timestamp\";i:1631971472;s:18:\"\0*\0first_timestamp\";i:1627629931;s:13:\"\0*\0recurrence\";i:86400;s:49:\"\0ActionScheduler_IntervalSchedule\0start_timestamp\";i:1631971472;s:53:\"\0ActionScheduler_IntervalSchedule\0interval_in_seconds\";i:86400;}',2,1,'2021-09-20 05:44:18','2021-09-20 05:44:18',0,NULL),(886,'aioseo_admin_notifications_update','complete','2021-09-21 05:44:18','2021-09-21 05:44:18','[]','O:32:\"ActionScheduler_IntervalSchedule\":5:{s:22:\"\0*\0scheduled_timestamp\";i:1632203058;s:18:\"\0*\0first_timestamp\";i:1627606800;s:13:\"\0*\0recurrence\";i:86400;s:49:\"\0ActionScheduler_IntervalSchedule\0start_timestamp\";i:1632203058;s:53:\"\0ActionScheduler_IntervalSchedule\0interval_in_seconds\";i:86400;}',2,1,'2021-09-21 05:50:53','2021-09-21 05:50:53',0,NULL),(887,'aioseo_cleanup_action_scheduler','complete','2021-09-21 05:44:18','2021-09-21 05:44:18','[]','O:32:\"ActionScheduler_IntervalSchedule\":5:{s:22:\"\0*\0scheduled_timestamp\";i:1632203058;s:18:\"\0*\0first_timestamp\";i:1627629931;s:13:\"\0*\0recurrence\";i:86400;s:49:\"\0ActionScheduler_IntervalSchedule\0start_timestamp\";i:1632203058;s:53:\"\0ActionScheduler_IntervalSchedule\0interval_in_seconds\";i:86400;}',2,1,'2021-09-21 05:50:53','2021-09-21 05:50:53',0,NULL),(888,'action_scheduler/migration_hook','complete','2021-09-20 16:47:18','2021-09-20 16:47:18','[]','O:30:\"ActionScheduler_SimpleSchedule\":2:{s:22:\"\0*\0scheduled_timestamp\";i:1632156438;s:41:\"\0ActionScheduler_SimpleSchedule\0timestamp\";i:1632156438;}',1,1,'2021-09-21 05:22:09','2021-09-21 05:22:09',0,NULL),(889,'aioseo_admin_notifications_update','complete','2021-09-22 05:50:53','2021-09-22 05:50:53','[]','O:32:\"ActionScheduler_IntervalSchedule\":5:{s:22:\"\0*\0scheduled_timestamp\";i:1632289853;s:18:\"\0*\0first_timestamp\";i:1627606800;s:13:\"\0*\0recurrence\";i:86400;s:49:\"\0ActionScheduler_IntervalSchedule\0start_timestamp\";i:1632289853;s:53:\"\0ActionScheduler_IntervalSchedule\0interval_in_seconds\";i:86400;}',2,1,'2021-09-23 05:53:06','2021-09-23 05:53:06',0,NULL),(890,'aioseo_cleanup_action_scheduler','complete','2021-09-22 05:50:53','2021-09-22 05:50:53','[]','O:32:\"ActionScheduler_IntervalSchedule\":5:{s:22:\"\0*\0scheduled_timestamp\";i:1632289853;s:18:\"\0*\0first_timestamp\";i:1627629931;s:13:\"\0*\0recurrence\";i:86400;s:49:\"\0ActionScheduler_IntervalSchedule\0start_timestamp\";i:1632289853;s:53:\"\0ActionScheduler_IntervalSchedule\0interval_in_seconds\";i:86400;}',2,1,'2021-09-23 05:53:06','2021-09-23 05:53:06',0,NULL),(891,'aioseo_admin_notifications_update','complete','2021-09-24 05:53:06','2021-09-24 05:53:06','[]','O:32:\"ActionScheduler_IntervalSchedule\":5:{s:22:\"\0*\0scheduled_timestamp\";i:1632462786;s:18:\"\0*\0first_timestamp\";i:1627606800;s:13:\"\0*\0recurrence\";i:86400;s:49:\"\0ActionScheduler_IntervalSchedule\0start_timestamp\";i:1632462786;s:53:\"\0ActionScheduler_IntervalSchedule\0interval_in_seconds\";i:86400;}',2,1,'2021-09-24 06:58:29','2021-09-24 06:58:29',0,NULL),(892,'aioseo_cleanup_action_scheduler','complete','2021-09-24 05:53:06','2021-09-24 05:53:06','[]','O:32:\"ActionScheduler_IntervalSchedule\":5:{s:22:\"\0*\0scheduled_timestamp\";i:1632462786;s:18:\"\0*\0first_timestamp\";i:1627629931;s:13:\"\0*\0recurrence\";i:86400;s:49:\"\0ActionScheduler_IntervalSchedule\0start_timestamp\";i:1632462786;s:53:\"\0ActionScheduler_IntervalSchedule\0interval_in_seconds\";i:86400;}',2,1,'2021-09-24 06:58:29','2021-09-24 06:58:29',0,NULL),(893,'action_scheduler/migration_hook','complete','2021-09-23 11:34:01','2021-09-23 11:34:01','[]','O:30:\"ActionScheduler_SimpleSchedule\":2:{s:22:\"\0*\0scheduled_timestamp\";i:1632396841;s:41:\"\0ActionScheduler_SimpleSchedule\0timestamp\";i:1632396841;}',1,1,'2021-09-23 11:35:01','2021-09-23 11:35:01',0,NULL),(894,'action_scheduler/migration_hook','complete','2021-09-23 11:54:58','2021-09-23 11:54:58','[]','O:30:\"ActionScheduler_SimpleSchedule\":2:{s:22:\"\0*\0scheduled_timestamp\";i:1632398098;s:41:\"\0ActionScheduler_SimpleSchedule\0timestamp\";i:1632398098;}',1,1,'2021-09-23 11:55:12','2021-09-23 11:55:12',0,NULL),(895,'wp_mail_smtp_summary_report_email','complete','2021-09-27 14:00:00','2021-09-27 14:00:00','[1]','O:32:\"ActionScheduler_IntervalSchedule\":5:{s:22:\"\0*\0scheduled_timestamp\";i:1632751200;s:18:\"\0*\0first_timestamp\";i:1632751200;s:13:\"\0*\0recurrence\";i:604800;s:49:\"\0ActionScheduler_IntervalSchedule\0start_timestamp\";i:1632751200;s:53:\"\0ActionScheduler_IntervalSchedule\0interval_in_seconds\";i:604800;}',3,1,'2021-09-27 14:00:02','2021-09-27 14:00:02',0,NULL),(896,'wp_mail_smtp_admin_notifications_update','complete','0000-00-00 00:00:00','0000-00-00 00:00:00','[2]','O:28:\"ActionScheduler_NullSchedule\":0:{}',3,1,'2021-09-23 12:38:28','2021-09-23 12:38:28',0,NULL),(897,'aioseo_admin_notifications_update','complete','2021-09-25 06:58:29','2021-09-25 06:58:29','[]','O:32:\"ActionScheduler_IntervalSchedule\":5:{s:22:\"\0*\0scheduled_timestamp\";i:1632553109;s:18:\"\0*\0first_timestamp\";i:1627606800;s:13:\"\0*\0recurrence\";i:86400;s:49:\"\0ActionScheduler_IntervalSchedule\0start_timestamp\";i:1632553109;s:53:\"\0ActionScheduler_IntervalSchedule\0interval_in_seconds\";i:86400;}',2,1,'2021-09-27 05:04:08','2021-09-27 05:04:08',0,NULL),(898,'aioseo_cleanup_action_scheduler','complete','2021-09-25 06:58:29','2021-09-25 06:58:29','[]','O:32:\"ActionScheduler_IntervalSchedule\":5:{s:22:\"\0*\0scheduled_timestamp\";i:1632553109;s:18:\"\0*\0first_timestamp\";i:1627629931;s:13:\"\0*\0recurrence\";i:86400;s:49:\"\0ActionScheduler_IntervalSchedule\0start_timestamp\";i:1632553109;s:53:\"\0ActionScheduler_IntervalSchedule\0interval_in_seconds\";i:86400;}',2,1,'2021-09-27 05:04:08','2021-09-27 05:04:08',0,NULL),(899,'aioseo_admin_notifications_update','complete','2021-09-28 05:04:08','2021-09-28 05:04:08','[]','O:32:\"ActionScheduler_IntervalSchedule\":5:{s:22:\"\0*\0scheduled_timestamp\";i:1632805448;s:18:\"\0*\0first_timestamp\";i:1627606800;s:13:\"\0*\0recurrence\";i:86400;s:49:\"\0ActionScheduler_IntervalSchedule\0start_timestamp\";i:1632805448;s:53:\"\0ActionScheduler_IntervalSchedule\0interval_in_seconds\";i:86400;}',2,1,'2021-09-28 05:04:50','2021-09-28 05:04:50',0,NULL),(900,'aioseo_cleanup_action_scheduler','complete','2021-09-28 05:04:08','2021-09-28 05:04:08','[]','O:32:\"ActionScheduler_IntervalSchedule\":5:{s:22:\"\0*\0scheduled_timestamp\";i:1632805448;s:18:\"\0*\0first_timestamp\";i:1627629931;s:13:\"\0*\0recurrence\";i:86400;s:49:\"\0ActionScheduler_IntervalSchedule\0start_timestamp\";i:1632805448;s:53:\"\0ActionScheduler_IntervalSchedule\0interval_in_seconds\";i:86400;}',2,1,'2021-09-28 05:04:50','2021-09-28 05:04:50',0,NULL),(901,'wp_mail_smtp_admin_notifications_update','complete','0000-00-00 00:00:00','0000-00-00 00:00:00','[3]','O:28:\"ActionScheduler_NullSchedule\":0:{}',3,1,'2021-09-27 05:07:46','2021-09-27 05:07:46',0,NULL),(902,'wp_mail_smtp_summary_report_email','pending','2021-10-04 14:00:02','2021-10-04 14:00:02','[1]','O:32:\"ActionScheduler_IntervalSchedule\":5:{s:22:\"\0*\0scheduled_timestamp\";i:1633356002;s:18:\"\0*\0first_timestamp\";i:1632751200;s:13:\"\0*\0recurrence\";i:604800;s:49:\"\0ActionScheduler_IntervalSchedule\0start_timestamp\";i:1633356002;s:53:\"\0ActionScheduler_IntervalSchedule\0interval_in_seconds\";i:604800;}',3,0,'0000-00-00 00:00:00','0000-00-00 00:00:00',0,NULL),(903,'aioseo_admin_notifications_update','complete','2021-09-29 05:04:50','2021-09-29 05:04:50','[]','O:32:\"ActionScheduler_IntervalSchedule\":5:{s:22:\"\0*\0scheduled_timestamp\";i:1632891890;s:18:\"\0*\0first_timestamp\";i:1627606800;s:13:\"\0*\0recurrence\";i:86400;s:49:\"\0ActionScheduler_IntervalSchedule\0start_timestamp\";i:1632891890;s:53:\"\0ActionScheduler_IntervalSchedule\0interval_in_seconds\";i:86400;}',2,1,'2021-09-29 05:13:55','2021-09-29 05:13:55',0,NULL),(904,'aioseo_cleanup_action_scheduler','complete','2021-09-29 05:04:50','2021-09-29 05:04:50','[]','O:32:\"ActionScheduler_IntervalSchedule\":5:{s:22:\"\0*\0scheduled_timestamp\";i:1632891890;s:18:\"\0*\0first_timestamp\";i:1627629931;s:13:\"\0*\0recurrence\";i:86400;s:49:\"\0ActionScheduler_IntervalSchedule\0start_timestamp\";i:1632891890;s:53:\"\0ActionScheduler_IntervalSchedule\0interval_in_seconds\";i:86400;}',2,1,'2021-09-29 05:13:55','2021-09-29 05:13:55',0,NULL),(905,'wp_mail_smtp_admin_notifications_update','complete','0000-00-00 00:00:00','0000-00-00 00:00:00','[4]','O:28:\"ActionScheduler_NullSchedule\":0:{}',3,1,'2021-09-28 05:17:40','2021-09-28 05:17:40',0,NULL),(906,'aioseo_admin_notifications_update','pending','2021-09-30 05:13:55','2021-09-30 05:13:55','[]','O:32:\"ActionScheduler_IntervalSchedule\":5:{s:22:\"\0*\0scheduled_timestamp\";i:1632978835;s:18:\"\0*\0first_timestamp\";i:1627606800;s:13:\"\0*\0recurrence\";i:86400;s:49:\"\0ActionScheduler_IntervalSchedule\0start_timestamp\";i:1632978835;s:53:\"\0ActionScheduler_IntervalSchedule\0interval_in_seconds\";i:86400;}',2,0,'0000-00-00 00:00:00','0000-00-00 00:00:00',0,NULL),(907,'aioseo_cleanup_action_scheduler','pending','2021-09-30 05:13:55','2021-09-30 05:13:55','[]','O:32:\"ActionScheduler_IntervalSchedule\":5:{s:22:\"\0*\0scheduled_timestamp\";i:1632978835;s:18:\"\0*\0first_timestamp\";i:1627629931;s:13:\"\0*\0recurrence\";i:86400;s:49:\"\0ActionScheduler_IntervalSchedule\0start_timestamp\";i:1632978835;s:53:\"\0ActionScheduler_IntervalSchedule\0interval_in_seconds\";i:86400;}',2,0,'0000-00-00 00:00:00','0000-00-00 00:00:00',0,NULL),(908,'wp_mail_smtp_admin_notifications_update','complete','0000-00-00 00:00:00','0000-00-00 00:00:00','[5]','O:28:\"ActionScheduler_NullSchedule\":0:{}',3,1,'2021-09-29 11:14:41','2021-09-29 11:14:41',0,NULL);

--
-- Table structure for table `wp_actionscheduler_claims`
--

CREATE TABLE `wp_actionscheduler_claims` (
  `claim_id` bigint unsigned NOT NULL AUTO_INCREMENT,
  `date_created_gmt` datetime NOT NULL DEFAULT '0000-00-00 00:00:00',
  PRIMARY KEY (`claim_id`),
  KEY `date_created_gmt` (`date_created_gmt`)
) ENGINE=InnoDB AUTO_INCREMENT=5970 DEFAULT CHARSET=utf8mb4 COLLATE=utf8mb4_unicode_520_ci;

--
-- Dumping data for table `wp_actionscheduler_claims`
--


--
-- Table structure for table `wp_actionscheduler_groups`
--

CREATE TABLE `wp_actionscheduler_groups` (
  `group_id` bigint unsigned NOT NULL AUTO_INCREMENT,
  `slug` varchar(255) CHARACTER SET utf8mb4 COLLATE utf8mb4_unicode_520_ci NOT NULL,
  PRIMARY KEY (`group_id`),
  KEY `slug` (`slug`(191))
) ENGINE=InnoDB AUTO_INCREMENT=4 DEFAULT CHARSET=utf8mb4 COLLATE=utf8mb4_unicode_520_ci;

--
-- Dumping data for table `wp_actionscheduler_groups`
--

INSERT INTO `wp_actionscheduler_groups` VALUES (1,'action-scheduler-migration'),(2,'aioseo'),(3,'wp_mail_smtp');

--
-- Table structure for table `wp_actionscheduler_logs`
--

CREATE TABLE `wp_actionscheduler_logs` (
  `log_id` bigint unsigned NOT NULL AUTO_INCREMENT,
  `action_id` bigint unsigned NOT NULL,
  `message` text CHARACTER SET utf8mb4 COLLATE utf8mb4_unicode_520_ci NOT NULL,
  `log_date_gmt` datetime NOT NULL DEFAULT '0000-00-00 00:00:00',
  `log_date_local` datetime NOT NULL DEFAULT '0000-00-00 00:00:00',
  PRIMARY KEY (`log_id`),
  KEY `action_id` (`action_id`),
  KEY `log_date_gmt` (`log_date_gmt`)
) ENGINE=InnoDB AUTO_INCREMENT=2230 DEFAULT CHARSET=utf8mb4 COLLATE=utf8mb4_unicode_520_ci;

--
-- Dumping data for table `wp_actionscheduler_logs`
--

INSERT INTO `wp_actionscheduler_logs` VALUES (2063,852,'action created','2021-08-28 10:35:20','2021-08-28 10:35:20'),(2066,853,'action created','2021-08-28 10:35:20','2021-08-28 10:35:20'),(2067,852,'action started via WP Cron','2021-08-29 12:34:10','2021-08-29 12:34:10'),(2068,852,'action complete via WP Cron','2021-08-29 12:34:10','2021-08-29 12:34:10'),(2069,854,'action created','2021-08-29 12:34:10','2021-08-29 12:34:10'),(2070,853,'action started via WP Cron','2021-08-29 12:34:10','2021-08-29 12:34:10'),(2071,853,'action complete via WP Cron','2021-08-29 12:34:10','2021-08-29 12:34:10'),(2072,855,'action created','2021-08-29 12:34:10','2021-08-29 12:34:10'),(2073,854,'action started via WP Cron','2021-08-30 13:48:39','2021-08-30 13:48:39'),(2074,854,'action complete via WP Cron','2021-08-30 13:48:39','2021-08-30 13:48:39'),(2075,856,'action created','2021-08-30 13:48:39','2021-08-30 13:48:39'),(2076,855,'action started via WP Cron','2021-08-30 13:48:39','2021-08-30 13:48:39'),(2077,855,'action complete via WP Cron','2021-08-30 13:48:39','2021-08-30 13:48:39'),(2078,857,'action created','2021-08-30 13:48:39','2021-08-30 13:48:39'),(2079,856,'action started via WP Cron','2021-08-31 14:32:53','2021-08-31 14:32:53'),(2080,856,'action complete via WP Cron','2021-08-31 14:32:54','2021-08-31 14:32:54'),(2081,858,'action created','2021-08-31 14:32:54','2021-08-31 14:32:54'),(2082,857,'action started via WP Cron','2021-08-31 14:32:54','2021-08-31 14:32:54'),(2083,857,'action complete via WP Cron','2021-08-31 14:32:54','2021-08-31 14:32:54'),(2084,859,'action created','2021-08-31 14:32:54','2021-08-31 14:32:54'),(2085,858,'action started via WP Cron','2021-09-01 14:47:09','2021-09-01 14:47:09'),(2086,858,'action complete via WP Cron','2021-09-01 14:47:09','2021-09-01 14:47:09'),(2087,860,'action created','2021-09-01 14:47:09','2021-09-01 14:47:09'),(2088,859,'action started via WP Cron','2021-09-01 14:47:09','2021-09-01 14:47:09'),(2089,859,'action complete via WP Cron','2021-09-01 14:47:09','2021-09-01 14:47:09'),(2090,861,'action created','2021-09-01 14:47:09','2021-09-01 14:47:09'),(2091,860,'action started via WP Cron','2021-09-02 14:54:20','2021-09-02 14:54:20'),(2092,860,'action complete via WP Cron','2021-09-02 14:54:20','2021-09-02 14:54:20'),(2093,862,'action created','2021-09-02 14:54:20','2021-09-02 14:54:20'),(2094,861,'action started via WP Cron','2021-09-02 14:54:20','2021-09-02 14:54:20'),(2095,861,'action complete via WP Cron','2021-09-02 14:54:20','2021-09-02 14:54:20'),(2096,863,'action created','2021-09-02 14:54:20','2021-09-02 14:54:20'),(2097,862,'action started via WP Cron','2021-09-03 15:36:44','2021-09-03 15:36:44'),(2098,862,'action complete via WP Cron','2021-09-03 15:36:44','2021-09-03 15:36:44'),(2099,864,'action created','2021-09-03 15:36:44','2021-09-03 15:36:44'),(2100,863,'action started via WP Cron','2021-09-03 15:36:44','2021-09-03 15:36:44'),(2101,863,'action complete via WP Cron','2021-09-03 15:36:44','2021-09-03 15:36:44'),(2102,865,'action created','2021-09-03 15:36:44','2021-09-03 15:36:44'),(2103,864,'action started via WP Cron','2021-09-04 15:59:24','2021-09-04 15:59:24'),(2104,864,'action complete via WP Cron','2021-09-04 15:59:24','2021-09-04 15:59:24'),(2105,866,'action created','2021-09-04 15:59:24','2021-09-04 15:59:24'),(2106,865,'action started via WP Cron','2021-09-04 15:59:24','2021-09-04 15:59:24'),(2107,865,'action complete via WP Cron','2021-09-04 15:59:24','2021-09-04 15:59:24'),(2108,867,'action created','2021-09-04 15:59:24','2021-09-04 15:59:24'),(2109,866,'action started via WP Cron','2021-09-05 16:00:22','2021-09-05 16:00:22'),(2110,866,'action complete via WP Cron','2021-09-05 16:00:27','2021-09-05 16:00:27'),(2111,868,'action created','2021-09-05 16:00:27','2021-09-05 16:00:27'),(2112,867,'action started via WP Cron','2021-09-05 16:00:27','2021-09-05 16:00:27'),(2113,867,'action complete via WP Cron','2021-09-05 16:00:27','2021-09-05 16:00:27'),(2114,869,'action created','2021-09-05 16:00:27','2021-09-05 16:00:27'),(2115,868,'action started via WP Cron','2021-09-06 16:01:15','2021-09-06 16:01:15'),(2116,868,'action complete via WP Cron','2021-09-06 16:01:15','2021-09-06 16:01:15'),(2117,870,'action created','2021-09-06 16:01:15','2021-09-06 16:01:15'),(2118,869,'action started via WP Cron','2021-09-06 16:01:15','2021-09-06 16:01:15'),(2119,869,'action complete via WP Cron','2021-09-06 16:01:15','2021-09-06 16:01:15'),(2120,871,'action created','2021-09-06 16:01:15','2021-09-06 16:01:15'),(2121,870,'action started via WP Cron','2021-09-07 16:04:38','2021-09-07 16:04:38'),(2122,870,'action complete via WP Cron','2021-09-07 16:04:38','2021-09-07 16:04:38'),(2123,872,'action created','2021-09-07 16:04:38','2021-09-07 16:04:38'),(2124,871,'action started via WP Cron','2021-09-07 16:04:38','2021-09-07 16:04:38'),(2125,871,'action complete via WP Cron','2021-09-07 16:04:38','2021-09-07 16:04:38'),(2126,873,'action created','2021-09-07 16:04:38','2021-09-07 16:04:38'),(2127,872,'action started via Async Request','2021-09-08 19:03:51','2021-09-08 19:03:51'),(2128,872,'action complete via Async Request','2021-09-08 19:03:51','2021-09-08 19:03:51'),(2129,874,'action created','2021-09-08 19:03:51','2021-09-08 19:03:51'),(2130,873,'action started via Async Request','2021-09-08 19:03:51','2021-09-08 19:03:51'),(2131,873,'action complete via Async Request','2021-09-08 19:03:51','2021-09-08 19:03:51'),(2132,875,'action created','2021-09-08 19:03:51','2021-09-08 19:03:51'),(2133,874,'action started via Async Request','2021-09-10 09:37:16','2021-09-10 09:37:16'),(2134,874,'action complete via Async Request','2021-09-10 09:37:16','2021-09-10 09:37:16'),(2135,876,'action created','2021-09-10 09:37:16','2021-09-10 09:37:16'),(2136,875,'action started via Async Request','2021-09-10 09:37:16','2021-09-10 09:37:16'),(2137,875,'action complete via Async Request','2021-09-10 09:37:16','2021-09-10 09:37:16'),(2138,877,'action created','2021-09-10 09:37:16','2021-09-10 09:37:16'),(2139,876,'action started via Async Request','2021-09-12 08:48:16','2021-09-12 08:48:16'),(2140,876,'action complete via Async Request','2021-09-12 08:48:16','2021-09-12 08:48:16'),(2141,878,'action created','2021-09-12 08:48:16','2021-09-12 08:48:16'),(2142,877,'action started via Async Request','2021-09-12 08:48:16','2021-09-12 08:48:16'),(2143,877,'action complete via Async Request','2021-09-12 08:48:16','2021-09-12 08:48:16'),(2144,879,'action created','2021-09-12 08:48:16','2021-09-12 08:48:16'),(2145,878,'action started via Async Request','2021-09-13 10:29:29','2021-09-13 10:29:29'),(2146,878,'action complete via Async Request','2021-09-13 10:29:29','2021-09-13 10:29:29'),(2147,880,'action created','2021-09-13 10:29:29','2021-09-13 10:29:29'),(2148,879,'action started via Async Request','2021-09-13 10:29:29','2021-09-13 10:29:29'),(2149,879,'action complete via Async Request','2021-09-13 10:29:29','2021-09-13 10:29:29'),(2150,881,'action created','2021-09-13 10:29:29','2021-09-13 10:29:29'),(2151,880,'action started via Async Request','2021-09-16 09:04:11','2021-09-16 09:04:11'),(2152,880,'action complete via Async Request','2021-09-16 09:04:11','2021-09-16 09:04:11'),(2153,882,'action created','2021-09-16 09:04:11','2021-09-16 09:04:11'),(2154,881,'action started via Async Request','2021-09-16 09:04:11','2021-09-16 09:04:11'),(2155,881,'action complete via Async Request','2021-09-16 09:04:11','2021-09-16 09:04:11'),(2156,883,'action created','2021-09-16 09:04:11','2021-09-16 09:04:11'),(2157,882,'action started via Async Request','2021-09-17 13:24:32','2021-09-17 13:24:32'),(2158,882,'action complete via Async Request','2021-09-17 13:24:32','2021-09-17 13:24:32'),(2159,884,'action created','2021-09-17 13:24:32','2021-09-17 13:24:32'),(2160,883,'action started via Async Request','2021-09-17 13:24:32','2021-09-17 13:24:32'),(2161,883,'action complete via Async Request','2021-09-17 13:24:32','2021-09-17 13:24:32'),(2162,885,'action created','2021-09-17 13:24:32','2021-09-17 13:24:32'),(2163,884,'action started via Async Request','2021-09-20 05:44:18','2021-09-20 05:44:18'),(2164,884,'action complete via Async Request','2021-09-20 05:44:18','2021-09-20 05:44:18'),(2165,886,'action created','2021-09-20 05:44:18','2021-09-20 05:44:18'),(2166,885,'action started via Async Request','2021-09-20 05:44:18','2021-09-20 05:44:18'),(2167,885,'action complete via Async Request','2021-09-20 05:44:18','2021-09-20 05:44:18'),(2168,887,'action created','2021-09-20 05:44:18','2021-09-20 05:44:18'),(2169,888,'action created','2021-09-20 16:46:18','2021-09-20 16:46:18'),(2170,888,'action started via Async Request','2021-09-21 05:22:09','2021-09-21 05:22:09'),(2171,888,'action complete via Async Request','2021-09-21 05:22:09','2021-09-21 05:22:09'),(2172,886,'action started via Async Request','2021-09-21 05:50:53','2021-09-21 05:50:53'),(2173,886,'action complete via Async Request','2021-09-21 05:50:53','2021-09-21 05:50:53'),(2174,889,'action created','2021-09-21 05:50:53','2021-09-21 05:50:53'),(2175,887,'action started via Async Request','2021-09-21 05:50:53','2021-09-21 05:50:53'),(2176,887,'action complete via Async Request','2021-09-21 05:50:53','2021-09-21 05:50:53'),(2177,890,'action created','2021-09-21 05:50:53','2021-09-21 05:50:53'),(2178,889,'action started via Async Request','2021-09-23 05:53:06','2021-09-23 05:53:06'),(2179,889,'action complete via Async Request','2021-09-23 05:53:06','2021-09-23 05:53:06'),(2180,891,'action created','2021-09-23 05:53:06','2021-09-23 05:53:06'),(2181,890,'action started via Async Request','2021-09-23 05:53:06','2021-09-23 05:53:06'),(2182,890,'action complete via Async Request','2021-09-23 05:53:06','2021-09-23 05:53:06'),(2183,892,'action created','2021-09-23 05:53:06','2021-09-23 05:53:06'),(2184,893,'action created','2021-09-23 11:33:01','2021-09-23 11:33:01'),(2185,893,'action started via Async Request','2021-09-23 11:35:01','2021-09-23 11:35:01'),(2186,893,'action complete via Async Request','2021-09-23 11:35:01','2021-09-23 11:35:01'),(2187,894,'action created','2021-09-23 11:53:58','2021-09-23 11:53:58'),(2188,894,'action started via Async Request','2021-09-23 11:55:12','2021-09-23 11:55:12'),(2189,894,'action complete via Async Request','2021-09-23 11:55:12','2021-09-23 11:55:12'),(2190,895,'action created','2021-09-23 12:34:45','2021-09-23 12:34:45'),(2191,896,'action created','2021-09-23 12:37:23','2021-09-23 12:37:23'),(2192,896,'action started via Async Request','2021-09-23 12:38:28','2021-09-23 12:38:28'),(2193,896,'action complete via Async Request','2021-09-23 12:38:28','2021-09-23 12:38:28'),(2194,891,'action started via Async Request','2021-09-24 06:58:29','2021-09-24 06:58:29'),(2195,891,'action complete via Async Request','2021-09-24 06:58:29','2021-09-24 06:58:29'),(2196,897,'action created','2021-09-24 06:58:29','2021-09-24 06:58:29'),(2197,892,'action started via Async Request','2021-09-24 06:58:29','2021-09-24 06:58:29'),(2198,892,'action complete via Async Request','2021-09-24 06:58:29','2021-09-24 06:58:29'),(2199,898,'action created','2021-09-24 06:58:29','2021-09-24 06:58:29'),(2200,897,'action started via Async Request','2021-09-27 05:04:08','2021-09-27 05:04:08'),(2201,897,'action complete via Async Request','2021-09-27 05:04:08','2021-09-27 05:04:08'),(2202,899,'action created','2021-09-27 05:04:08','2021-09-27 05:04:08'),(2203,898,'action started via Async Request','2021-09-27 05:04:08','2021-09-27 05:04:08'),(2204,898,'action complete via Async Request','2021-09-27 05:04:08','2021-09-27 05:04:08'),(2205,900,'action created','2021-09-27 05:04:08','2021-09-27 05:04:08'),(2206,901,'action created','2021-09-27 05:07:46','2021-09-27 05:07:46'),(2207,901,'action started via Async Request','2021-09-27 05:07:46','2021-09-27 05:07:46'),(2208,901,'action complete via Async Request','2021-09-27 05:07:46','2021-09-27 05:07:46'),(2209,895,'action started via Async Request','2021-09-27 14:00:02','2021-09-27 14:00:02'),(2210,895,'action complete via Async Request','2021-09-27 14:00:02','2021-09-27 14:00:02'),(2211,902,'action created','2021-09-27 14:00:02','2021-09-27 14:00:02'),(2212,899,'action started via Async Request','2021-09-28 05:04:50','2021-09-28 05:04:50'),(2213,899,'action complete via Async Request','2021-09-28 05:04:50','2021-09-28 05:04:50'),(2214,903,'action created','2021-09-28 05:04:50','2021-09-28 05:04:50'),(2215,900,'action started via Async Request','2021-09-28 05:04:50','2021-09-28 05:04:50'),(2216,900,'action complete via Async Request','2021-09-28 05:04:50','2021-09-28 05:04:50'),(2217,904,'action created','2021-09-28 05:04:50','2021-09-28 05:04:50'),(2218,905,'action created','2021-09-28 05:17:34','2021-09-28 05:17:34'),(2219,905,'action started via Async Request','2021-09-28 05:17:40','2021-09-28 05:17:40'),(2220,905,'action complete via Async Request','2021-09-28 05:17:40','2021-09-28 05:17:40'),(2221,903,'action started via Async Request','2021-09-29 05:13:55','2021-09-29 05:13:55'),(2222,903,'action complete via Async Request','2021-09-29 05:13:55','2021-09-29 05:13:55'),(2223,906,'action created','2021-09-29 05:13:55','2021-09-29 05:13:55'),(2224,904,'action started via Async Request','2021-09-29 05:13:55','2021-09-29 05:13:55'),(2225,904,'action complete via Async Request','2021-09-29 05:13:55','2021-09-29 05:13:55'),(2226,907,'action created','2021-09-29 05:13:55','2021-09-29 05:13:55'),(2227,908,'action created','2021-09-29 11:13:32','2021-09-29 11:13:32'),(2228,908,'action started via Async Request','2021-09-29 11:14:41','2021-09-29 11:14:41'),(2229,908,'action complete via Async Request','2021-09-29 11:14:41','2021-09-29 11:14:41');

--
-- Table structure for table `wp_aioseo_notifications`
--

CREATE TABLE `wp_aioseo_notifications` (
  `id` bigint unsigned NOT NULL AUTO_INCREMENT,
  `slug` varchar(13) CHARACTER SET utf8mb4 COLLATE utf8mb4_unicode_ci NOT NULL,
  `title` text CHARACTER SET utf8mb4 COLLATE utf8mb4_unicode_ci NOT NULL,
  `content` longtext CHARACTER SET utf8mb4 COLLATE utf8mb4_unicode_ci NOT NULL,
  `type` varchar(64) CHARACTER SET utf8mb4 COLLATE utf8mb4_unicode_ci NOT NULL,
  `level` text CHARACTER SET utf8mb4 COLLATE utf8mb4_unicode_ci NOT NULL,
  `notification_id` bigint unsigned DEFAULT NULL,
  `notification_name` varchar(255) CHARACTER SET utf8mb4 COLLATE utf8mb4_unicode_ci DEFAULT NULL,
  `start` datetime DEFAULT NULL,
  `end` datetime DEFAULT NULL,
  `button1_label` varchar(255) CHARACTER SET utf8mb4 COLLATE utf8mb4_unicode_ci DEFAULT NULL,
  `button1_action` varchar(255) CHARACTER SET utf8mb4 COLLATE utf8mb4_unicode_ci DEFAULT NULL,
  `button2_label` varchar(255) CHARACTER SET utf8mb4 COLLATE utf8mb4_unicode_ci DEFAULT NULL,
  `button2_action` varchar(255) CHARACTER SET utf8mb4 COLLATE utf8mb4_unicode_ci DEFAULT NULL,
  `dismissed` tinyint(1) NOT NULL DEFAULT '0',
  `created` datetime NOT NULL,
  `updated` datetime NOT NULL,
  PRIMARY KEY (`id`),
  UNIQUE KEY `ndx_aioseo_notifications_slug` (`slug`),
  KEY `ndx_aioseo_notifications_dates` (`start`,`end`),
  KEY `ndx_aioseo_notifications_type` (`type`),
  KEY `ndx_aioseo_notifications_dismissed` (`dismissed`)
) ENGINE=InnoDB AUTO_INCREMENT=2 DEFAULT CHARSET=utf8mb4 COLLATE=utf8mb4_unicode_ci;

--
-- Dumping data for table `wp_aioseo_notifications`
--

INSERT INTO `wp_aioseo_notifications` VALUES (1,'61025850f36a6','Search Engines Blocked','Warning: AIOSEO has detected that you are blocking access to search engines. You can change this in Settings > Reading if this was unintended.','error','[\"all\"]',NULL,'blog-visibility','2021-07-29 07:27:12',NULL,'Fix Now','http://localhost/nftdemo/wp-admin/options-reading.php','Remind Me Later','http://action#notification/blog-visibility-reminder',0,'2021-07-29 07:27:13','2021-07-29 07:27:13');

--
-- Table structure for table `wp_aioseo_posts`
--

CREATE TABLE `wp_aioseo_posts` (
  `id` bigint unsigned NOT NULL AUTO_INCREMENT,
  `post_id` bigint unsigned NOT NULL,
  `title` text CHARACTER SET utf8mb4 COLLATE utf8mb4_unicode_ci,
  `description` text CHARACTER SET utf8mb4 COLLATE utf8mb4_unicode_ci,
  `keywords` mediumtext CHARACTER SET utf8mb4 COLLATE utf8mb4_unicode_ci,
  `keyphrases` longtext CHARACTER SET utf8mb4 COLLATE utf8mb4_unicode_ci,
  `page_analysis` longtext CHARACTER SET utf8mb4 COLLATE utf8mb4_unicode_ci,
  `canonical_url` text CHARACTER SET utf8mb4 COLLATE utf8mb4_unicode_ci,
  `og_title` text CHARACTER SET utf8mb4 COLLATE utf8mb4_unicode_ci,
  `og_description` text CHARACTER SET utf8mb4 COLLATE utf8mb4_unicode_ci,
  `og_object_type` varchar(64) CHARACTER SET utf8mb4 COLLATE utf8mb4_unicode_ci DEFAULT 'default',
  `og_image_type` varchar(64) CHARACTER SET utf8mb4 COLLATE utf8mb4_unicode_ci DEFAULT 'default',
  `og_image_custom_url` text CHARACTER SET utf8mb4 COLLATE utf8mb4_unicode_ci,
  `og_image_custom_fields` text CHARACTER SET utf8mb4 COLLATE utf8mb4_unicode_ci,
  `og_custom_image_width` int DEFAULT NULL,
  `og_custom_image_height` int DEFAULT NULL,
  `og_video` varchar(255) CHARACTER SET utf8mb4 COLLATE utf8mb4_unicode_ci DEFAULT NULL,
  `og_custom_url` text CHARACTER SET utf8mb4 COLLATE utf8mb4_unicode_ci,
  `og_article_section` text CHARACTER SET utf8mb4 COLLATE utf8mb4_unicode_ci,
  `og_article_tags` text CHARACTER SET utf8mb4 COLLATE utf8mb4_unicode_ci,
  `twitter_use_og` tinyint(1) DEFAULT '0',
  `twitter_card` varchar(64) CHARACTER SET utf8mb4 COLLATE utf8mb4_unicode_ci DEFAULT 'default',
  `twitter_image_type` varchar(64) CHARACTER SET utf8mb4 COLLATE utf8mb4_unicode_ci DEFAULT 'default',
  `twitter_image_custom_url` text CHARACTER SET utf8mb4 COLLATE utf8mb4_unicode_ci,
  `twitter_image_custom_fields` text CHARACTER SET utf8mb4 COLLATE utf8mb4_unicode_ci,
  `twitter_title` text CHARACTER SET utf8mb4 COLLATE utf8mb4_unicode_ci,
  `twitter_description` text CHARACTER SET utf8mb4 COLLATE utf8mb4_unicode_ci,
  `seo_score` int NOT NULL DEFAULT '0',
  `schema_type` varchar(20) CHARACTER SET utf8mb4 COLLATE utf8mb4_unicode_ci DEFAULT NULL,
  `schema_type_options` longtext CHARACTER SET utf8mb4 COLLATE utf8mb4_unicode_ci,
  `pillar_content` tinyint(1) DEFAULT NULL,
  `robots_default` tinyint(1) NOT NULL DEFAULT '1',
  `robots_noindex` tinyint(1) NOT NULL DEFAULT '0',
  `robots_noarchive` tinyint(1) NOT NULL DEFAULT '0',
  `robots_nosnippet` tinyint(1) NOT NULL DEFAULT '0',
  `robots_nofollow` tinyint(1) NOT NULL DEFAULT '0',
  `robots_noimageindex` tinyint(1) NOT NULL DEFAULT '0',
  `robots_noodp` tinyint(1) NOT NULL DEFAULT '0',
  `robots_notranslate` tinyint(1) NOT NULL DEFAULT '0',
  `robots_max_snippet` int DEFAULT NULL,
  `robots_max_videopreview` int DEFAULT NULL,
  `robots_max_imagepreview` varchar(20) CHARACTER SET utf8mb4 COLLATE utf8mb4_unicode_ci DEFAULT 'large',
  `tabs` mediumtext CHARACTER SET utf8mb4 COLLATE utf8mb4_unicode_ci,
  `images` longtext CHARACTER SET utf8mb4 COLLATE utf8mb4_unicode_ci,
  `image_scan_date` datetime DEFAULT NULL,
  `priority` tinytext CHARACTER SET utf8mb4 COLLATE utf8mb4_unicode_ci,
  `frequency` tinytext CHARACTER SET utf8mb4 COLLATE utf8mb4_unicode_ci,
  `videos` longtext CHARACTER SET utf8mb4 COLLATE utf8mb4_unicode_ci,
  `video_thumbnail` text CHARACTER SET utf8mb4 COLLATE utf8mb4_unicode_ci,
  `video_scan_date` datetime DEFAULT NULL,
  `local_seo` longtext CHARACTER SET utf8mb4 COLLATE utf8mb4_unicode_ci,
  `created` datetime NOT NULL,
  `updated` datetime NOT NULL,
  PRIMARY KEY (`id`),
  KEY `ndx_aioseo_posts_post_id` (`post_id`)
) ENGINE=InnoDB AUTO_INCREMENT=60 DEFAULT CHARSET=utf8mb4 COLLATE=utf8mb4_unicode_ci;

--
-- Dumping data for table `wp_aioseo_posts`
--

INSERT INTO `wp_aioseo_posts` VALUES (1,74,NULL,NULL,NULL,NULL,NULL,NULL,NULL,NULL,'default','default',NULL,NULL,NULL,NULL,NULL,NULL,NULL,NULL,0,'default','default',NULL,NULL,NULL,NULL,0,NULL,NULL,0,1,0,0,0,0,0,0,0,NULL,NULL,'large',NULL,NULL,'2021-07-29 07:26:42',NULL,NULL,NULL,NULL,NULL,NULL,'2021-07-29 07:26:42','2021-07-29 07:26:42'),(2,163,NULL,NULL,NULL,NULL,NULL,NULL,NULL,NULL,'default','default',NULL,NULL,NULL,NULL,NULL,NULL,NULL,NULL,0,'default','default',NULL,NULL,NULL,NULL,0,NULL,NULL,0,1,0,0,0,0,0,0,0,NULL,NULL,'large',NULL,NULL,'2021-07-29 07:26:42',NULL,NULL,NULL,NULL,NULL,NULL,'2021-07-29 07:26:42','2021-07-29 07:26:42'),(3,164,NULL,NULL,NULL,NULL,NULL,NULL,NULL,NULL,'default','default',NULL,NULL,NULL,NULL,NULL,NULL,NULL,NULL,0,'default','default',NULL,NULL,NULL,NULL,0,NULL,NULL,0,1,0,0,0,0,0,0,0,NULL,NULL,'large',NULL,NULL,'2021-07-29 07:26:42',NULL,NULL,NULL,NULL,NULL,NULL,'2021-07-29 07:26:42','2021-07-29 07:26:42'),(4,76,NULL,NULL,NULL,NULL,NULL,NULL,NULL,NULL,'default','default',NULL,NULL,NULL,NULL,NULL,NULL,NULL,NULL,0,'default','default',NULL,NULL,NULL,NULL,0,NULL,NULL,0,1,0,0,0,0,0,0,0,NULL,NULL,'large',NULL,NULL,'2021-07-29 07:26:42',NULL,NULL,NULL,NULL,NULL,NULL,'2021-07-29 07:26:42','2021-07-29 07:26:42'),(5,77,NULL,NULL,NULL,NULL,NULL,NULL,NULL,NULL,'default','default',NULL,NULL,NULL,NULL,NULL,NULL,NULL,NULL,0,'default','default',NULL,NULL,NULL,NULL,0,NULL,NULL,0,1,0,0,0,0,0,0,0,NULL,NULL,'large',NULL,NULL,'2021-07-29 07:26:42',NULL,NULL,NULL,NULL,NULL,NULL,'2021-07-29 07:26:42','2021-07-29 07:26:42'),(6,80,NULL,NULL,NULL,NULL,NULL,NULL,NULL,NULL,'default','default',NULL,NULL,NULL,NULL,NULL,NULL,NULL,NULL,0,'default','default',NULL,NULL,NULL,NULL,0,NULL,NULL,0,1,0,0,0,0,0,0,0,NULL,NULL,'large',NULL,NULL,'2021-07-29 07:26:42',NULL,NULL,NULL,NULL,NULL,NULL,'2021-07-29 07:26:42','2021-07-29 07:26:42'),(7,79,NULL,NULL,NULL,NULL,NULL,NULL,NULL,NULL,'default','default',NULL,NULL,NULL,NULL,NULL,NULL,NULL,NULL,0,'default','default',NULL,NULL,NULL,NULL,0,NULL,NULL,0,1,0,0,0,0,0,0,0,NULL,NULL,'large',NULL,NULL,'2021-07-29 07:26:42',NULL,NULL,NULL,NULL,NULL,NULL,'2021-07-29 07:26:42','2021-07-29 07:26:42'),(8,78,NULL,NULL,NULL,NULL,NULL,NULL,NULL,NULL,'default','default',NULL,NULL,NULL,NULL,NULL,NULL,NULL,NULL,0,'default','default',NULL,NULL,NULL,NULL,0,NULL,NULL,0,1,0,0,0,0,0,0,0,NULL,NULL,'large',NULL,NULL,'2021-07-29 07:26:42',NULL,NULL,NULL,NULL,NULL,NULL,'2021-07-29 07:26:42','2021-07-29 07:26:42'),(9,103,NULL,NULL,NULL,NULL,NULL,NULL,NULL,NULL,'default','default',NULL,NULL,NULL,NULL,NULL,NULL,NULL,NULL,0,'default','default',NULL,NULL,NULL,NULL,0,NULL,NULL,0,1,0,0,0,0,0,0,0,NULL,NULL,'large',NULL,NULL,'2021-07-29 07:26:42',NULL,NULL,NULL,NULL,NULL,NULL,'2021-07-29 07:26:42','2021-07-29 07:26:42'),(10,106,NULL,NULL,NULL,NULL,NULL,NULL,NULL,NULL,'default','default',NULL,NULL,NULL,NULL,NULL,NULL,NULL,NULL,0,'default','default',NULL,NULL,NULL,NULL,0,NULL,NULL,0,1,0,0,0,0,0,0,0,NULL,NULL,'large',NULL,NULL,'2021-07-29 07:26:42',NULL,NULL,NULL,NULL,NULL,NULL,'2021-07-29 07:26:42','2021-07-29 07:26:42'),(11,107,NULL,NULL,NULL,NULL,NULL,NULL,NULL,NULL,'default','default',NULL,NULL,NULL,NULL,NULL,NULL,NULL,NULL,0,'default','default',NULL,NULL,NULL,NULL,0,NULL,NULL,0,1,0,0,0,0,0,0,0,NULL,NULL,'large',NULL,NULL,'2021-07-29 07:27:48',NULL,NULL,NULL,NULL,NULL,NULL,'2021-07-29 07:27:48','2021-07-29 07:27:48'),(12,108,NULL,NULL,NULL,NULL,NULL,NULL,NULL,NULL,'default','default',NULL,NULL,NULL,NULL,NULL,NULL,NULL,NULL,0,'default','default',NULL,NULL,NULL,NULL,0,NULL,NULL,0,1,0,0,0,0,0,0,0,NULL,NULL,'large',NULL,NULL,'2021-07-29 07:27:48',NULL,NULL,NULL,NULL,NULL,NULL,'2021-07-29 07:27:48','2021-07-29 07:27:48'),(13,109,NULL,NULL,NULL,NULL,NULL,NULL,NULL,NULL,'default','default',NULL,NULL,NULL,NULL,NULL,NULL,NULL,NULL,0,'default','default',NULL,NULL,NULL,NULL,0,NULL,NULL,0,1,0,0,0,0,0,0,0,NULL,NULL,'large',NULL,NULL,'2021-07-29 07:27:48',NULL,NULL,NULL,NULL,NULL,NULL,'2021-07-29 07:27:48','2021-07-29 07:27:48'),(14,110,NULL,NULL,NULL,NULL,NULL,NULL,NULL,NULL,'default','default',NULL,NULL,NULL,NULL,NULL,NULL,NULL,NULL,0,'default','default',NULL,NULL,NULL,NULL,0,NULL,NULL,0,1,0,0,0,0,0,0,0,NULL,NULL,'large',NULL,NULL,'2021-07-29 07:27:48',NULL,NULL,NULL,NULL,NULL,NULL,'2021-07-29 07:27:48','2021-07-29 07:27:48'),(15,111,NULL,NULL,NULL,NULL,NULL,NULL,NULL,NULL,'default','default',NULL,NULL,NULL,NULL,NULL,NULL,NULL,NULL,0,'default','default',NULL,NULL,NULL,NULL,0,NULL,NULL,0,1,0,0,0,0,0,0,0,NULL,NULL,'large',NULL,NULL,'2021-07-29 07:27:48',NULL,NULL,NULL,NULL,NULL,NULL,'2021-07-29 07:27:48','2021-07-29 07:27:48'),(16,113,NULL,NULL,NULL,NULL,NULL,NULL,NULL,NULL,'default','default',NULL,NULL,NULL,NULL,NULL,NULL,NULL,NULL,0,'default','default',NULL,NULL,NULL,NULL,0,NULL,NULL,0,1,0,0,0,0,0,0,0,NULL,NULL,'large',NULL,NULL,'2021-07-29 07:27:48',NULL,NULL,NULL,NULL,NULL,NULL,'2021-07-29 07:27:48','2021-07-29 07:27:48'),(17,114,NULL,NULL,NULL,NULL,NULL,NULL,NULL,NULL,'default','default',NULL,NULL,NULL,NULL,NULL,NULL,NULL,NULL,0,'default','default',NULL,NULL,NULL,NULL,0,NULL,NULL,0,1,0,0,0,0,0,0,0,NULL,NULL,'large',NULL,NULL,'2021-07-29 07:27:48',NULL,NULL,NULL,NULL,NULL,NULL,'2021-07-29 07:27:48','2021-07-29 07:27:48'),(18,115,NULL,NULL,NULL,NULL,NULL,NULL,NULL,NULL,'default','default',NULL,NULL,NULL,NULL,NULL,NULL,NULL,NULL,0,'default','default',NULL,NULL,NULL,NULL,0,NULL,NULL,0,1,0,0,0,0,0,0,0,NULL,NULL,'large',NULL,NULL,'2021-07-29 07:27:48',NULL,NULL,NULL,NULL,NULL,NULL,'2021-07-29 07:27:48','2021-07-29 07:27:48'),(19,192,NULL,NULL,NULL,NULL,NULL,NULL,NULL,NULL,'default','default',NULL,NULL,NULL,NULL,NULL,NULL,NULL,NULL,0,'default','default',NULL,NULL,NULL,NULL,0,NULL,NULL,0,1,0,0,0,0,0,0,0,NULL,NULL,'large',NULL,NULL,'2021-07-29 07:27:48',NULL,NULL,NULL,NULL,NULL,NULL,'2021-07-29 07:27:48','2021-07-29 07:27:48'),(20,194,NULL,NULL,NULL,NULL,NULL,NULL,NULL,NULL,'default','default',NULL,NULL,NULL,NULL,NULL,NULL,NULL,NULL,0,'default','default',NULL,NULL,NULL,NULL,0,NULL,NULL,0,1,0,0,0,0,0,0,0,NULL,NULL,'large',NULL,NULL,'2021-07-29 07:27:48',NULL,NULL,NULL,NULL,NULL,NULL,'2021-07-29 07:27:48','2021-07-29 07:27:48'),(21,195,NULL,NULL,NULL,NULL,NULL,NULL,NULL,NULL,'default','default',NULL,NULL,NULL,NULL,NULL,NULL,NULL,NULL,0,'default','default',NULL,NULL,NULL,NULL,0,NULL,NULL,0,1,0,0,0,0,0,0,0,NULL,NULL,'large',NULL,NULL,'2021-07-29 07:28:43',NULL,NULL,NULL,NULL,NULL,NULL,'2021-07-29 07:28:43','2021-07-29 07:28:43'),(22,198,NULL,NULL,NULL,NULL,NULL,NULL,NULL,NULL,'default','default',NULL,NULL,NULL,NULL,NULL,NULL,NULL,NULL,0,'default','default',NULL,NULL,NULL,NULL,0,NULL,NULL,0,1,0,0,0,0,0,0,0,NULL,NULL,'large',NULL,NULL,'2021-07-29 07:28:43',NULL,NULL,NULL,NULL,NULL,NULL,'2021-07-29 07:28:43','2021-07-29 07:28:43'),(23,197,NULL,NULL,NULL,NULL,NULL,NULL,NULL,NULL,'default','default',NULL,NULL,NULL,NULL,NULL,NULL,NULL,NULL,0,'default','default',NULL,NULL,NULL,NULL,0,NULL,NULL,0,1,0,0,0,0,0,0,0,NULL,NULL,'large',NULL,NULL,'2021-07-29 07:28:43',NULL,NULL,NULL,NULL,NULL,NULL,'2021-07-29 07:28:43','2021-07-29 07:28:43'),(24,200,NULL,NULL,NULL,NULL,NULL,NULL,NULL,NULL,'default','default',NULL,NULL,NULL,NULL,NULL,NULL,NULL,NULL,0,'default','default',NULL,NULL,NULL,NULL,0,NULL,NULL,0,1,0,0,0,0,0,0,0,NULL,NULL,'large',NULL,NULL,'2021-07-29 07:28:43',NULL,NULL,NULL,NULL,NULL,NULL,'2021-07-29 07:28:43','2021-07-29 07:28:43'),(25,201,NULL,NULL,NULL,NULL,NULL,NULL,NULL,NULL,'default','default',NULL,NULL,NULL,NULL,NULL,NULL,NULL,NULL,0,'default','default',NULL,NULL,NULL,NULL,0,NULL,NULL,0,1,0,0,0,0,0,0,0,NULL,NULL,'large',NULL,NULL,'2021-07-29 07:28:43',NULL,NULL,NULL,NULL,NULL,NULL,'2021-07-29 07:28:43','2021-07-29 07:28:43'),(26,65,NULL,NULL,NULL,NULL,NULL,NULL,NULL,NULL,'default','default',NULL,NULL,NULL,NULL,NULL,NULL,NULL,NULL,0,'default','default',NULL,NULL,NULL,NULL,0,NULL,NULL,0,1,0,0,0,0,0,0,0,NULL,NULL,'large',NULL,'[{\"image:loc\":\"http:\\/\\/localhost\\/nftdemo\\/wp-content\\/uploads\\/2021\\/06\\/video.png\",\"image:title\":\"video\",\"image:caption\":\"\"}]','2021-07-29 07:28:43',NULL,NULL,NULL,NULL,NULL,NULL,'2021-07-29 07:28:43','2021-07-29 07:28:43'),(27,157,NULL,NULL,NULL,NULL,NULL,NULL,NULL,NULL,'default','default',NULL,NULL,NULL,NULL,NULL,NULL,NULL,NULL,0,'default','default',NULL,NULL,NULL,NULL,0,NULL,NULL,0,1,0,0,0,0,0,0,0,NULL,NULL,'large',NULL,'[{\"image:loc\":\"http:\\/\\/localhost\\/nftdemo\\/wp-content\\/uploads\\/2021\\/06\\/blog_1.jpg\",\"image:title\":\"blog_1\",\"image:caption\":\"\"}]','2021-07-29 07:28:43',NULL,NULL,NULL,NULL,NULL,NULL,'2021-07-29 07:28:43','2021-07-29 07:28:43'),(28,160,NULL,NULL,NULL,NULL,NULL,NULL,NULL,NULL,'default','default',NULL,NULL,NULL,NULL,NULL,NULL,NULL,NULL,0,'default','default',NULL,NULL,NULL,NULL,0,NULL,NULL,0,1,0,0,0,0,0,0,0,NULL,NULL,'large',NULL,'[{\"image:loc\":\"http:\\/\\/localhost\\/nftdemo\\/wp-content\\/uploads\\/2021\\/06\\/product1-1.png\",\"image:title\":\"product1\",\"image:caption\":\"\"}]','2021-07-29 07:28:43',NULL,NULL,NULL,NULL,NULL,NULL,'2021-07-29 07:28:43','2021-07-29 07:28:43'),(29,235,NULL,NULL,NULL,NULL,NULL,NULL,NULL,NULL,'default','default',NULL,NULL,NULL,NULL,NULL,NULL,NULL,NULL,0,'default','default',NULL,NULL,NULL,NULL,0,NULL,NULL,0,1,0,0,0,0,0,0,0,NULL,NULL,'large',NULL,'[{\"image:loc\":\"http:\\/\\/localhost\\/nftdemo\\/wp-content\\/uploads\\/2021\\/07\\/alien-1716056_1920.jpg\",\"image:title\":\"alien-1716056_1920\",\"image:caption\":\"\"}]','2021-07-29 07:28:43',NULL,NULL,NULL,NULL,NULL,NULL,'2021-07-29 07:28:43','2021-07-29 07:28:43'),(30,44,NULL,NULL,NULL,NULL,NULL,NULL,NULL,NULL,'default','default',NULL,NULL,NULL,NULL,NULL,NULL,NULL,NULL,0,'default','default',NULL,NULL,NULL,NULL,0,NULL,NULL,0,1,0,0,0,0,0,0,0,NULL,NULL,'large',NULL,NULL,'2021-07-29 07:28:43',NULL,NULL,NULL,NULL,NULL,NULL,'2021-07-29 07:28:43','2021-07-29 07:28:43'),(31,46,NULL,NULL,NULL,NULL,NULL,NULL,NULL,NULL,'default','default',NULL,NULL,NULL,NULL,NULL,NULL,NULL,NULL,0,'default','default',NULL,NULL,NULL,NULL,0,NULL,NULL,0,1,0,0,0,0,0,0,0,NULL,NULL,'large',NULL,NULL,'2021-07-29 07:29:43',NULL,NULL,NULL,NULL,NULL,NULL,'2021-07-29 07:29:43','2021-07-29 07:29:43'),(32,48,NULL,NULL,NULL,NULL,NULL,NULL,NULL,NULL,'default','default',NULL,NULL,NULL,NULL,NULL,NULL,NULL,NULL,0,'default','default',NULL,NULL,NULL,NULL,0,NULL,NULL,0,1,0,0,0,0,0,0,0,NULL,NULL,'large',NULL,NULL,'2021-07-29 07:29:43',NULL,NULL,NULL,NULL,NULL,NULL,'2021-07-29 07:29:43','2021-07-29 07:29:43'),(33,50,NULL,NULL,NULL,NULL,NULL,NULL,NULL,NULL,'default','default',NULL,NULL,NULL,NULL,NULL,NULL,NULL,NULL,0,'default','default',NULL,NULL,NULL,NULL,0,NULL,NULL,0,1,0,0,0,0,0,0,0,NULL,NULL,'large',NULL,NULL,'2021-07-29 07:29:43',NULL,NULL,NULL,NULL,NULL,NULL,'2021-07-29 07:29:43','2021-07-29 07:29:43'),(34,52,NULL,NULL,NULL,NULL,NULL,NULL,NULL,NULL,'default','default',NULL,NULL,NULL,NULL,NULL,NULL,NULL,NULL,0,'default','default',NULL,NULL,NULL,NULL,0,NULL,NULL,0,1,0,0,0,0,0,0,0,NULL,NULL,'large',NULL,NULL,'2021-07-29 07:29:43',NULL,NULL,NULL,NULL,NULL,NULL,'2021-07-29 07:29:43','2021-07-29 07:29:43'),(35,61,NULL,NULL,NULL,NULL,NULL,NULL,NULL,NULL,'default','default',NULL,NULL,NULL,NULL,NULL,NULL,NULL,NULL,0,'default','default',NULL,NULL,NULL,NULL,0,NULL,NULL,0,1,0,0,0,0,0,0,0,NULL,NULL,'large',NULL,NULL,'2021-07-29 07:29:43',NULL,NULL,NULL,NULL,NULL,NULL,'2021-07-29 07:29:43','2021-07-29 07:29:43'),(36,63,NULL,NULL,NULL,NULL,NULL,NULL,NULL,NULL,'default','default',NULL,NULL,NULL,NULL,NULL,NULL,NULL,NULL,0,'default','default',NULL,NULL,NULL,NULL,0,NULL,NULL,0,1,0,0,0,0,0,0,0,NULL,NULL,'large',NULL,NULL,'2021-07-29 07:29:43',NULL,NULL,NULL,NULL,NULL,NULL,'2021-07-29 07:29:43','2021-07-29 07:29:43'),(37,240,NULL,NULL,NULL,NULL,NULL,NULL,NULL,NULL,'default','default',NULL,NULL,NULL,NULL,NULL,NULL,NULL,NULL,0,'default','default',NULL,NULL,NULL,NULL,0,NULL,NULL,0,1,0,0,0,0,0,0,0,NULL,NULL,'large',NULL,NULL,'2021-07-29 07:29:43',NULL,NULL,NULL,NULL,NULL,NULL,'2021-07-29 07:29:43','2021-07-29 07:29:43'),(38,258,NULL,NULL,NULL,NULL,NULL,NULL,NULL,NULL,'default','default',NULL,NULL,NULL,NULL,NULL,NULL,NULL,NULL,0,'default','default',NULL,NULL,NULL,NULL,0,NULL,NULL,0,1,0,0,0,0,0,0,0,NULL,NULL,'large',NULL,NULL,'2021-07-29 07:29:43',NULL,NULL,NULL,NULL,NULL,NULL,'2021-07-29 07:29:43','2021-07-29 07:29:43'),(39,269,NULL,NULL,NULL,NULL,NULL,NULL,NULL,NULL,'default','default',NULL,NULL,NULL,NULL,NULL,NULL,NULL,NULL,0,'default','default',NULL,NULL,NULL,NULL,0,NULL,NULL,0,1,0,0,0,0,0,0,0,NULL,NULL,'large',NULL,NULL,'2021-07-29 07:29:43',NULL,NULL,NULL,NULL,NULL,NULL,'2021-07-29 07:29:43','2021-07-29 07:29:43'),(40,286,NULL,NULL,NULL,NULL,NULL,NULL,NULL,NULL,'default','default',NULL,NULL,NULL,NULL,NULL,NULL,NULL,NULL,0,'default','default',NULL,NULL,NULL,NULL,0,NULL,NULL,0,1,0,0,0,0,0,0,0,NULL,NULL,'large',NULL,NULL,'2021-07-29 07:29:43',NULL,NULL,NULL,NULL,NULL,NULL,'2021-07-29 07:29:43','2021-07-29 07:29:43'),(41,38,NULL,NULL,'[]','{\"focus\":[],\"additional\":[]}','{\"analysis\":{\"basic\":{\"metadescriptionLength\":{\"title\":\"Meta description length\",\"description\":\"The meta description is over 160 characters.\",\"score\":6,\"maxScore\":9,\"error\":1},\"lengthContent\":{\"title\":\"Content Length\",\"description\":\"This is far below the recommended minimum of words.\",\"score\":-20,\"maxScore\":9,\"error\":1},\"isInternalLink\":{\"title\":\"Internal links\",\"description\":\"We couldn\'t find any internal links in your content. Add internal links in your content.\",\"score\":3,\"maxScore\":9,\"error\":1},\"isExternalLink\":{\"title\":\"External links\",\"description\":\"No outbound links were found. Link out to external resources.\",\"score\":3,\"maxScore\":9,\"error\":1},\"errors\":4},\"title\":{\"titleLength\":{\"title\":\"SEO Title length\",\"description\":\"The title is too short.\",\"score\":6,\"maxScore\":9,\"error\":1},\"errors\":1},\"readability\":{\"contentHasAssets\":{\"error\":1,\"title\":\"Images\\/Videos in content\",\"description\":\"You are not using rich media like images or videos.\",\"score\":1,\"maxScore\":5},\"paragraphLength\":{\"title\":\"Paragraphs Length\",\"description\":\"You are using short paragraphs.\",\"score\":5,\"maxScore\":5,\"error\":0},\"sentenceLength\":{\"title\":\"Sentences Length\",\"description\":\"40% of the sentences contain more than 20 words, which is more than the recommended maximum of 25%. Try to shorten the sentences.\",\"score\":3,\"maxScore\":9,\"error\":1},\"passiveVoice\":{\"title\":\"Passive Voice\",\"description\":\"20% of the sentences contain passive voice, which is more than the recommended maximum of 10%. Try to use their active counterparts.\",\"score\":3,\"maxScore\":9,\"error\":1},\"transitionWords\":{\"title\":\"Transition words\",\"description\":\"Only 20% of the sentences contain transition words, which is not enough. Use more of them.\",\"score\":6,\"maxScore\":9,\"error\":1},\"consecutiveSentences\":{\"title\":\"Consecutive sentences\",\"description\":\"There is enough variety in your sentences. That\'s great!\",\"score\":9,\"maxScore\":9,\"error\":0},\"subheadingsDistribution\":{\"title\":\"Subheading distribution\",\"description\":\"You are not using any subheadings, but your text is short enough and probably doesn\'t need them.\",\"score\":9,\"maxScore\":9,\"error\":0},\"calculateFleschReading\":{\"title\":\"Flesch Reading Ease\",\"description\":\"The copy scores 56 in the test, which is considered fairly difficult to read. Try to make shorter sentences to improve readability.\",\"score\":6,\"maxScore\":9,\"error\":1},\"errors\":5}}}',NULL,NULL,NULL,'default','default',NULL,NULL,NULL,NULL,'',NULL,NULL,'[]',0,'default','default',NULL,NULL,NULL,NULL,59,'default','{\"article\":{\"articleType\":\"BlogPosting\"},\"course\":{\"name\":\"\",\"description\":\"\",\"provider\":\"\"},\"faq\":{\"pages\":[]},\"product\":{\"reviews\":[]},\"recipe\":{\"ingredients\":[],\"instructions\":[],\"keywords\":[]},\"software\":{\"reviews\":[],\"operatingSystems\":[]},\"webPage\":{\"webPageType\":\"WebPage\"}}',0,1,0,0,0,0,0,0,0,-1,-1,'large','{\"tab\":\"general\",\"tab_social\":\"facebook\",\"tab_sidebar\":\"general\",\"tab_modal\":\"general\",\"tab_modal_social\":\"facebook\"}','[{\"image:loc\":\"http:\\/\\/localhost\\/nftdemo\\/wp-content\\/uploads\\/2021\\/06\\/video-3.png\",\"image:title\":\"video\",\"image:caption\":\"\"}]','2021-08-12 06:52:22','default','default',NULL,NULL,NULL,'{\"locations\":{\"business\":{\"name\":\"\",\"businessType\":\"\",\"image\":\"\",\"areaServed\":\"\",\"urls\":{\"website\":\"\",\"aboutPage\":\"\",\"contactPage\":\"\"},\"address\":{\"streetLine1\":\"\",\"streetLine2\":\"\",\"zipCode\":\"\",\"city\":\"\",\"state\":\"\",\"country\":\"\",\"addressFormat\":\"#streetLineOne\\n#streetLineTwo\\n#city, #state #zipCode\"},\"contact\":{\"email\":\"\",\"phone\":\"\",\"phoneFormatted\":\"\",\"fax\":\"\",\"faxFormatted\":\"\"},\"ids\":{\"vat\":\"\",\"tax\":\"\",\"chamberOfCommerce\":\"\"},\"payment\":{\"priceRange\":\"\",\"currenciesAccepted\":\"\",\"methods\":\"\"}}},\"openingHours\":{\"useDefaults\":true,\"show\":true,\"alwaysOpen\":false,\"use24hFormat\":false,\"timezone\":\"\",\"labels\":{\"closed\":\"\",\"alwaysOpen\":\"\"},\"days\":{\"monday\":{\"open24h\":false,\"closed\":false,\"openTime\":\"09:00\",\"closeTime\":\"17:00\"},\"tuesday\":{\"open24h\":false,\"closed\":false,\"openTime\":\"09:00\",\"closeTime\":\"17:00\"},\"wednesday\":{\"open24h\":false,\"closed\":false,\"openTime\":\"09:00\",\"closeTime\":\"17:00\"},\"thursday\":{\"open24h\":false,\"closed\":false,\"openTime\":\"09:00\",\"closeTime\":\"17:00\"},\"friday\":{\"open24h\":false,\"closed\":false,\"openTime\":\"09:00\",\"closeTime\":\"17:00\"},\"saturday\":{\"open24h\":false,\"closed\":false,\"openTime\":\"09:00\",\"closeTime\":\"17:00\"},\"sunday\":{\"open24h\":false,\"closed\":false,\"openTime\":\"09:00\",\"closeTime\":\"17:00\"}}}}','2021-07-29 07:30:44','2021-08-12 06:52:22'),(42,291,'#post_title #separator_sa #site_title','#post_content','[]','{\"focus\":[],\"additional\":[]}','{\"analysis\":{\"basic\":{\"lengthContent\":{\"error\":1,\"title\":\"Content Length\",\"description\":\"Please add some content first.\",\"score\":1,\"maxScore\":5}},\"title\":{\"titleLength\":{\"title\":\"SEO Title length\",\"description\":\"The title is too short.\",\"score\":6,\"maxScore\":9,\"error\":1},\"errors\":1},\"readability\":{\"contentHasAssets\":{\"error\":1,\"title\":\"Images\\/Videos in content\",\"description\":\"Please add some content first.\",\"score\":1,\"maxScore\":5}}}}',NULL,NULL,NULL,'default','default',NULL,NULL,NULL,NULL,'',NULL,NULL,'[]',0,'default','default',NULL,NULL,NULL,NULL,67,'default','{\"article\":{\"articleType\":\"BlogPosting\"},\"course\":{\"name\":\"\",\"description\":\"\",\"provider\":\"\"},\"faq\":{\"pages\":[]},\"product\":{\"reviews\":[]},\"recipe\":{\"ingredients\":[],\"instructions\":[],\"keywords\":[]},\"software\":{\"reviews\":[],\"operatingSystems\":[]},\"webPage\":{\"webPageType\":\"WebPage\"}}',0,1,0,0,0,0,0,0,0,-1,-1,'large','{\"tab\":\"general\",\"tab_social\":\"facebook\",\"tab_sidebar\":\"general\",\"tab_modal\":\"general\",\"tab_modal_social\":\"facebook\"}',NULL,NULL,'default','default',NULL,NULL,NULL,'{\"locations\":{\"business\":{\"name\":\"\",\"businessType\":\"\",\"image\":\"\",\"areaServed\":\"\",\"urls\":{\"website\":\"\",\"aboutPage\":\"\",\"contactPage\":\"\"},\"address\":{\"streetLine1\":\"\",\"streetLine2\":\"\",\"zipCode\":\"\",\"city\":\"\",\"state\":\"\",\"country\":\"\",\"addressFormat\":\"#streetLineOne\\n#streetLineTwo\\n#city, #state #zipCode\"},\"contact\":{\"email\":\"\",\"phone\":\"\",\"phoneFormatted\":\"\",\"fax\":\"\",\"faxFormatted\":\"\"},\"ids\":{\"vat\":\"\",\"tax\":\"\",\"chamberOfCommerce\":\"\"},\"payment\":{\"priceRange\":\"\",\"currenciesAccepted\":\"\",\"methods\":\"\"}}},\"openingHours\":{\"useDefaults\":true,\"show\":true,\"alwaysOpen\":false,\"use24hFormat\":false,\"timezone\":\"\",\"labels\":{\"closed\":\"\",\"alwaysOpen\":\"\"},\"days\":{\"monday\":{\"open24h\":false,\"closed\":false,\"openTime\":\"09:00\",\"closeTime\":\"17:00\"},\"tuesday\":{\"open24h\":false,\"closed\":false,\"openTime\":\"09:00\",\"closeTime\":\"17:00\"},\"wednesday\":{\"open24h\":false,\"closed\":false,\"openTime\":\"09:00\",\"closeTime\":\"17:00\"},\"thursday\":{\"open24h\":false,\"closed\":false,\"openTime\":\"09:00\",\"closeTime\":\"17:00\"},\"friday\":{\"open24h\":false,\"closed\":false,\"openTime\":\"09:00\",\"closeTime\":\"17:00\"},\"saturday\":{\"open24h\":false,\"closed\":false,\"openTime\":\"09:00\",\"closeTime\":\"17:00\"},\"sunday\":{\"open24h\":false,\"closed\":false,\"openTime\":\"09:00\",\"closeTime\":\"17:00\"}}}}','2021-07-29 11:59:59','2021-07-29 11:59:59'),(43,290,'#post_title #separator_sa #site_title','#post_content','[]','{\"focus\":[],\"additional\":[]}','{\"analysis\":{\"basic\":{\"lengthContent\":{\"error\":1,\"title\":\"Content Length\",\"description\":\"Please add some content first.\",\"score\":1,\"maxScore\":5}},\"title\":{\"titleLength\":{\"title\":\"SEO Title length\",\"description\":\"The title is too short.\",\"score\":6,\"maxScore\":9,\"error\":1},\"errors\":1},\"readability\":{\"contentHasAssets\":{\"error\":1,\"title\":\"Images\\/Videos in content\",\"description\":\"Please add some content first.\",\"score\":1,\"maxScore\":5}}}}',NULL,NULL,NULL,'default','default',NULL,NULL,NULL,NULL,'',NULL,NULL,'[]',0,'default','default',NULL,NULL,NULL,NULL,67,'default','{\"article\":{\"articleType\":\"BlogPosting\"},\"course\":{\"name\":\"\",\"description\":\"\",\"provider\":\"\"},\"faq\":{\"pages\":[]},\"product\":{\"reviews\":[]},\"recipe\":{\"ingredients\":[],\"instructions\":[],\"keywords\":[]},\"software\":{\"reviews\":[],\"operatingSystems\":[]},\"webPage\":{\"webPageType\":\"WebPage\"}}',0,1,0,0,0,0,0,0,0,-1,-1,'large','{\"tab\":\"general\",\"tab_social\":\"facebook\",\"tab_sidebar\":\"general\",\"tab_modal\":\"general\",\"tab_modal_social\":\"facebook\"}',NULL,'2021-07-29 12:15:16','default','default',NULL,NULL,NULL,'{\"locations\":{\"business\":{\"name\":\"\",\"businessType\":\"\",\"image\":\"\",\"areaServed\":\"\",\"urls\":{\"website\":\"\",\"aboutPage\":\"\",\"contactPage\":\"\"},\"address\":{\"streetLine1\":\"\",\"streetLine2\":\"\",\"zipCode\":\"\",\"city\":\"\",\"state\":\"\",\"country\":\"\",\"addressFormat\":\"#streetLineOne\\n#streetLineTwo\\n#city, #state #zipCode\"},\"contact\":{\"email\":\"\",\"phone\":\"\",\"phoneFormatted\":\"\",\"fax\":\"\",\"faxFormatted\":\"\"},\"ids\":{\"vat\":\"\",\"tax\":\"\",\"chamberOfCommerce\":\"\"},\"payment\":{\"priceRange\":\"\",\"currenciesAccepted\":\"\",\"methods\":\"\"}}},\"openingHours\":{\"useDefaults\":true,\"show\":true,\"alwaysOpen\":false,\"use24hFormat\":false,\"timezone\":\"\",\"labels\":{\"closed\":\"\",\"alwaysOpen\":\"\"},\"days\":{\"monday\":{\"open24h\":false,\"closed\":false,\"openTime\":\"09:00\",\"closeTime\":\"17:00\"},\"tuesday\":{\"open24h\":false,\"closed\":false,\"openTime\":\"09:00\",\"closeTime\":\"17:00\"},\"wednesday\":{\"open24h\":false,\"closed\":false,\"openTime\":\"09:00\",\"closeTime\":\"17:00\"},\"thursday\":{\"open24h\":false,\"closed\":false,\"openTime\":\"09:00\",\"closeTime\":\"17:00\"},\"friday\":{\"open24h\":false,\"closed\":false,\"openTime\":\"09:00\",\"closeTime\":\"17:00\"},\"saturday\":{\"open24h\":false,\"closed\":false,\"openTime\":\"09:00\",\"closeTime\":\"17:00\"},\"sunday\":{\"open24h\":false,\"closed\":false,\"openTime\":\"09:00\",\"closeTime\":\"17:00\"}}}}','2021-07-29 12:00:00','2021-07-29 12:15:16'),(44,295,'#post_title #separator_sa #site_title','#post_content','[]','{\"focus\":[],\"additional\":[]}','{\"analysis\":{\"basic\":{\"lengthContent\":{\"error\":1,\"title\":\"Content Length\",\"description\":\"Please add some content first.\",\"score\":1,\"maxScore\":5}},\"title\":{\"titleLength\":{\"title\":\"SEO Title length\",\"description\":\"The title is too short.\",\"score\":6,\"maxScore\":9,\"error\":1},\"errors\":1},\"readability\":{\"contentHasAssets\":{\"error\":1,\"title\":\"Images\\/Videos in content\",\"description\":\"Please add some content first.\",\"score\":1,\"maxScore\":5}}}}',NULL,NULL,NULL,'default','default',NULL,NULL,NULL,NULL,'',NULL,NULL,'[]',0,'default','default',NULL,NULL,NULL,NULL,67,'default','{\"article\":{\"articleType\":\"BlogPosting\"},\"course\":{\"name\":\"\",\"description\":\"\",\"provider\":\"\"},\"faq\":{\"pages\":[]},\"product\":{\"reviews\":[]},\"recipe\":{\"ingredients\":[],\"instructions\":[],\"keywords\":[]},\"software\":{\"reviews\":[],\"operatingSystems\":[]},\"webPage\":{\"webPageType\":\"WebPage\"}}',0,1,0,0,0,0,0,0,0,-1,-1,'large','{\"tab\":\"general\",\"tab_social\":\"facebook\",\"tab_sidebar\":\"general\",\"tab_modal\":\"general\",\"tab_modal_social\":\"facebook\"}',NULL,NULL,'default','default',NULL,NULL,NULL,'{\"locations\":{\"business\":{\"name\":\"\",\"businessType\":\"\",\"image\":\"\",\"areaServed\":\"\",\"urls\":{\"website\":\"\",\"aboutPage\":\"\",\"contactPage\":\"\"},\"address\":{\"streetLine1\":\"\",\"streetLine2\":\"\",\"zipCode\":\"\",\"city\":\"\",\"state\":\"\",\"country\":\"\",\"addressFormat\":\"#streetLineOne\\n#streetLineTwo\\n#city, #state #zipCode\"},\"contact\":{\"email\":\"\",\"phone\":\"\",\"phoneFormatted\":\"\",\"fax\":\"\",\"faxFormatted\":\"\"},\"ids\":{\"vat\":\"\",\"tax\":\"\",\"chamberOfCommerce\":\"\"},\"payment\":{\"priceRange\":\"\",\"currenciesAccepted\":\"\",\"methods\":\"\"}}},\"openingHours\":{\"useDefaults\":true,\"show\":true,\"alwaysOpen\":false,\"use24hFormat\":false,\"timezone\":\"\",\"labels\":{\"closed\":\"\",\"alwaysOpen\":\"\"},\"days\":{\"monday\":{\"open24h\":false,\"closed\":false,\"openTime\":\"09:00\",\"closeTime\":\"17:00\"},\"tuesday\":{\"open24h\":false,\"closed\":false,\"openTime\":\"09:00\",\"closeTime\":\"17:00\"},\"wednesday\":{\"open24h\":false,\"closed\":false,\"openTime\":\"09:00\",\"closeTime\":\"17:00\"},\"thursday\":{\"open24h\":false,\"closed\":false,\"openTime\":\"09:00\",\"closeTime\":\"17:00\"},\"friday\":{\"open24h\":false,\"closed\":false,\"openTime\":\"09:00\",\"closeTime\":\"17:00\"},\"saturday\":{\"open24h\":false,\"closed\":false,\"openTime\":\"09:00\",\"closeTime\":\"17:00\"},\"sunday\":{\"open24h\":false,\"closed\":false,\"openTime\":\"09:00\",\"closeTime\":\"17:00\"}}}}','2021-08-03 10:48:03','2021-08-03 10:48:03'),(45,294,'#post_title #separator_sa #site_title','#post_content','[]','{\"focus\":[],\"additional\":[]}','{\"analysis\":{\"basic\":{\"lengthContent\":{\"error\":1,\"title\":\"Content Length\",\"description\":\"Please add some content first.\",\"score\":1,\"maxScore\":5}},\"title\":{\"titleLength\":{\"title\":\"SEO Title length\",\"description\":\"The title is too short.\",\"score\":6,\"maxScore\":9,\"error\":1},\"errors\":1},\"readability\":{\"contentHasAssets\":{\"error\":1,\"title\":\"Images\\/Videos in content\",\"description\":\"Please add some content first.\",\"score\":1,\"maxScore\":5}}}}',NULL,NULL,NULL,'default','default',NULL,NULL,NULL,NULL,'',NULL,NULL,'[]',0,'default','default',NULL,NULL,NULL,NULL,67,'default','{\"article\":{\"articleType\":\"BlogPosting\"},\"course\":{\"name\":\"\",\"description\":\"\",\"provider\":\"\"},\"faq\":{\"pages\":[]},\"product\":{\"reviews\":[]},\"recipe\":{\"ingredients\":[],\"instructions\":[],\"keywords\":[]},\"software\":{\"reviews\":[],\"operatingSystems\":[]},\"webPage\":{\"webPageType\":\"WebPage\"}}',0,1,0,0,0,0,0,0,0,-1,-1,'large','{\"tab\":\"general\",\"tab_social\":\"facebook\",\"tab_sidebar\":\"general\",\"tab_modal\":\"general\",\"tab_modal_social\":\"facebook\"}',NULL,'2021-08-03 10:55:15','default','default',NULL,NULL,NULL,'{\"locations\":{\"business\":{\"name\":\"\",\"businessType\":\"\",\"image\":\"\",\"areaServed\":\"\",\"urls\":{\"website\":\"\",\"aboutPage\":\"\",\"contactPage\":\"\"},\"address\":{\"streetLine1\":\"\",\"streetLine2\":\"\",\"zipCode\":\"\",\"city\":\"\",\"state\":\"\",\"country\":\"\",\"addressFormat\":\"#streetLineOne\\n#streetLineTwo\\n#city, #state #zipCode\"},\"contact\":{\"email\":\"\",\"phone\":\"\",\"phoneFormatted\":\"\",\"fax\":\"\",\"faxFormatted\":\"\"},\"ids\":{\"vat\":\"\",\"tax\":\"\",\"chamberOfCommerce\":\"\"},\"payment\":{\"priceRange\":\"\",\"currenciesAccepted\":\"\",\"methods\":\"\"}}},\"openingHours\":{\"useDefaults\":true,\"show\":true,\"alwaysOpen\":false,\"use24hFormat\":false,\"timezone\":\"\",\"labels\":{\"closed\":\"\",\"alwaysOpen\":\"\"},\"days\":{\"monday\":{\"open24h\":false,\"closed\":false,\"openTime\":\"09:00\",\"closeTime\":\"17:00\"},\"tuesday\":{\"open24h\":false,\"closed\":false,\"openTime\":\"09:00\",\"closeTime\":\"17:00\"},\"wednesday\":{\"open24h\":false,\"closed\":false,\"openTime\":\"09:00\",\"closeTime\":\"17:00\"},\"thursday\":{\"open24h\":false,\"closed\":false,\"openTime\":\"09:00\",\"closeTime\":\"17:00\"},\"friday\":{\"open24h\":false,\"closed\":false,\"openTime\":\"09:00\",\"closeTime\":\"17:00\"},\"saturday\":{\"open24h\":false,\"closed\":false,\"openTime\":\"09:00\",\"closeTime\":\"17:00\"},\"sunday\":{\"open24h\":false,\"closed\":false,\"openTime\":\"09:00\",\"closeTime\":\"17:00\"}}}}','2021-08-03 10:48:03','2021-08-03 10:55:15'),(46,305,'#post_title #separator_sa #site_title','#post_content','[]','{\"focus\":[],\"additional\":[]}','{\"analysis\":{\"basic\":{\"lengthContent\":{\"error\":1,\"maxScore\":9,\"score\":6,\"title\":\"Content\",\"description\":\"Please add some content first.\"}},\"title\":{\"titleLength\":{\"error\":1,\"maxScore\":9,\"score\":1,\"title\":\"Title\",\"description\":\"Please add a title first.\"}},\"readability\":{\"contentHasAssets\":{\"error\":1,\"maxScore\":5,\"score\":0,\"title\":\"Images\\/Videos in content\",\"description\":\"Please add some content first.\"}}}}',NULL,NULL,NULL,'default','default',NULL,NULL,NULL,NULL,'',NULL,NULL,'[]',0,'default','default',NULL,NULL,NULL,NULL,0,'default','{\"article\":{\"articleType\":\"BlogPosting\"},\"course\":{\"name\":\"\",\"description\":\"\",\"provider\":\"\"},\"faq\":{\"pages\":[]},\"product\":{\"reviews\":[]},\"recipe\":{\"ingredients\":[],\"instructions\":[],\"keywords\":[]},\"software\":{\"reviews\":[],\"operatingSystems\":[]},\"webPage\":{\"webPageType\":\"WebPage\"}}',0,1,0,0,0,0,0,0,0,-1,-1,'large','{\"tab\":\"general\",\"tab_social\":\"facebook\",\"tab_sidebar\":\"general\",\"tab_modal\":\"general\",\"tab_modal_social\":\"facebook\"}',NULL,NULL,'default','default',NULL,NULL,NULL,'{\"locations\":{\"business\":{\"name\":\"\",\"businessType\":\"\",\"image\":\"\",\"areaServed\":\"\",\"urls\":{\"website\":\"\",\"aboutPage\":\"\",\"contactPage\":\"\"},\"address\":{\"streetLine1\":\"\",\"streetLine2\":\"\",\"zipCode\":\"\",\"city\":\"\",\"state\":\"\",\"country\":\"\",\"addressFormat\":\"#streetLineOne\\n#streetLineTwo\\n#city, #state #zipCode\"},\"contact\":{\"email\":\"\",\"phone\":\"\",\"phoneFormatted\":\"\",\"fax\":\"\",\"faxFormatted\":\"\"},\"ids\":{\"vat\":\"\",\"tax\":\"\",\"chamberOfCommerce\":\"\"},\"payment\":{\"priceRange\":\"\",\"currenciesAccepted\":\"\",\"methods\":\"\"}}},\"openingHours\":{\"useDefaults\":true,\"show\":true,\"alwaysOpen\":false,\"use24hFormat\":false,\"timezone\":\"\",\"labels\":{\"closed\":\"\",\"alwaysOpen\":\"\"},\"days\":{\"monday\":{\"open24h\":false,\"closed\":false,\"openTime\":\"09:00\",\"closeTime\":\"17:00\"},\"tuesday\":{\"open24h\":false,\"closed\":false,\"openTime\":\"09:00\",\"closeTime\":\"17:00\"},\"wednesday\":{\"open24h\":false,\"closed\":false,\"openTime\":\"09:00\",\"closeTime\":\"17:00\"},\"thursday\":{\"open24h\":false,\"closed\":false,\"openTime\":\"09:00\",\"closeTime\":\"17:00\"},\"friday\":{\"open24h\":false,\"closed\":false,\"openTime\":\"09:00\",\"closeTime\":\"17:00\"},\"saturday\":{\"open24h\":false,\"closed\":false,\"openTime\":\"09:00\",\"closeTime\":\"17:00\"},\"sunday\":{\"open24h\":false,\"closed\":false,\"openTime\":\"09:00\",\"closeTime\":\"17:00\"}}}}','2021-08-09 07:19:08','2021-08-09 07:19:08'),(47,299,'#post_title #separator_sa #site_title','#post_content','[]','{\"focus\":[],\"additional\":[]}','{\"analysis\":{\"basic\":{\"metadescriptionLength\":{\"title\":\"Meta description length\",\"description\":\"The meta description is over 160 characters.\",\"score\":6,\"maxScore\":9,\"error\":1},\"lengthContent\":{\"title\":\"Content Length\",\"description\":\"This is far below the recommended minimum of words.\",\"score\":-20,\"maxScore\":9,\"error\":1},\"isInternalLink\":{\"title\":\"Internal links\",\"description\":\"We couldn\'t find any internal links in your content. Add internal links in your content.\",\"score\":3,\"maxScore\":9,\"error\":1},\"isExternalLink\":{\"title\":\"External links\",\"description\":\"No outbound links were found. Link out to external resources.\",\"score\":3,\"maxScore\":9,\"error\":1},\"errors\":4},\"title\":{\"titleLength\":{\"title\":\"SEO Title length\",\"description\":\"The title is too short.\",\"score\":6,\"maxScore\":9,\"error\":1},\"errors\":1},\"readability\":{\"contentHasAssets\":{\"error\":1,\"title\":\"Images\\/Videos in content\",\"description\":\"You are not using rich media like images or videos.\",\"score\":1,\"maxScore\":5},\"paragraphLength\":{\"title\":\"Paragraphs Length\",\"description\":\"You are using short paragraphs.\",\"score\":5,\"maxScore\":5,\"error\":0},\"sentenceLength\":{\"title\":\"Sentences Length\",\"description\":\"Sentence length is looking great!\",\"score\":9,\"maxScore\":9,\"error\":0},\"passiveVoice\":{\"title\":\"Passive Voice\",\"description\":\"You\'re using enough active voice. That\'s great!\",\"score\":9,\"maxScore\":9,\"error\":0},\"transitionWords\":{\"title\":\"Transition words\",\"description\":\"None of the sentences contain transition words. Use some.\",\"score\":3,\"maxScore\":9,\"error\":1},\"consecutiveSentences\":{\"title\":\"Consecutive sentences\",\"description\":\"There is enough variety in your sentences. That\'s great!\",\"score\":9,\"maxScore\":9,\"error\":0},\"subheadingsDistribution\":{\"title\":\"Subheading distribution\",\"description\":\"You are not using any subheadings, but your text is short enough and probably doesn\'t need them.\",\"score\":9,\"maxScore\":9,\"error\":0},\"calculateFleschReading\":{\"title\":\"Flesch Reading Ease\",\"description\":\"The copy scores 5.3 in the test, which is considered very difficult to read. Try to make shorter sentences, using less difficult words to improve readability.\",\"score\":3,\"maxScore\":9,\"error\":1},\"errors\":3}}}',NULL,NULL,NULL,'default','default',NULL,NULL,NULL,NULL,'',NULL,NULL,'[]',0,'default','default',NULL,NULL,NULL,NULL,62,'default','{\"article\":{\"articleType\":\"BlogPosting\"},\"course\":{\"name\":\"\",\"description\":\"\",\"provider\":\"\"},\"faq\":{\"pages\":[]},\"product\":{\"reviews\":[]},\"recipe\":{\"ingredients\":[],\"instructions\":[],\"keywords\":[]},\"software\":{\"reviews\":[],\"operatingSystems\":[]},\"webPage\":{\"webPageType\":\"WebPage\"}}',0,1,0,0,0,0,0,0,0,-1,-1,'large','{\"tab\":\"general\",\"tab_social\":\"facebook\",\"tab_sidebar\":\"general\",\"tab_modal\":\"general\",\"tab_modal_social\":\"facebook\"}',NULL,'2021-08-09 07:41:51','default','default',NULL,NULL,NULL,'{\"locations\":{\"business\":{\"name\":\"\",\"businessType\":\"\",\"image\":\"\",\"areaServed\":\"\",\"urls\":{\"website\":\"\",\"aboutPage\":\"\",\"contactPage\":\"\"},\"address\":{\"streetLine1\":\"\",\"streetLine2\":\"\",\"zipCode\":\"\",\"city\":\"\",\"state\":\"\",\"country\":\"\",\"addressFormat\":\"#streetLineOne\\n#streetLineTwo\\n#city, #state #zipCode\"},\"contact\":{\"email\":\"\",\"phone\":\"\",\"phoneFormatted\":\"\",\"fax\":\"\",\"faxFormatted\":\"\"},\"ids\":{\"vat\":\"\",\"tax\":\"\",\"chamberOfCommerce\":\"\"},\"payment\":{\"priceRange\":\"\",\"currenciesAccepted\":\"\",\"methods\":\"\"}}},\"openingHours\":{\"useDefaults\":true,\"show\":true,\"alwaysOpen\":false,\"use24hFormat\":false,\"timezone\":\"\",\"labels\":{\"closed\":\"\",\"alwaysOpen\":\"\"},\"days\":{\"monday\":{\"open24h\":false,\"closed\":false,\"openTime\":\"09:00\",\"closeTime\":\"17:00\"},\"tuesday\":{\"open24h\":false,\"closed\":false,\"openTime\":\"09:00\",\"closeTime\":\"17:00\"},\"wednesday\":{\"open24h\":false,\"closed\":false,\"openTime\":\"09:00\",\"closeTime\":\"17:00\"},\"thursday\":{\"open24h\":false,\"closed\":false,\"openTime\":\"09:00\",\"closeTime\":\"17:00\"},\"friday\":{\"open24h\":false,\"closed\":false,\"openTime\":\"09:00\",\"closeTime\":\"17:00\"},\"saturday\":{\"open24h\":false,\"closed\":false,\"openTime\":\"09:00\",\"closeTime\":\"17:00\"},\"sunday\":{\"open24h\":false,\"closed\":false,\"openTime\":\"09:00\",\"closeTime\":\"17:00\"}}}}','2021-08-09 07:19:08','2021-08-09 07:41:51'),(48,314,'#post_title #separator_sa #site_title','#post_content','[]','{\"focus\":[],\"additional\":[]}','{\"analysis\":{\"basic\":{\"metadescriptionLength\":{\"title\":\"Meta description length\",\"description\":\"The meta description is over 160 characters.\",\"score\":6,\"maxScore\":9,\"error\":1},\"lengthContent\":{\"title\":\"Content Length\",\"description\":\"This is far below the recommended minimum of words.\",\"score\":-20,\"maxScore\":9,\"error\":1},\"isInternalLink\":{\"title\":\"Internal links\",\"description\":\"We couldn\'t find any internal links in your content. Add internal links in your content.\",\"score\":3,\"maxScore\":9,\"error\":1},\"isExternalLink\":{\"title\":\"External links\",\"description\":\"No outbound links were found. Link out to external resources.\",\"score\":3,\"maxScore\":9,\"error\":1},\"errors\":4},\"title\":{\"titleLength\":{\"title\":\"SEO Title length\",\"description\":\"The title is too short.\",\"score\":6,\"maxScore\":9,\"error\":1},\"errors\":1},\"readability\":{\"contentHasAssets\":{\"error\":1,\"title\":\"Images\\/Videos in content\",\"description\":\"You are not using rich media like images or videos.\",\"score\":1,\"maxScore\":5},\"paragraphLength\":{\"title\":\"Paragraphs Length\",\"description\":\"You are using short paragraphs.\",\"score\":5,\"maxScore\":5,\"error\":0},\"sentenceLength\":{\"title\":\"Sentences Length\",\"description\":\"Sentence length is looking great!\",\"score\":9,\"maxScore\":9,\"error\":0},\"passiveVoice\":{\"title\":\"Passive Voice\",\"description\":\"You\'re using enough active voice. That\'s great!\",\"score\":9,\"maxScore\":9,\"error\":0},\"transitionWords\":{\"title\":\"Transition words\",\"description\":\"None of the sentences contain transition words. Use some.\",\"score\":3,\"maxScore\":9,\"error\":1},\"consecutiveSentences\":{\"title\":\"Consecutive sentences\",\"description\":\"There is enough variety in your sentences. That\'s great!\",\"score\":9,\"maxScore\":9,\"error\":0},\"subheadingsDistribution\":{\"title\":\"Subheading distribution\",\"description\":\"You are not using any subheadings, but your text is short enough and probably doesn\'t need them.\",\"score\":9,\"maxScore\":9,\"error\":0},\"calculateFleschReading\":{\"title\":\"Flesch Reading Ease\",\"description\":\"The copy scores 5.3 in the test, which is considered very difficult to read. Try to make shorter sentences, using less difficult words to improve readability.\",\"score\":3,\"maxScore\":9,\"error\":1},\"errors\":3}}}',NULL,NULL,NULL,'default','default',NULL,NULL,NULL,NULL,'',NULL,NULL,'[]',0,'default','default',NULL,NULL,NULL,NULL,62,'default','{\"article\":{\"articleType\":\"BlogPosting\"},\"course\":{\"name\":\"\",\"description\":\"\",\"provider\":\"\"},\"faq\":{\"pages\":[]},\"product\":{\"reviews\":[]},\"recipe\":{\"ingredients\":[],\"instructions\":[],\"keywords\":[]},\"software\":{\"reviews\":[],\"operatingSystems\":[]},\"webPage\":{\"webPageType\":\"WebPage\"}}',0,1,0,0,0,0,0,0,0,-1,-1,'large','{\"tab\":\"general\",\"tab_social\":\"facebook\",\"tab_sidebar\":\"general\",\"tab_modal\":\"general\",\"tab_modal_social\":\"facebook\"}',NULL,NULL,'default','default',NULL,NULL,NULL,'{\"locations\":{\"business\":{\"name\":\"\",\"businessType\":\"\",\"image\":\"\",\"areaServed\":\"\",\"urls\":{\"website\":\"\",\"aboutPage\":\"\",\"contactPage\":\"\"},\"address\":{\"streetLine1\":\"\",\"streetLine2\":\"\",\"zipCode\":\"\",\"city\":\"\",\"state\":\"\",\"country\":\"\",\"addressFormat\":\"#streetLineOne\\n#streetLineTwo\\n#city, #state #zipCode\"},\"contact\":{\"email\":\"\",\"phone\":\"\",\"phoneFormatted\":\"\",\"fax\":\"\",\"faxFormatted\":\"\"},\"ids\":{\"vat\":\"\",\"tax\":\"\",\"chamberOfCommerce\":\"\"},\"payment\":{\"priceRange\":\"\",\"currenciesAccepted\":\"\",\"methods\":\"\"}}},\"openingHours\":{\"useDefaults\":true,\"show\":true,\"alwaysOpen\":false,\"use24hFormat\":false,\"timezone\":\"\",\"labels\":{\"closed\":\"\",\"alwaysOpen\":\"\"},\"days\":{\"monday\":{\"open24h\":false,\"closed\":false,\"openTime\":\"09:00\",\"closeTime\":\"17:00\"},\"tuesday\":{\"open24h\":false,\"closed\":false,\"openTime\":\"09:00\",\"closeTime\":\"17:00\"},\"wednesday\":{\"open24h\":false,\"closed\":false,\"openTime\":\"09:00\",\"closeTime\":\"17:00\"},\"thursday\":{\"open24h\":false,\"closed\":false,\"openTime\":\"09:00\",\"closeTime\":\"17:00\"},\"friday\":{\"open24h\":false,\"closed\":false,\"openTime\":\"09:00\",\"closeTime\":\"17:00\"},\"saturday\":{\"open24h\":false,\"closed\":false,\"openTime\":\"09:00\",\"closeTime\":\"17:00\"},\"sunday\":{\"open24h\":false,\"closed\":false,\"openTime\":\"09:00\",\"closeTime\":\"17:00\"}}}}','2021-08-09 07:35:22','2021-08-09 07:35:22'),(49,316,'#post_title #separator_sa #site_title','#post_content','[]','{\"focus\":[],\"additional\":[]}','{\"analysis\":{\"basic\":{\"metadescriptionLength\":{\"title\":\"Meta description length\",\"description\":\"The meta description is too short.\",\"score\":6,\"maxScore\":9,\"error\":1},\"lengthContent\":{\"title\":\"Content Length\",\"description\":\"This is far below the recommended minimum of words.\",\"score\":-20,\"maxScore\":9,\"error\":1},\"isInternalLink\":{\"title\":\"Internal links\",\"description\":\"We couldn\'t find any internal links in your content. Add internal links in your content.\",\"score\":3,\"maxScore\":9,\"error\":1},\"isExternalLink\":{\"title\":\"External links\",\"description\":\"No outbound links were found. Link out to external resources.\",\"score\":3,\"maxScore\":9,\"error\":1},\"errors\":4},\"title\":{\"titleLength\":{\"title\":\"SEO Title length\",\"description\":\"The title is too short.\",\"score\":6,\"maxScore\":9,\"error\":1},\"errors\":1},\"readability\":{\"contentHasAssets\":{\"error\":1,\"title\":\"Images\\/Videos in content\",\"description\":\"You are not using rich media like images or videos.\",\"score\":1,\"maxScore\":5},\"paragraphLength\":{\"title\":\"Paragraphs Length\",\"description\":\"You are using short paragraphs.\",\"score\":5,\"maxScore\":5,\"error\":0},\"sentenceLength\":{\"title\":\"Sentences Length\",\"description\":\"Sentence length is looking great!\",\"score\":9,\"maxScore\":9,\"error\":0},\"passiveVoice\":{\"title\":\"Passive Voice\",\"description\":\"You\'re using enough active voice. That\'s great!\",\"score\":9,\"maxScore\":9,\"error\":0},\"transitionWords\":{\"title\":\"Transition words\",\"description\":\"Well done!\",\"score\":9,\"maxScore\":9,\"error\":0},\"consecutiveSentences\":{\"title\":\"Consecutive sentences\",\"description\":\"There is enough variety in your sentences. That\'s great!\",\"score\":9,\"maxScore\":9,\"error\":0},\"subheadingsDistribution\":{\"title\":\"Subheading distribution\",\"description\":\"Great job!\",\"score\":9,\"maxScore\":9,\"error\":0},\"calculateFleschReading\":{\"title\":\"Flesch Reading Ease\",\"description\":\"The copy scores 77.9 in the test, which is considered fairly easy to read.\",\"score\":9,\"maxScore\":9,\"error\":0},\"errors\":1}}}',NULL,NULL,NULL,'default','default',NULL,NULL,NULL,NULL,'',NULL,NULL,'[]',0,'default','default',NULL,NULL,NULL,NULL,68,'default','{\"article\":{\"articleType\":\"BlogPosting\"},\"course\":{\"name\":\"\",\"description\":\"\",\"provider\":\"\"},\"faq\":{\"pages\":[]},\"product\":{\"reviews\":[]},\"recipe\":{\"ingredients\":[],\"instructions\":[],\"keywords\":[]},\"software\":{\"reviews\":[],\"operatingSystems\":[]},\"webPage\":{\"webPageType\":\"WebPage\"}}',0,1,0,0,0,0,0,0,0,-1,-1,'large','{\"tab\":\"general\",\"tab_social\":\"facebook\",\"tab_sidebar\":\"general\",\"tab_modal\":\"general\",\"tab_modal_social\":\"facebook\"}',NULL,NULL,'default','default',NULL,NULL,NULL,'{\"locations\":{\"business\":{\"name\":\"\",\"businessType\":\"\",\"image\":\"\",\"areaServed\":\"\",\"urls\":{\"website\":\"\",\"aboutPage\":\"\",\"contactPage\":\"\"},\"address\":{\"streetLine1\":\"\",\"streetLine2\":\"\",\"zipCode\":\"\",\"city\":\"\",\"state\":\"\",\"country\":\"\",\"addressFormat\":\"#streetLineOne\\n#streetLineTwo\\n#city, #state #zipCode\"},\"contact\":{\"email\":\"\",\"phone\":\"\",\"phoneFormatted\":\"\",\"fax\":\"\",\"faxFormatted\":\"\"},\"ids\":{\"vat\":\"\",\"tax\":\"\",\"chamberOfCommerce\":\"\"},\"payment\":{\"priceRange\":\"\",\"currenciesAccepted\":\"\",\"methods\":\"\"}}},\"openingHours\":{\"useDefaults\":true,\"show\":true,\"alwaysOpen\":false,\"use24hFormat\":false,\"timezone\":\"\",\"labels\":{\"closed\":\"\",\"alwaysOpen\":\"\"},\"days\":{\"monday\":{\"open24h\":false,\"closed\":false,\"openTime\":\"09:00\",\"closeTime\":\"17:00\"},\"tuesday\":{\"open24h\":false,\"closed\":false,\"openTime\":\"09:00\",\"closeTime\":\"17:00\"},\"wednesday\":{\"open24h\":false,\"closed\":false,\"openTime\":\"09:00\",\"closeTime\":\"17:00\"},\"thursday\":{\"open24h\":false,\"closed\":false,\"openTime\":\"09:00\",\"closeTime\":\"17:00\"},\"friday\":{\"open24h\":false,\"closed\":false,\"openTime\":\"09:00\",\"closeTime\":\"17:00\"},\"saturday\":{\"open24h\":false,\"closed\":false,\"openTime\":\"09:00\",\"closeTime\":\"17:00\"},\"sunday\":{\"open24h\":false,\"closed\":false,\"openTime\":\"09:00\",\"closeTime\":\"17:00\"}}}}','2021-08-09 09:33:10','2021-08-09 09:33:10'),(50,315,'#post_title #separator_sa #site_title','#post_content','[]','{\"focus\":[],\"additional\":[]}','{\"analysis\":{\"basic\":{\"metadescriptionLength\":{\"title\":\"Meta description length\",\"description\":\"The meta description is too short.\",\"score\":6,\"maxScore\":9,\"error\":1},\"lengthContent\":{\"title\":\"Content Length\",\"description\":\"This is far below the recommended minimum of words.\",\"score\":-20,\"maxScore\":9,\"error\":1},\"isInternalLink\":{\"title\":\"Internal links\",\"description\":\"We couldn\'t find any internal links in your content. Add internal links in your content.\",\"score\":3,\"maxScore\":9,\"error\":1},\"isExternalLink\":{\"title\":\"External links\",\"description\":\"No outbound links were found. Link out to external resources.\",\"score\":3,\"maxScore\":9,\"error\":1},\"errors\":4},\"title\":{\"titleLength\":{\"title\":\"SEO Title length\",\"description\":\"The title is too short.\",\"score\":6,\"maxScore\":9,\"error\":1},\"errors\":1},\"readability\":{\"contentHasAssets\":{\"error\":1,\"title\":\"Images\\/Videos in content\",\"description\":\"You are not using rich media like images or videos.\",\"score\":1,\"maxScore\":5},\"paragraphLength\":{\"title\":\"Paragraphs Length\",\"description\":\"You are using short paragraphs.\",\"score\":5,\"maxScore\":5,\"error\":0},\"sentenceLength\":{\"title\":\"Sentences Length\",\"description\":\"Sentence length is looking great!\",\"score\":9,\"maxScore\":9,\"error\":0},\"passiveVoice\":{\"title\":\"Passive Voice\",\"description\":\"You\'re using enough active voice. That\'s great!\",\"score\":9,\"maxScore\":9,\"error\":0},\"transitionWords\":{\"title\":\"Transition words\",\"description\":\"None of the sentences contain transition words. Use some.\",\"score\":3,\"maxScore\":9,\"error\":1},\"consecutiveSentences\":{\"title\":\"Consecutive sentences\",\"description\":\"There is enough variety in your sentences. That\'s great!\",\"score\":9,\"maxScore\":9,\"error\":0},\"subheadingsDistribution\":{\"title\":\"Subheading distribution\",\"description\":\"You are not using any subheadings, but your text is short enough and probably doesn\'t need them.\",\"score\":9,\"maxScore\":9,\"error\":0},\"calculateFleschReading\":{\"title\":\"Flesch Reading Ease\",\"description\":\"The copy scores 0 in the test, which is considered very difficult to read. Try to make shorter sentences, using less difficult words to improve readability.\",\"score\":3,\"maxScore\":9,\"error\":1},\"errors\":3}}}',NULL,NULL,NULL,'default','default',NULL,NULL,NULL,NULL,'',NULL,NULL,'[]',0,'default','default',NULL,NULL,NULL,NULL,62,'default','{\"article\":{\"articleType\":\"BlogPosting\"},\"course\":{\"name\":\"\",\"description\":\"\",\"provider\":\"\"},\"faq\":{\"pages\":[]},\"product\":{\"reviews\":[]},\"recipe\":{\"ingredients\":[],\"instructions\":[],\"keywords\":[]},\"software\":{\"reviews\":[],\"operatingSystems\":[]},\"webPage\":{\"webPageType\":\"WebPage\"}}',0,1,0,0,0,0,0,0,0,-1,-1,'large','{\"tab\":\"general\",\"tab_social\":\"facebook\",\"tab_sidebar\":\"general\",\"tab_modal\":\"general\",\"tab_modal_social\":\"facebook\"}',NULL,'2021-08-09 10:22:53','default','default',NULL,NULL,NULL,'{\"locations\":{\"business\":{\"name\":\"\",\"businessType\":\"\",\"image\":\"\",\"areaServed\":\"\",\"urls\":{\"website\":\"\",\"aboutPage\":\"\",\"contactPage\":\"\"},\"address\":{\"streetLine1\":\"\",\"streetLine2\":\"\",\"zipCode\":\"\",\"city\":\"\",\"state\":\"\",\"country\":\"\",\"addressFormat\":\"#streetLineOne\\n#streetLineTwo\\n#city, #state #zipCode\"},\"contact\":{\"email\":\"\",\"phone\":\"\",\"phoneFormatted\":\"\",\"fax\":\"\",\"faxFormatted\":\"\"},\"ids\":{\"vat\":\"\",\"tax\":\"\",\"chamberOfCommerce\":\"\"},\"payment\":{\"priceRange\":\"\",\"currenciesAccepted\":\"\",\"methods\":\"\"}}},\"openingHours\":{\"useDefaults\":true,\"show\":true,\"alwaysOpen\":false,\"use24hFormat\":false,\"timezone\":\"\",\"labels\":{\"closed\":\"\",\"alwaysOpen\":\"\"},\"days\":{\"monday\":{\"open24h\":false,\"closed\":false,\"openTime\":\"09:00\",\"closeTime\":\"17:00\"},\"tuesday\":{\"open24h\":false,\"closed\":false,\"openTime\":\"09:00\",\"closeTime\":\"17:00\"},\"wednesday\":{\"open24h\":false,\"closed\":false,\"openTime\":\"09:00\",\"closeTime\":\"17:00\"},\"thursday\":{\"open24h\":false,\"closed\":false,\"openTime\":\"09:00\",\"closeTime\":\"17:00\"},\"friday\":{\"open24h\":false,\"closed\":false,\"openTime\":\"09:00\",\"closeTime\":\"17:00\"},\"saturday\":{\"open24h\":false,\"closed\":false,\"openTime\":\"09:00\",\"closeTime\":\"17:00\"},\"sunday\":{\"open24h\":false,\"closed\":false,\"openTime\":\"09:00\",\"closeTime\":\"17:00\"}}}}','2021-08-09 09:33:10','2021-08-09 10:22:53'),(51,318,'#post_title #separator_sa #site_title','#post_content','[]','{\"focus\":[],\"additional\":[]}','{\"analysis\":{\"basic\":{\"metadescriptionLength\":{\"title\":\"Meta description length\",\"description\":\"The meta description is too short.\",\"score\":6,\"maxScore\":9,\"error\":1},\"lengthContent\":{\"title\":\"Content Length\",\"description\":\"This is far below the recommended minimum of words.\",\"score\":-20,\"maxScore\":9,\"error\":1},\"isInternalLink\":{\"title\":\"Internal links\",\"description\":\"We couldn\'t find any internal links in your content. Add internal links in your content.\",\"score\":3,\"maxScore\":9,\"error\":1},\"isExternalLink\":{\"title\":\"External links\",\"description\":\"No outbound links were found. Link out to external resources.\",\"score\":3,\"maxScore\":9,\"error\":1},\"errors\":4},\"title\":{\"titleLength\":{\"title\":\"SEO Title length\",\"description\":\"The title is too short.\",\"score\":6,\"maxScore\":9,\"error\":1},\"errors\":1},\"readability\":{\"contentHasAssets\":{\"error\":1,\"title\":\"Images\\/Videos in content\",\"description\":\"You are not using rich media like images or videos.\",\"score\":1,\"maxScore\":5},\"paragraphLength\":{\"title\":\"Paragraphs Length\",\"description\":\"You are using short paragraphs.\",\"score\":5,\"maxScore\":5,\"error\":0},\"sentenceLength\":{\"title\":\"Sentences Length\",\"description\":\"Sentence length is looking great!\",\"score\":9,\"maxScore\":9,\"error\":0},\"passiveVoice\":{\"title\":\"Passive Voice\",\"description\":\"You\'re using enough active voice. That\'s great!\",\"score\":9,\"maxScore\":9,\"error\":0},\"transitionWords\":{\"title\":\"Transition words\",\"description\":\"Well done!\",\"score\":9,\"maxScore\":9,\"error\":0},\"consecutiveSentences\":{\"title\":\"Consecutive sentences\",\"description\":\"There is enough variety in your sentences. That\'s great!\",\"score\":9,\"maxScore\":9,\"error\":0},\"subheadingsDistribution\":{\"title\":\"Subheading distribution\",\"description\":\"Great job!\",\"score\":9,\"maxScore\":9,\"error\":0},\"calculateFleschReading\":{\"title\":\"Flesch Reading Ease\",\"description\":\"The copy scores 77.9 in the test, which is considered fairly easy to read.\",\"score\":9,\"maxScore\":9,\"error\":0},\"errors\":1}}}',NULL,NULL,NULL,'default','default',NULL,NULL,NULL,NULL,'',NULL,NULL,'[]',0,'default','default',NULL,NULL,NULL,NULL,68,'default','{\"article\":{\"articleType\":\"BlogPosting\"},\"course\":{\"name\":\"\",\"description\":\"\",\"provider\":\"\"},\"faq\":{\"pages\":[]},\"product\":{\"reviews\":[]},\"recipe\":{\"ingredients\":[],\"instructions\":[],\"keywords\":[]},\"software\":{\"reviews\":[],\"operatingSystems\":[]},\"webPage\":{\"webPageType\":\"WebPage\"}}',0,1,0,0,0,0,0,0,0,-1,-1,'large','{\"tab\":\"general\",\"tab_social\":\"facebook\",\"tab_sidebar\":\"general\",\"tab_modal\":\"general\",\"tab_modal_social\":\"facebook\"}',NULL,NULL,'default','default',NULL,NULL,NULL,'{\"locations\":{\"business\":{\"name\":\"\",\"businessType\":\"\",\"image\":\"\",\"areaServed\":\"\",\"urls\":{\"website\":\"\",\"aboutPage\":\"\",\"contactPage\":\"\"},\"address\":{\"streetLine1\":\"\",\"streetLine2\":\"\",\"zipCode\":\"\",\"city\":\"\",\"state\":\"\",\"country\":\"\",\"addressFormat\":\"#streetLineOne\\n#streetLineTwo\\n#city, #state #zipCode\"},\"contact\":{\"email\":\"\",\"phone\":\"\",\"phoneFormatted\":\"\",\"fax\":\"\",\"faxFormatted\":\"\"},\"ids\":{\"vat\":\"\",\"tax\":\"\",\"chamberOfCommerce\":\"\"},\"payment\":{\"priceRange\":\"\",\"currenciesAccepted\":\"\",\"methods\":\"\"}}},\"openingHours\":{\"useDefaults\":true,\"show\":true,\"alwaysOpen\":false,\"use24hFormat\":false,\"timezone\":\"\",\"labels\":{\"closed\":\"\",\"alwaysOpen\":\"\"},\"days\":{\"monday\":{\"open24h\":false,\"closed\":false,\"openTime\":\"09:00\",\"closeTime\":\"17:00\"},\"tuesday\":{\"open24h\":false,\"closed\":false,\"openTime\":\"09:00\",\"closeTime\":\"17:00\"},\"wednesday\":{\"open24h\":false,\"closed\":false,\"openTime\":\"09:00\",\"closeTime\":\"17:00\"},\"thursday\":{\"open24h\":false,\"closed\":false,\"openTime\":\"09:00\",\"closeTime\":\"17:00\"},\"friday\":{\"open24h\":false,\"closed\":false,\"openTime\":\"09:00\",\"closeTime\":\"17:00\"},\"saturday\":{\"open24h\":false,\"closed\":false,\"openTime\":\"09:00\",\"closeTime\":\"17:00\"},\"sunday\":{\"open24h\":false,\"closed\":false,\"openTime\":\"09:00\",\"closeTime\":\"17:00\"}}}}','2021-08-09 09:34:29','2021-08-09 09:34:29'),(52,320,'#post_title #separator_sa #site_title','#post_content','[]','{\"focus\":[],\"additional\":[]}','{\"analysis\":{\"basic\":{\"metadescriptionLength\":{\"title\":\"Meta description length\",\"description\":\"The meta description is too short.\",\"score\":6,\"maxScore\":9,\"error\":1},\"lengthContent\":{\"title\":\"Content Length\",\"description\":\"This is far below the recommended minimum of words.\",\"score\":-20,\"maxScore\":9,\"error\":1},\"isInternalLink\":{\"title\":\"Internal links\",\"description\":\"We couldn\'t find any internal links in your content. Add internal links in your content.\",\"score\":3,\"maxScore\":9,\"error\":1},\"isExternalLink\":{\"title\":\"External links\",\"description\":\"No outbound links were found. Link out to external resources.\",\"score\":3,\"maxScore\":9,\"error\":1},\"errors\":4},\"title\":{\"titleLength\":{\"title\":\"SEO Title length\",\"description\":\"The title is too short.\",\"score\":6,\"maxScore\":9,\"error\":1},\"errors\":1},\"readability\":{\"contentHasAssets\":{\"error\":1,\"title\":\"Images\\/Videos in content\",\"description\":\"You are not using rich media like images or videos.\",\"score\":1,\"maxScore\":5},\"paragraphLength\":{\"title\":\"Paragraphs Length\",\"description\":\"You are using short paragraphs.\",\"score\":5,\"maxScore\":5,\"error\":0},\"sentenceLength\":{\"title\":\"Sentences Length\",\"description\":\"Sentence length is looking great!\",\"score\":9,\"maxScore\":9,\"error\":0},\"passiveVoice\":{\"title\":\"Passive Voice\",\"description\":\"You\'re using enough active voice. That\'s great!\",\"score\":9,\"maxScore\":9,\"error\":0},\"transitionWords\":{\"title\":\"Transition words\",\"description\":\"Well done!\",\"score\":9,\"maxScore\":9,\"error\":0},\"consecutiveSentences\":{\"title\":\"Consecutive sentences\",\"description\":\"There is enough variety in your sentences. That\'s great!\",\"score\":9,\"maxScore\":9,\"error\":0},\"subheadingsDistribution\":{\"title\":\"Subheading distribution\",\"description\":\"Great job!\",\"score\":9,\"maxScore\":9,\"error\":0},\"calculateFleschReading\":{\"title\":\"Flesch Reading Ease\",\"description\":\"The copy scores 77.9 in the test, which is considered fairly easy to read.\",\"score\":9,\"maxScore\":9,\"error\":0},\"errors\":1}}}',NULL,NULL,NULL,'default','default',NULL,NULL,NULL,NULL,'',NULL,NULL,'[]',0,'default','default',NULL,NULL,NULL,NULL,68,'default','{\"article\":{\"articleType\":\"BlogPosting\"},\"course\":{\"name\":\"\",\"description\":\"\",\"provider\":\"\"},\"faq\":{\"pages\":[]},\"product\":{\"reviews\":[]},\"recipe\":{\"ingredients\":[],\"instructions\":[],\"keywords\":[]},\"software\":{\"reviews\":[],\"operatingSystems\":[]},\"webPage\":{\"webPageType\":\"WebPage\"}}',0,1,0,0,0,0,0,0,0,-1,-1,'large','{\"tab\":\"general\",\"tab_social\":\"facebook\",\"tab_sidebar\":\"general\",\"tab_modal\":\"general\",\"tab_modal_social\":\"facebook\"}',NULL,NULL,'default','default',NULL,NULL,NULL,'{\"locations\":{\"business\":{\"name\":\"\",\"businessType\":\"\",\"image\":\"\",\"areaServed\":\"\",\"urls\":{\"website\":\"\",\"aboutPage\":\"\",\"contactPage\":\"\"},\"address\":{\"streetLine1\":\"\",\"streetLine2\":\"\",\"zipCode\":\"\",\"city\":\"\",\"state\":\"\",\"country\":\"\",\"addressFormat\":\"#streetLineOne\\n#streetLineTwo\\n#city, #state #zipCode\"},\"contact\":{\"email\":\"\",\"phone\":\"\",\"phoneFormatted\":\"\",\"fax\":\"\",\"faxFormatted\":\"\"},\"ids\":{\"vat\":\"\",\"tax\":\"\",\"chamberOfCommerce\":\"\"},\"payment\":{\"priceRange\":\"\",\"currenciesAccepted\":\"\",\"methods\":\"\"}}},\"openingHours\":{\"useDefaults\":true,\"show\":true,\"alwaysOpen\":false,\"use24hFormat\":false,\"timezone\":\"\",\"labels\":{\"closed\":\"\",\"alwaysOpen\":\"\"},\"days\":{\"monday\":{\"open24h\":false,\"closed\":false,\"openTime\":\"09:00\",\"closeTime\":\"17:00\"},\"tuesday\":{\"open24h\":false,\"closed\":false,\"openTime\":\"09:00\",\"closeTime\":\"17:00\"},\"wednesday\":{\"open24h\":false,\"closed\":false,\"openTime\":\"09:00\",\"closeTime\":\"17:00\"},\"thursday\":{\"open24h\":false,\"closed\":false,\"openTime\":\"09:00\",\"closeTime\":\"17:00\"},\"friday\":{\"open24h\":false,\"closed\":false,\"openTime\":\"09:00\",\"closeTime\":\"17:00\"},\"saturday\":{\"open24h\":false,\"closed\":false,\"openTime\":\"09:00\",\"closeTime\":\"17:00\"},\"sunday\":{\"open24h\":false,\"closed\":false,\"openTime\":\"09:00\",\"closeTime\":\"17:00\"}}}}','2021-08-09 09:42:18','2021-08-09 09:42:18'),(53,321,'#post_title #separator_sa #site_title','#post_content','[]','{\"focus\":[],\"additional\":[]}','{\"analysis\":{\"basic\":{\"metadescriptionLength\":{\"title\":\"Meta description length\",\"description\":\"The meta description is too short.\",\"score\":6,\"maxScore\":9,\"error\":1},\"lengthContent\":{\"title\":\"Content Length\",\"description\":\"This is far below the recommended minimum of words.\",\"score\":-20,\"maxScore\":9,\"error\":1},\"isInternalLink\":{\"title\":\"Internal links\",\"description\":\"We couldn\'t find any internal links in your content. Add internal links in your content.\",\"score\":3,\"maxScore\":9,\"error\":1},\"isExternalLink\":{\"title\":\"External links\",\"description\":\"No outbound links were found. Link out to external resources.\",\"score\":3,\"maxScore\":9,\"error\":1},\"errors\":4},\"title\":{\"titleLength\":{\"title\":\"SEO Title length\",\"description\":\"The title is too short.\",\"score\":6,\"maxScore\":9,\"error\":1},\"errors\":1},\"readability\":{\"contentHasAssets\":{\"error\":1,\"title\":\"Images\\/Videos in content\",\"description\":\"You are not using rich media like images or videos.\",\"score\":1,\"maxScore\":5},\"paragraphLength\":{\"title\":\"Paragraphs Length\",\"description\":\"You are using short paragraphs.\",\"score\":5,\"maxScore\":5,\"error\":0},\"sentenceLength\":{\"title\":\"Sentences Length\",\"description\":\"Sentence length is looking great!\",\"score\":9,\"maxScore\":9,\"error\":0},\"passiveVoice\":{\"title\":\"Passive Voice\",\"description\":\"You\'re using enough active voice. That\'s great!\",\"score\":9,\"maxScore\":9,\"error\":0},\"transitionWords\":{\"title\":\"Transition words\",\"description\":\"Well done!\",\"score\":9,\"maxScore\":9,\"error\":0},\"consecutiveSentences\":{\"title\":\"Consecutive sentences\",\"description\":\"There is enough variety in your sentences. That\'s great!\",\"score\":9,\"maxScore\":9,\"error\":0},\"subheadingsDistribution\":{\"title\":\"Subheading distribution\",\"description\":\"Great job!\",\"score\":9,\"maxScore\":9,\"error\":0},\"calculateFleschReading\":{\"title\":\"Flesch Reading Ease\",\"description\":\"The copy scores 77.9 in the test, which is considered fairly easy to read.\",\"score\":9,\"maxScore\":9,\"error\":0},\"errors\":1}}}',NULL,NULL,NULL,'default','default',NULL,NULL,NULL,NULL,'',NULL,NULL,'[]',0,'default','default',NULL,NULL,NULL,NULL,68,'default','{\"article\":{\"articleType\":\"BlogPosting\"},\"course\":{\"name\":\"\",\"description\":\"\",\"provider\":\"\"},\"faq\":{\"pages\":[]},\"product\":{\"reviews\":[]},\"recipe\":{\"ingredients\":[],\"instructions\":[],\"keywords\":[]},\"software\":{\"reviews\":[],\"operatingSystems\":[]},\"webPage\":{\"webPageType\":\"WebPage\"}}',0,1,0,0,0,0,0,0,0,-1,-1,'large','{\"tab\":\"general\",\"tab_social\":\"facebook\",\"tab_sidebar\":\"general\",\"tab_modal\":\"general\",\"tab_modal_social\":\"facebook\"}',NULL,NULL,'default','default',NULL,NULL,NULL,'{\"locations\":{\"business\":{\"name\":\"\",\"businessType\":\"\",\"image\":\"\",\"areaServed\":\"\",\"urls\":{\"website\":\"\",\"aboutPage\":\"\",\"contactPage\":\"\"},\"address\":{\"streetLine1\":\"\",\"streetLine2\":\"\",\"zipCode\":\"\",\"city\":\"\",\"state\":\"\",\"country\":\"\",\"addressFormat\":\"#streetLineOne\\n#streetLineTwo\\n#city, #state #zipCode\"},\"contact\":{\"email\":\"\",\"phone\":\"\",\"phoneFormatted\":\"\",\"fax\":\"\",\"faxFormatted\":\"\"},\"ids\":{\"vat\":\"\",\"tax\":\"\",\"chamberOfCommerce\":\"\"},\"payment\":{\"priceRange\":\"\",\"currenciesAccepted\":\"\",\"methods\":\"\"}}},\"openingHours\":{\"useDefaults\":true,\"show\":true,\"alwaysOpen\":false,\"use24hFormat\":false,\"timezone\":\"\",\"labels\":{\"closed\":\"\",\"alwaysOpen\":\"\"},\"days\":{\"monday\":{\"open24h\":false,\"closed\":false,\"openTime\":\"09:00\",\"closeTime\":\"17:00\"},\"tuesday\":{\"open24h\":false,\"closed\":false,\"openTime\":\"09:00\",\"closeTime\":\"17:00\"},\"wednesday\":{\"open24h\":false,\"closed\":false,\"openTime\":\"09:00\",\"closeTime\":\"17:00\"},\"thursday\":{\"open24h\":false,\"closed\":false,\"openTime\":\"09:00\",\"closeTime\":\"17:00\"},\"friday\":{\"open24h\":false,\"closed\":false,\"openTime\":\"09:00\",\"closeTime\":\"17:00\"},\"saturday\":{\"open24h\":false,\"closed\":false,\"openTime\":\"09:00\",\"closeTime\":\"17:00\"},\"sunday\":{\"open24h\":false,\"closed\":false,\"openTime\":\"09:00\",\"closeTime\":\"17:00\"}}}}','2021-08-09 09:45:24','2021-08-09 09:45:24'),(54,324,'#post_title #separator_sa #site_title','#post_content','[]','{\"focus\":[],\"additional\":[]}','{\"analysis\":{\"basic\":{\"lengthContent\":{\"error\":1,\"maxScore\":9,\"score\":6,\"title\":\"Content\",\"description\":\"Please add some content first.\"}},\"title\":{\"titleLength\":{\"error\":1,\"maxScore\":9,\"score\":1,\"title\":\"Title\",\"description\":\"Please add a title first.\"}},\"readability\":{\"contentHasAssets\":{\"error\":1,\"maxScore\":5,\"score\":0,\"title\":\"Images\\/Videos in content\",\"description\":\"Please add some content first.\"}}}}',NULL,NULL,NULL,'default','default',NULL,NULL,NULL,NULL,'',NULL,NULL,'[]',0,'default','default',NULL,NULL,NULL,NULL,0,'default','{\"article\":{\"articleType\":\"BlogPosting\"},\"course\":{\"name\":\"\",\"description\":\"\",\"provider\":\"\"},\"faq\":{\"pages\":[]},\"product\":{\"reviews\":[]},\"recipe\":{\"ingredients\":[],\"instructions\":[],\"keywords\":[]},\"software\":{\"reviews\":[],\"operatingSystems\":[]},\"webPage\":{\"webPageType\":\"WebPage\"}}',0,1,0,0,0,0,0,0,0,-1,-1,'large','{\"tab\":\"general\",\"tab_social\":\"facebook\",\"tab_sidebar\":\"general\",\"tab_modal\":\"general\",\"tab_modal_social\":\"facebook\"}',NULL,NULL,'default','default',NULL,NULL,NULL,'{\"locations\":{\"business\":{\"name\":\"\",\"businessType\":\"\",\"image\":\"\",\"areaServed\":\"\",\"urls\":{\"website\":\"\",\"aboutPage\":\"\",\"contactPage\":\"\"},\"address\":{\"streetLine1\":\"\",\"streetLine2\":\"\",\"zipCode\":\"\",\"city\":\"\",\"state\":\"\",\"country\":\"\",\"addressFormat\":\"#streetLineOne\\n#streetLineTwo\\n#city, #state #zipCode\"},\"contact\":{\"email\":\"\",\"phone\":\"\",\"phoneFormatted\":\"\",\"fax\":\"\",\"faxFormatted\":\"\"},\"ids\":{\"vat\":\"\",\"tax\":\"\",\"chamberOfCommerce\":\"\"},\"payment\":{\"priceRange\":\"\",\"currenciesAccepted\":\"\",\"methods\":\"\"}}},\"openingHours\":{\"useDefaults\":true,\"show\":true,\"alwaysOpen\":false,\"use24hFormat\":false,\"timezone\":\"\",\"labels\":{\"closed\":\"\",\"alwaysOpen\":\"\"},\"days\":{\"monday\":{\"open24h\":false,\"closed\":false,\"openTime\":\"09:00\",\"closeTime\":\"17:00\"},\"tuesday\":{\"open24h\":false,\"closed\":false,\"openTime\":\"09:00\",\"closeTime\":\"17:00\"},\"wednesday\":{\"open24h\":false,\"closed\":false,\"openTime\":\"09:00\",\"closeTime\":\"17:00\"},\"thursday\":{\"open24h\":false,\"closed\":false,\"openTime\":\"09:00\",\"closeTime\":\"17:00\"},\"friday\":{\"open24h\":false,\"closed\":false,\"openTime\":\"09:00\",\"closeTime\":\"17:00\"},\"saturday\":{\"open24h\":false,\"closed\":false,\"openTime\":\"09:00\",\"closeTime\":\"17:00\"},\"sunday\":{\"open24h\":false,\"closed\":false,\"openTime\":\"09:00\",\"closeTime\":\"17:00\"}}}}','2021-08-09 10:51:07','2021-08-09 10:51:07'),(55,323,'#post_title #separator_sa #site_title','#post_content','[]','{\"focus\":[],\"additional\":[]}','{\"analysis\":{\"basic\":{\"metadescriptionLength\":{\"title\":\"Meta description length\",\"description\":\"The meta description is over 160 characters.\",\"score\":6,\"maxScore\":9,\"error\":1},\"lengthContent\":{\"title\":\"Content Length\",\"description\":\"This is far below the recommended minimum of words.\",\"score\":-20,\"maxScore\":9,\"error\":1},\"isInternalLink\":{\"title\":\"Internal links\",\"description\":\"We couldn\'t find any internal links in your content. Add internal links in your content.\",\"score\":3,\"maxScore\":9,\"error\":1},\"isExternalLink\":{\"title\":\"External links\",\"description\":\"No outbound links were found. Link out to external resources.\",\"score\":3,\"maxScore\":9,\"error\":1},\"errors\":4},\"title\":{\"titleLength\":{\"title\":\"SEO Title length\",\"description\":\"The title is too short.\",\"score\":6,\"maxScore\":9,\"error\":1},\"errors\":1},\"readability\":{\"contentHasAssets\":{\"error\":1,\"title\":\"Images\\/Videos in content\",\"description\":\"You are not using rich media like images or videos.\",\"score\":1,\"maxScore\":5},\"paragraphLength\":{\"title\":\"Paragraphs Length\",\"description\":\"You are using short paragraphs.\",\"score\":5,\"maxScore\":5,\"error\":0},\"sentenceLength\":{\"title\":\"Sentences Length\",\"description\":\"Sentence length is looking great!\",\"score\":9,\"maxScore\":9,\"error\":0},\"passiveVoice\":{\"title\":\"Passive Voice\",\"description\":\"You\'re using enough active voice. That\'s great!\",\"score\":9,\"maxScore\":9,\"error\":0},\"transitionWords\":{\"title\":\"Transition words\",\"description\":\"None of the sentences contain transition words. Use some.\",\"score\":3,\"maxScore\":9,\"error\":1},\"consecutiveSentences\":{\"title\":\"Consecutive sentences\",\"description\":\"There is enough variety in your sentences. That\'s great!\",\"score\":9,\"maxScore\":9,\"error\":0},\"subheadingsDistribution\":{\"title\":\"Subheading distribution\",\"description\":\"You are not using any subheadings, but your text is short enough and probably doesn\'t need them.\",\"score\":9,\"maxScore\":9,\"error\":0},\"calculateFleschReading\":{\"title\":\"Flesch Reading Ease\",\"description\":\"The copy scores 8.5 in the test, which is considered very difficult to read. Try to make shorter sentences, using less difficult words to improve readability.\",\"score\":3,\"maxScore\":9,\"error\":1},\"errors\":3}}}',NULL,NULL,NULL,'default','default',NULL,NULL,NULL,NULL,'',NULL,NULL,'[]',0,'default','default',NULL,NULL,NULL,NULL,62,'default','{\"article\":{\"articleType\":\"BlogPosting\"},\"course\":{\"name\":\"\",\"description\":\"\",\"provider\":\"\"},\"faq\":{\"pages\":[]},\"product\":{\"reviews\":[]},\"recipe\":{\"ingredients\":[],\"instructions\":[],\"keywords\":[]},\"software\":{\"reviews\":[],\"operatingSystems\":[]},\"webPage\":{\"webPageType\":\"WebPage\"}}',0,1,0,0,0,0,0,0,0,-1,-1,'large','{\"tab\":\"general\",\"tab_social\":\"facebook\",\"tab_sidebar\":\"general\",\"tab_modal\":\"general\",\"tab_modal_social\":\"facebook\"}',NULL,'2021-08-09 11:27:44','default','default',NULL,NULL,NULL,'{\"locations\":{\"business\":{\"name\":\"\",\"businessType\":\"\",\"image\":\"\",\"areaServed\":\"\",\"urls\":{\"website\":\"\",\"aboutPage\":\"\",\"contactPage\":\"\"},\"address\":{\"streetLine1\":\"\",\"streetLine2\":\"\",\"zipCode\":\"\",\"city\":\"\",\"state\":\"\",\"country\":\"\",\"addressFormat\":\"#streetLineOne\\n#streetLineTwo\\n#city, #state #zipCode\"},\"contact\":{\"email\":\"\",\"phone\":\"\",\"phoneFormatted\":\"\",\"fax\":\"\",\"faxFormatted\":\"\"},\"ids\":{\"vat\":\"\",\"tax\":\"\",\"chamberOfCommerce\":\"\"},\"payment\":{\"priceRange\":\"\",\"currenciesAccepted\":\"\",\"methods\":\"\"}}},\"openingHours\":{\"useDefaults\":true,\"show\":true,\"alwaysOpen\":false,\"use24hFormat\":false,\"timezone\":\"\",\"labels\":{\"closed\":\"\",\"alwaysOpen\":\"\"},\"days\":{\"monday\":{\"open24h\":false,\"closed\":false,\"openTime\":\"09:00\",\"closeTime\":\"17:00\"},\"tuesday\":{\"open24h\":false,\"closed\":false,\"openTime\":\"09:00\",\"closeTime\":\"17:00\"},\"wednesday\":{\"open24h\":false,\"closed\":false,\"openTime\":\"09:00\",\"closeTime\":\"17:00\"},\"thursday\":{\"open24h\":false,\"closed\":false,\"openTime\":\"09:00\",\"closeTime\":\"17:00\"},\"friday\":{\"open24h\":false,\"closed\":false,\"openTime\":\"09:00\",\"closeTime\":\"17:00\"},\"saturday\":{\"open24h\":false,\"closed\":false,\"openTime\":\"09:00\",\"closeTime\":\"17:00\"},\"sunday\":{\"open24h\":false,\"closed\":false,\"openTime\":\"09:00\",\"closeTime\":\"17:00\"}}}}','2021-08-09 10:51:07','2021-08-09 11:27:44'),(56,325,'#post_title #separator_sa #site_title','#post_content','[]','{\"focus\":[],\"additional\":[]}','{\"analysis\":{\"basic\":{\"metadescriptionLength\":{\"title\":\"Meta description length\",\"description\":\"The meta description is over 160 characters.\",\"score\":6,\"maxScore\":9,\"error\":1},\"lengthContent\":{\"title\":\"Content Length\",\"description\":\"This is far below the recommended minimum of words.\",\"score\":-20,\"maxScore\":9,\"error\":1},\"isInternalLink\":{\"title\":\"Internal links\",\"description\":\"We couldn\'t find any internal links in your content. Add internal links in your content.\",\"score\":3,\"maxScore\":9,\"error\":1},\"isExternalLink\":{\"title\":\"External links\",\"description\":\"No outbound links were found. Link out to external resources.\",\"score\":3,\"maxScore\":9,\"error\":1},\"errors\":4},\"title\":{\"titleLength\":{\"title\":\"SEO Title length\",\"description\":\"The title is too short.\",\"score\":6,\"maxScore\":9,\"error\":1},\"errors\":1},\"readability\":{\"contentHasAssets\":{\"error\":1,\"title\":\"Images\\/Videos in content\",\"description\":\"You are not using rich media like images or videos.\",\"score\":1,\"maxScore\":5},\"paragraphLength\":{\"title\":\"Paragraphs Length\",\"description\":\"You are using short paragraphs.\",\"score\":5,\"maxScore\":5,\"error\":0},\"sentenceLength\":{\"title\":\"Sentences Length\",\"description\":\"Sentence length is looking great!\",\"score\":9,\"maxScore\":9,\"error\":0},\"passiveVoice\":{\"title\":\"Passive Voice\",\"description\":\"You\'re using enough active voice. That\'s great!\",\"score\":9,\"maxScore\":9,\"error\":0},\"transitionWords\":{\"title\":\"Transition words\",\"description\":\"None of the sentences contain transition words. Use some.\",\"score\":3,\"maxScore\":9,\"error\":1},\"consecutiveSentences\":{\"title\":\"Consecutive sentences\",\"description\":\"There is enough variety in your sentences. That\'s great!\",\"score\":9,\"maxScore\":9,\"error\":0},\"subheadingsDistribution\":{\"title\":\"Subheading distribution\",\"description\":\"You are not using any subheadings, but your text is short enough and probably doesn\'t need them.\",\"score\":9,\"maxScore\":9,\"error\":0},\"calculateFleschReading\":{\"title\":\"Flesch Reading Ease\",\"description\":\"The copy scores 9.1 in the test, which is considered very difficult to read. Try to make shorter sentences, using less difficult words to improve readability.\",\"score\":3,\"maxScore\":9,\"error\":1},\"errors\":3}}}',NULL,NULL,NULL,'default','default',NULL,NULL,NULL,NULL,'',NULL,NULL,'[]',0,'default','default',NULL,NULL,NULL,NULL,62,'default','{\"article\":{\"articleType\":\"BlogPosting\"},\"course\":{\"name\":\"\",\"description\":\"\",\"provider\":\"\"},\"faq\":{\"pages\":[]},\"product\":{\"reviews\":[]},\"recipe\":{\"ingredients\":[],\"instructions\":[],\"keywords\":[]},\"software\":{\"reviews\":[],\"operatingSystems\":[]},\"webPage\":{\"webPageType\":\"WebPage\"}}',0,1,0,0,0,0,0,0,0,-1,-1,'large','{\"tab\":\"general\",\"tab_social\":\"facebook\",\"tab_sidebar\":\"general\",\"tab_modal\":\"general\",\"tab_modal_social\":\"facebook\"}',NULL,NULL,'default','default',NULL,NULL,NULL,'{\"locations\":{\"business\":{\"name\":\"\",\"businessType\":\"\",\"image\":\"\",\"areaServed\":\"\",\"urls\":{\"website\":\"\",\"aboutPage\":\"\",\"contactPage\":\"\"},\"address\":{\"streetLine1\":\"\",\"streetLine2\":\"\",\"zipCode\":\"\",\"city\":\"\",\"state\":\"\",\"country\":\"\",\"addressFormat\":\"#streetLineOne\\n#streetLineTwo\\n#city, #state #zipCode\"},\"contact\":{\"email\":\"\",\"phone\":\"\",\"phoneFormatted\":\"\",\"fax\":\"\",\"faxFormatted\":\"\"},\"ids\":{\"vat\":\"\",\"tax\":\"\",\"chamberOfCommerce\":\"\"},\"payment\":{\"priceRange\":\"\",\"currenciesAccepted\":\"\",\"methods\":\"\"}}},\"openingHours\":{\"useDefaults\":true,\"show\":true,\"alwaysOpen\":false,\"use24hFormat\":false,\"timezone\":\"\",\"labels\":{\"closed\":\"\",\"alwaysOpen\":\"\"},\"days\":{\"monday\":{\"open24h\":false,\"closed\":false,\"openTime\":\"09:00\",\"closeTime\":\"17:00\"},\"tuesday\":{\"open24h\":false,\"closed\":false,\"openTime\":\"09:00\",\"closeTime\":\"17:00\"},\"wednesday\":{\"open24h\":false,\"closed\":false,\"openTime\":\"09:00\",\"closeTime\":\"17:00\"},\"thursday\":{\"open24h\":false,\"closed\":false,\"openTime\":\"09:00\",\"closeTime\":\"17:00\"},\"friday\":{\"open24h\":false,\"closed\":false,\"openTime\":\"09:00\",\"closeTime\":\"17:00\"},\"saturday\":{\"open24h\":false,\"closed\":false,\"openTime\":\"09:00\",\"closeTime\":\"17:00\"},\"sunday\":{\"open24h\":false,\"closed\":false,\"openTime\":\"09:00\",\"closeTime\":\"17:00\"}}}}','2021-08-09 10:53:06','2021-08-09 10:53:06'),(57,327,'#post_title #separator_sa #site_title','#post_content','[]','{\"focus\":[],\"additional\":[]}','{\"analysis\":{\"basic\":{\"metadescriptionLength\":{\"title\":\"Meta description length\",\"description\":\"The meta description is over 160 characters.\",\"score\":6,\"maxScore\":9,\"error\":1},\"lengthContent\":{\"title\":\"Content Length\",\"description\":\"This is far below the recommended minimum of words.\",\"score\":-20,\"maxScore\":9,\"error\":1},\"isInternalLink\":{\"title\":\"Internal links\",\"description\":\"We couldn\'t find any internal links in your content. Add internal links in your content.\",\"score\":3,\"maxScore\":9,\"error\":1},\"isExternalLink\":{\"title\":\"External links\",\"description\":\"No outbound links were found. Link out to external resources.\",\"score\":3,\"maxScore\":9,\"error\":1},\"errors\":4},\"title\":{\"titleLength\":{\"title\":\"SEO Title length\",\"description\":\"The title is too short.\",\"score\":6,\"maxScore\":9,\"error\":1},\"errors\":1},\"readability\":{\"contentHasAssets\":{\"error\":1,\"title\":\"Images\\/Videos in content\",\"description\":\"You are not using rich media like images or videos.\",\"score\":1,\"maxScore\":5},\"paragraphLength\":{\"title\":\"Paragraphs Length\",\"description\":\"You are using short paragraphs.\",\"score\":5,\"maxScore\":5,\"error\":0},\"sentenceLength\":{\"title\":\"Sentences Length\",\"description\":\"Sentence length is looking great!\",\"score\":9,\"maxScore\":9,\"error\":0},\"passiveVoice\":{\"title\":\"Passive Voice\",\"description\":\"You\'re using enough active voice. That\'s great!\",\"score\":9,\"maxScore\":9,\"error\":0},\"transitionWords\":{\"title\":\"Transition words\",\"description\":\"None of the sentences contain transition words. Use some.\",\"score\":3,\"maxScore\":9,\"error\":1},\"consecutiveSentences\":{\"title\":\"Consecutive sentences\",\"description\":\"There is enough variety in your sentences. That\'s great!\",\"score\":9,\"maxScore\":9,\"error\":0},\"subheadingsDistribution\":{\"title\":\"Subheading distribution\",\"description\":\"You are not using any subheadings, but your text is short enough and probably doesn\'t need them.\",\"score\":9,\"maxScore\":9,\"error\":0},\"calculateFleschReading\":{\"title\":\"Flesch Reading Ease\",\"description\":\"The copy scores 8.5 in the test, which is considered very difficult to read. Try to make shorter sentences, using less difficult words to improve readability.\",\"score\":3,\"maxScore\":9,\"error\":1},\"errors\":3}}}',NULL,NULL,NULL,'default','default',NULL,NULL,NULL,NULL,'',NULL,NULL,'[]',0,'default','default',NULL,NULL,NULL,NULL,62,'default','{\"article\":{\"articleType\":\"BlogPosting\"},\"course\":{\"name\":\"\",\"description\":\"\",\"provider\":\"\"},\"faq\":{\"pages\":[]},\"product\":{\"reviews\":[]},\"recipe\":{\"ingredients\":[],\"instructions\":[],\"keywords\":[]},\"software\":{\"reviews\":[],\"operatingSystems\":[]},\"webPage\":{\"webPageType\":\"WebPage\"}}',0,1,0,0,0,0,0,0,0,-1,-1,'large','{\"tab\":\"general\",\"tab_social\":\"facebook\",\"tab_sidebar\":\"general\",\"tab_modal\":\"general\",\"tab_modal_social\":\"facebook\"}',NULL,NULL,'default','default',NULL,NULL,NULL,'{\"locations\":{\"business\":{\"name\":\"\",\"businessType\":\"\",\"image\":\"\",\"areaServed\":\"\",\"urls\":{\"website\":\"\",\"aboutPage\":\"\",\"contactPage\":\"\"},\"address\":{\"streetLine1\":\"\",\"streetLine2\":\"\",\"zipCode\":\"\",\"city\":\"\",\"state\":\"\",\"country\":\"\",\"addressFormat\":\"#streetLineOne\\n#streetLineTwo\\n#city, #state #zipCode\"},\"contact\":{\"email\":\"\",\"phone\":\"\",\"phoneFormatted\":\"\",\"fax\":\"\",\"faxFormatted\":\"\"},\"ids\":{\"vat\":\"\",\"tax\":\"\",\"chamberOfCommerce\":\"\"},\"payment\":{\"priceRange\":\"\",\"currenciesAccepted\":\"\",\"methods\":\"\"}}},\"openingHours\":{\"useDefaults\":true,\"show\":true,\"alwaysOpen\":false,\"use24hFormat\":false,\"timezone\":\"\",\"labels\":{\"closed\":\"\",\"alwaysOpen\":\"\"},\"days\":{\"monday\":{\"open24h\":false,\"closed\":false,\"openTime\":\"09:00\",\"closeTime\":\"17:00\"},\"tuesday\":{\"open24h\":false,\"closed\":false,\"openTime\":\"09:00\",\"closeTime\":\"17:00\"},\"wednesday\":{\"open24h\":false,\"closed\":false,\"openTime\":\"09:00\",\"closeTime\":\"17:00\"},\"thursday\":{\"open24h\":false,\"closed\":false,\"openTime\":\"09:00\",\"closeTime\":\"17:00\"},\"friday\":{\"open24h\":false,\"closed\":false,\"openTime\":\"09:00\",\"closeTime\":\"17:00\"},\"saturday\":{\"open24h\":false,\"closed\":false,\"openTime\":\"09:00\",\"closeTime\":\"17:00\"},\"sunday\":{\"open24h\":false,\"closed\":false,\"openTime\":\"09:00\",\"closeTime\":\"17:00\"}}}}','2021-08-09 11:03:02','2021-08-09 11:03:02'),(58,328,'#post_title #separator_sa #site_title','#post_content','[]','{\"focus\":[],\"additional\":[]}','{\"analysis\":{\"basic\":{\"metadescriptionLength\":{\"title\":\"Meta description length\",\"description\":\"The meta description is over 160 characters.\",\"score\":6,\"maxScore\":9,\"error\":1},\"lengthContent\":{\"title\":\"Content Length\",\"description\":\"This is far below the recommended minimum of words.\",\"score\":-20,\"maxScore\":9,\"error\":1},\"isInternalLink\":{\"title\":\"Internal links\",\"description\":\"We couldn\'t find any internal links in your content. Add internal links in your content.\",\"score\":3,\"maxScore\":9,\"error\":1},\"isExternalLink\":{\"title\":\"External links\",\"description\":\"No outbound links were found. Link out to external resources.\",\"score\":3,\"maxScore\":9,\"error\":1},\"errors\":4},\"title\":{\"titleLength\":{\"title\":\"SEO Title length\",\"description\":\"The title is too short.\",\"score\":6,\"maxScore\":9,\"error\":1},\"errors\":1},\"readability\":{\"contentHasAssets\":{\"error\":1,\"title\":\"Images\\/Videos in content\",\"description\":\"You are not using rich media like images or videos.\",\"score\":1,\"maxScore\":5},\"paragraphLength\":{\"title\":\"Paragraphs Length\",\"description\":\"You are using short paragraphs.\",\"score\":5,\"maxScore\":5,\"error\":0},\"sentenceLength\":{\"title\":\"Sentences Length\",\"description\":\"Sentence length is looking great!\",\"score\":9,\"maxScore\":9,\"error\":0},\"passiveVoice\":{\"title\":\"Passive Voice\",\"description\":\"You\'re using enough active voice. That\'s great!\",\"score\":9,\"maxScore\":9,\"error\":0},\"transitionWords\":{\"title\":\"Transition words\",\"description\":\"None of the sentences contain transition words. Use some.\",\"score\":3,\"maxScore\":9,\"error\":1},\"consecutiveSentences\":{\"title\":\"Consecutive sentences\",\"description\":\"There is enough variety in your sentences. That\'s great!\",\"score\":9,\"maxScore\":9,\"error\":0},\"subheadingsDistribution\":{\"title\":\"Subheading distribution\",\"description\":\"You are not using any subheadings, but your text is short enough and probably doesn\'t need them.\",\"score\":9,\"maxScore\":9,\"error\":0},\"calculateFleschReading\":{\"title\":\"Flesch Reading Ease\",\"description\":\"The copy scores 8.5 in the test, which is considered very difficult to read. Try to make shorter sentences, using less difficult words to improve readability.\",\"score\":3,\"maxScore\":9,\"error\":1},\"errors\":3}}}',NULL,NULL,NULL,'default','default',NULL,NULL,NULL,NULL,'',NULL,NULL,'[]',0,'default','default',NULL,NULL,NULL,NULL,62,'default','{\"article\":{\"articleType\":\"BlogPosting\"},\"course\":{\"name\":\"\",\"description\":\"\",\"provider\":\"\"},\"faq\":{\"pages\":[]},\"product\":{\"reviews\":[]},\"recipe\":{\"ingredients\":[],\"instructions\":[],\"keywords\":[]},\"software\":{\"reviews\":[],\"operatingSystems\":[]},\"webPage\":{\"webPageType\":\"WebPage\"}}',0,1,0,0,0,0,0,0,0,-1,-1,'large','{\"tab\":\"general\",\"tab_social\":\"facebook\",\"tab_sidebar\":\"general\",\"tab_modal\":\"general\",\"tab_modal_social\":\"facebook\"}',NULL,NULL,'default','default',NULL,NULL,NULL,'{\"locations\":{\"business\":{\"name\":\"\",\"businessType\":\"\",\"image\":\"\",\"areaServed\":\"\",\"urls\":{\"website\":\"\",\"aboutPage\":\"\",\"contactPage\":\"\"},\"address\":{\"streetLine1\":\"\",\"streetLine2\":\"\",\"zipCode\":\"\",\"city\":\"\",\"state\":\"\",\"country\":\"\",\"addressFormat\":\"#streetLineOne\\n#streetLineTwo\\n#city, #state #zipCode\"},\"contact\":{\"email\":\"\",\"phone\":\"\",\"phoneFormatted\":\"\",\"fax\":\"\",\"faxFormatted\":\"\"},\"ids\":{\"vat\":\"\",\"tax\":\"\",\"chamberOfCommerce\":\"\"},\"payment\":{\"priceRange\":\"\",\"currenciesAccepted\":\"\",\"methods\":\"\"}}},\"openingHours\":{\"useDefaults\":true,\"show\":true,\"alwaysOpen\":false,\"use24hFormat\":false,\"timezone\":\"\",\"labels\":{\"closed\":\"\",\"alwaysOpen\":\"\"},\"days\":{\"monday\":{\"open24h\":false,\"closed\":false,\"openTime\":\"09:00\",\"closeTime\":\"17:00\"},\"tuesday\":{\"open24h\":false,\"closed\":false,\"openTime\":\"09:00\",\"closeTime\":\"17:00\"},\"wednesday\":{\"open24h\":false,\"closed\":false,\"openTime\":\"09:00\",\"closeTime\":\"17:00\"},\"thursday\":{\"open24h\":false,\"closed\":false,\"openTime\":\"09:00\",\"closeTime\":\"17:00\"},\"friday\":{\"open24h\":false,\"closed\":false,\"openTime\":\"09:00\",\"closeTime\":\"17:00\"},\"saturday\":{\"open24h\":false,\"closed\":false,\"openTime\":\"09:00\",\"closeTime\":\"17:00\"},\"sunday\":{\"open24h\":false,\"closed\":false,\"openTime\":\"09:00\",\"closeTime\":\"17:00\"}}}}','2021-08-09 11:14:41','2021-08-09 11:14:41'),(59,332,'#post_title #separator_sa #site_title','#post_excerpt','[]','{\"focus\":[],\"additional\":[]}','{\"analysis\":{\"basic\":{\"metadescriptionLength\":{\"title\":\"Meta description length\",\"description\":\"The meta description is over 160 characters.\",\"score\":6,\"maxScore\":9,\"error\":1},\"lengthContent\":{\"title\":\"Content Length\",\"description\":\"This is far below the recommended minimum of words.\",\"score\":-20,\"maxScore\":9,\"error\":1},\"isInternalLink\":{\"title\":\"Internal links\",\"description\":\"We couldn\'t find any internal links in your content. Add internal links in your content.\",\"score\":3,\"maxScore\":9,\"error\":1},\"isExternalLink\":{\"title\":\"External links\",\"description\":\"No outbound links were found. Link out to external resources.\",\"score\":3,\"maxScore\":9,\"error\":1},\"errors\":4},\"title\":{\"titleLength\":{\"title\":\"SEO Title length\",\"description\":\"The title is too short.\",\"score\":6,\"maxScore\":9,\"error\":1},\"errors\":1},\"readability\":{\"contentHasAssets\":{\"error\":1,\"title\":\"Images\\/Videos in content\",\"description\":\"You are not using rich media like images or videos.\",\"score\":1,\"maxScore\":5},\"paragraphLength\":{\"title\":\"Paragraphs Length\",\"description\":\"You are using short paragraphs.\",\"score\":5,\"maxScore\":5,\"error\":0},\"sentenceLength\":{\"title\":\"Sentences Length\",\"description\":\"40% of the sentences contain more than 20 words, which is more than the recommended maximum of 25%. Try to shorten the sentences.\",\"score\":3,\"maxScore\":9,\"error\":1},\"passiveVoice\":{\"title\":\"Passive Voice\",\"description\":\"20% of the sentences contain passive voice, which is more than the recommended maximum of 10%. Try to use their active counterparts.\",\"score\":3,\"maxScore\":9,\"error\":1},\"transitionWords\":{\"title\":\"Transition words\",\"description\":\"Only 20% of the sentences contain transition words, which is not enough. Use more of them.\",\"score\":6,\"maxScore\":9,\"error\":1},\"consecutiveSentences\":{\"title\":\"Consecutive sentences\",\"description\":\"There is enough variety in your sentences. That\'s great!\",\"score\":9,\"maxScore\":9,\"error\":0},\"subheadingsDistribution\":{\"title\":\"Subheading distribution\",\"description\":\"You are not using any subheadings, but your text is short enough and probably doesn\'t need them.\",\"score\":9,\"maxScore\":9,\"error\":0},\"calculateFleschReading\":{\"title\":\"Flesch Reading Ease\",\"description\":\"The copy scores 56 in the test, which is considered fairly difficult to read. Try to make shorter sentences to improve readability.\",\"score\":6,\"maxScore\":9,\"error\":1},\"errors\":5}}}',NULL,NULL,NULL,'default','default',NULL,NULL,NULL,NULL,'',NULL,NULL,'[]',0,'default','default',NULL,NULL,NULL,NULL,59,'default','{\"article\":{\"articleType\":\"BlogPosting\"},\"course\":{\"name\":\"\",\"description\":\"\",\"provider\":\"\"},\"faq\":{\"pages\":[]},\"product\":{\"reviews\":[]},\"recipe\":{\"ingredients\":[],\"instructions\":[],\"keywords\":[]},\"software\":{\"reviews\":[],\"operatingSystems\":[]},\"webPage\":{\"webPageType\":\"WebPage\"}}',0,1,0,0,0,0,0,0,0,-1,-1,'large','{\"tab\":\"general\",\"tab_social\":\"facebook\",\"tab_sidebar\":\"general\",\"tab_modal\":\"general\",\"tab_modal_social\":\"facebook\"}',NULL,NULL,'default','default',NULL,NULL,NULL,'{\"locations\":{\"business\":{\"name\":\"\",\"businessType\":\"\",\"image\":\"\",\"areaServed\":\"\",\"urls\":{\"website\":\"\",\"aboutPage\":\"\",\"contactPage\":\"\"},\"address\":{\"streetLine1\":\"\",\"streetLine2\":\"\",\"zipCode\":\"\",\"city\":\"\",\"state\":\"\",\"country\":\"\",\"addressFormat\":\"#streetLineOne\\n#streetLineTwo\\n#city, #state #zipCode\"},\"contact\":{\"email\":\"\",\"phone\":\"\",\"phoneFormatted\":\"\",\"fax\":\"\",\"faxFormatted\":\"\"},\"ids\":{\"vat\":\"\",\"tax\":\"\",\"chamberOfCommerce\":\"\"},\"payment\":{\"priceRange\":\"\",\"currenciesAccepted\":\"\",\"methods\":\"\"}}},\"openingHours\":{\"useDefaults\":true,\"show\":true,\"alwaysOpen\":false,\"use24hFormat\":false,\"timezone\":\"\",\"labels\":{\"closed\":\"\",\"alwaysOpen\":\"\"},\"days\":{\"monday\":{\"open24h\":false,\"closed\":false,\"openTime\":\"09:00\",\"closeTime\":\"17:00\"},\"tuesday\":{\"open24h\":false,\"closed\":false,\"openTime\":\"09:00\",\"closeTime\":\"17:00\"},\"wednesday\":{\"open24h\":false,\"closed\":false,\"openTime\":\"09:00\",\"closeTime\":\"17:00\"},\"thursday\":{\"open24h\":false,\"closed\":false,\"openTime\":\"09:00\",\"closeTime\":\"17:00\"},\"friday\":{\"open24h\":false,\"closed\":false,\"openTime\":\"09:00\",\"closeTime\":\"17:00\"},\"saturday\":{\"open24h\":false,\"closed\":false,\"openTime\":\"09:00\",\"closeTime\":\"17:00\"},\"sunday\":{\"open24h\":false,\"closed\":false,\"openTime\":\"09:00\",\"closeTime\":\"17:00\"}}}}','2021-08-12 06:37:57','2021-08-12 06:37:57');

--
-- Table structure for table `wp_commentmeta`
--

CREATE TABLE `wp_commentmeta` (
  `meta_id` bigint unsigned NOT NULL AUTO_INCREMENT,
  `comment_id` bigint unsigned NOT NULL DEFAULT '0',
  `meta_key` varchar(255) CHARACTER SET utf8mb4 COLLATE utf8mb4_unicode_520_ci DEFAULT NULL,
  `meta_value` longtext CHARACTER SET utf8mb4 COLLATE utf8mb4_unicode_520_ci,
  PRIMARY KEY (`meta_id`),
  KEY `comment_id` (`comment_id`),
  KEY `meta_key` (`meta_key`(191))
) ENGINE=MyISAM DEFAULT CHARSET=utf8mb4 COLLATE=utf8mb4_unicode_520_ci;

--
-- Dumping data for table `wp_commentmeta`
--


--
-- Table structure for table `wp_comments`
--

CREATE TABLE `wp_comments` (
  `comment_ID` bigint unsigned NOT NULL AUTO_INCREMENT,
  `comment_post_ID` bigint unsigned NOT NULL DEFAULT '0',
  `comment_author` tinytext CHARACTER SET utf8mb4 COLLATE utf8mb4_unicode_520_ci NOT NULL,
  `comment_author_email` varchar(100) CHARACTER SET utf8mb4 COLLATE utf8mb4_unicode_520_ci NOT NULL DEFAULT '',
  `comment_author_url` varchar(200) CHARACTER SET utf8mb4 COLLATE utf8mb4_unicode_520_ci NOT NULL DEFAULT '',
  `comment_author_IP` varchar(100) CHARACTER SET utf8mb4 COLLATE utf8mb4_unicode_520_ci NOT NULL DEFAULT '',
  `comment_date` datetime NOT NULL DEFAULT '0000-00-00 00:00:00',
  `comment_date_gmt` datetime NOT NULL DEFAULT '0000-00-00 00:00:00',
  `comment_content` text CHARACTER SET utf8mb4 COLLATE utf8mb4_unicode_520_ci NOT NULL,
  `comment_karma` int NOT NULL DEFAULT '0',
  `comment_approved` varchar(20) CHARACTER SET utf8mb4 COLLATE utf8mb4_unicode_520_ci NOT NULL DEFAULT '1',
  `comment_agent` varchar(255) CHARACTER SET utf8mb4 COLLATE utf8mb4_unicode_520_ci NOT NULL DEFAULT '',
  `comment_type` varchar(20) CHARACTER SET utf8mb4 COLLATE utf8mb4_unicode_520_ci NOT NULL DEFAULT 'comment',
  `comment_parent` bigint unsigned NOT NULL DEFAULT '0',
  `user_id` bigint unsigned NOT NULL DEFAULT '0',
  PRIMARY KEY (`comment_ID`),
  KEY `comment_post_ID` (`comment_post_ID`),
  KEY `comment_approved_date_gmt` (`comment_approved`,`comment_date_gmt`),
  KEY `comment_date_gmt` (`comment_date_gmt`),
  KEY `comment_parent` (`comment_parent`),
  KEY `comment_author_email` (`comment_author_email`(10))
) ENGINE=MyISAM AUTO_INCREMENT=2 DEFAULT CHARSET=utf8mb4 COLLATE=utf8mb4_unicode_520_ci;

--
-- Dumping data for table `wp_comments`
--


--
-- Table structure for table `wp_db7_forms`
--

CREATE TABLE `wp_db7_forms` (
  `form_id` bigint NOT NULL AUTO_INCREMENT,
  `form_post_id` bigint NOT NULL,
  `form_value` longtext CHARACTER SET utf8mb4 COLLATE utf8mb4_unicode_ci NOT NULL,
  `form_date` datetime NOT NULL DEFAULT '0000-00-00 00:00:00',
  PRIMARY KEY (`form_id`)
) ENGINE=InnoDB AUTO_INCREMENT=56 DEFAULT CHARSET=utf8mb4 COLLATE=utf8mb4_unicode_ci;

--
-- Dumping data for table `wp_db7_forms`
--

INSERT INTO `wp_db7_forms` VALUES (1,326,'a:4:{s:12:\"cfdb7_status\";s:4:\"read\";s:10:\"first-name\";s:4:\"Test\";s:9:\"last-name\";s:4:\"test\";s:10:\"your-email\";s:14:\"test@gmail.com\";}','2021-08-11 13:42:09'),(2,54,'a:5:{s:12:\"cfdb7_status\";s:6:\"unread\";s:13:\"Yourfirstname\";s:4:\"test\";s:12:\"Yourlastname\";s:4:\"test\";s:9:\"Youremail\";s:14:\"test@gmail.com\";s:16:\"Yourmessageforus\";s:4:\"test\";}','2021-08-13 10:50:28'),(3,326,'a:4:{s:12:\"cfdb7_status\";s:6:\"unread\";s:10:\"first-name\";s:5:\"test1\";s:9:\"last-name\";s:5:\"test1\";s:10:\"your-email\";s:16:\"_test@test.comin\";}','2021-08-13 13:45:39'),(4,326,'a:4:{s:12:\"cfdb7_status\";s:6:\"unread\";s:10:\"first-name\";s:6:\"dipika\";s:9:\"last-name\";s:7:\"trivedi\";s:10:\"your-email\";s:34:\"dipika.trivedi@techforceglobal.com\";}','2021-08-13 13:52:23'),(5,326,'a:6:{s:12:\"cfdb7_status\";s:6:\"unread\";s:10:\"first-name\";s:4:\"TEST\";s:9:\"last-name\";s:4:\"TEST\";s:10:\"your-email\";s:17:\"JACOB@ELMON.CO.UK\";s:11:\"sociallink1\";s:4:\"TEST\";s:11:\"sociallink2\";s:0:\"\";}','2021-08-27 15:44:36'),(6,326,'a:6:{s:12:\"cfdb7_status\";s:6:\"unread\";s:10:\"first-name\";s:5:\"Manoj\";s:9:\"last-name\";s:7:\"Gawade \";s:10:\"your-email\";s:25:\"manojgawade7588@gmail.com\";s:11:\"sociallink1\";s:0:\"\";s:11:\"sociallink2\";s:0:\"\";}','2021-08-29 20:20:54'),(7,54,'a:5:{s:12:\"cfdb7_status\";s:6:\"unread\";s:13:\"Yourfirstname\";s:6:\"Bhavin\";s:12:\"Yourlastname\";s:4:\"Shah\";s:9:\"Youremail\";s:24:\"bhavinshah1988@gmail.com\";s:16:\"Yourmessageforus\";s:12:\"TEST Message\";}','2021-09-02 05:56:07'),(8,54,'a:5:{s:12:\"cfdb7_status\";s:6:\"unread\";s:13:\"Yourfirstname\";s:6:\"Bhavin\";s:12:\"Yourlastname\";s:10:\"Rajankumar\";s:9:\"Youremail\";s:24:\"bhavinshah1988@gmail.com\";s:16:\"Yourmessageforus\";s:4:\"TEST\";}','2021-09-02 06:06:38'),(9,54,'a:5:{s:12:\"cfdb7_status\";s:6:\"unread\";s:13:\"Yourfirstname\";s:6:\"Bhavin\";s:12:\"Yourlastname\";s:10:\"Rajankumar\";s:9:\"Youremail\";s:24:\"bhavinshah1988@gmail.com\";s:16:\"Yourmessageforus\";s:4:\"TEST\";}','2021-09-02 06:21:52'),(10,54,'a:5:{s:12:\"cfdb7_status\";s:6:\"unread\";s:13:\"Yourfirstname\";s:5:\"Sanju\";s:12:\"Yourlastname\";s:6:\"Mistry\";s:9:\"Youremail\";s:22:\"mistrysanju52@yahoo.in\";s:16:\"Yourmessageforus\";s:252:\"In publishing and graphic design, Lorem ipsum is a placeholder text commonly used to demonstrate the visual form of a document or a typeface without relying on meaningful content. Lorem ipsum may be used as a placeholder before final copy is available.\";}','2021-09-02 06:38:32'),(11,54,'a:5:{s:12:\"cfdb7_status\";s:6:\"unread\";s:13:\"Yourfirstname\";s:5:\"Sanju\";s:12:\"Yourlastname\";s:6:\"Mistry\";s:9:\"Youremail\";s:22:\"mistrysanju52@yahoo.in\";s:16:\"Yourmessageforus\";s:252:\"In publishing and graphic design, Lorem ipsum is a placeholder text commonly used to demonstrate the visual form of a document or a typeface without relying on meaningful content. Lorem ipsum may be used as a placeholder before final copy is available.\";}','2021-09-02 06:47:48'),(12,54,'a:5:{s:12:\"cfdb7_status\";s:6:\"unread\";s:13:\"Yourfirstname\";s:5:\"Sanju\";s:12:\"Yourlastname\";s:6:\"Mistry\";s:9:\"Youremail\";s:22:\"mistrysanju52@yahoo.in\";s:16:\"Yourmessageforus\";s:252:\"In publishing and graphic design, Lorem ipsum is a placeholder text commonly used to demonstrate the visual form of a document or a typeface without relying on meaningful content. Lorem ipsum may be used as a placeholder before final copy is available.\";}','2021-09-02 06:48:46'),(13,54,'a:5:{s:12:\"cfdb7_status\";s:6:\"unread\";s:13:\"Yourfirstname\";s:5:\"Sanju\";s:12:\"Yourlastname\";s:6:\"Mistry\";s:9:\"Youremail\";s:22:\"mistrysanju52@yahoo.in\";s:16:\"Yourmessageforus\";s:252:\"In publishing and graphic design, Lorem ipsum is a placeholder text commonly used to demonstrate the visual form of a document or a typeface without relying on meaningful content. Lorem ipsum may be used as a placeholder before final copy is available.\";}','2021-09-02 08:10:20'),(14,54,'a:5:{s:12:\"cfdb7_status\";s:6:\"unread\";s:13:\"Yourfirstname\";s:5:\"Sanju\";s:12:\"Yourlastname\";s:6:\"Mistry\";s:9:\"Youremail\";s:22:\"mistrysanju52@yahoo.in\";s:16:\"Yourmessageforus\";s:9:\"Testinngg\";}','2021-09-02 09:40:27'),(15,54,'a:5:{s:12:\"cfdb7_status\";s:6:\"unread\";s:13:\"Yourfirstname\";s:5:\"Sanju\";s:12:\"Yourlastname\";s:6:\"Mistry\";s:9:\"Youremail\";s:22:\"mistrysanju52@yahoo.in\";s:16:\"Yourmessageforus\";s:7:\"Testing\";}','2021-09-02 09:42:42'),(16,54,'a:5:{s:12:\"cfdb7_status\";s:6:\"unread\";s:13:\"Yourfirstname\";s:5:\"Sanju\";s:12:\"Yourlastname\";s:6:\"Mistry\";s:9:\"Youremail\";s:22:\"mistrysanju52@yahoo.in\";s:16:\"Yourmessageforus\";s:252:\"In publishing and graphic design, Lorem ipsum is a placeholder text commonly used to demonstrate the visual form of a document or a typeface without relying on meaningful content. Lorem ipsum may be used as a placeholder before final copy is available.\";}','2021-09-02 10:06:52'),(17,54,'a:5:{s:12:\"cfdb7_status\";s:6:\"unread\";s:13:\"Yourfirstname\";s:5:\"Sanju\";s:12:\"Yourlastname\";s:6:\"Mistry\";s:9:\"Youremail\";s:22:\"mistrysanju52@yahoo.in\";s:16:\"Yourmessageforus\";s:7:\"Testing\";}','2021-09-02 10:26:39'),(18,54,'a:5:{s:12:\"cfdb7_status\";s:6:\"unread\";s:13:\"Yourfirstname\";s:5:\"Sanju\";s:12:\"Yourlastname\";s:6:\"Mistry\";s:9:\"Youremail\";s:22:\"mistrysanju52@yahoo.in\";s:16:\"Yourmessageforus\";s:4:\"test\";}','2021-09-02 10:49:18'),(19,326,'a:6:{s:12:\"cfdb7_status\";s:6:\"unread\";s:10:\"first-name\";s:5:\"sanju\";s:9:\"last-name\";s:6:\"mistry\";s:10:\"your-email\";s:22:\"mistrysanju52@yahoo.in\";s:11:\"sociallink1\";s:40:\"https:&#047;&#047;www.facebook.com&#047;\";s:11:\"sociallink2\";s:72:\"Checking the proxy and the firewall\r\nRunning Windows Network Diagnostics\";}','2021-09-02 11:23:37'),(20,326,'a:6:{s:12:\"cfdb7_status\";s:6:\"unread\";s:10:\"first-name\";s:5:\"sanju\";s:9:\"last-name\";s:6:\"mistry\";s:10:\"your-email\";s:22:\"mistrysanju52@yahoo.in\";s:11:\"sociallink1\";s:16:\"www.facebook.com\";s:11:\"sociallink2\";s:7:\"Testing\";}','2021-09-02 11:29:16'),(21,326,'a:6:{s:12:\"cfdb7_status\";s:6:\"unread\";s:10:\"first-name\";s:5:\"sanju\";s:9:\"last-name\";s:6:\"mistry\";s:10:\"your-email\";s:22:\"mistrysanju52@yahoo.in\";s:11:\"sociallink1\";s:5:\"tests\";s:11:\"sociallink2\";s:4:\"test\";}','2021-09-02 11:30:56'),(22,326,'a:6:{s:12:\"cfdb7_status\";s:6:\"unread\";s:10:\"first-name\";s:5:\"sanju\";s:9:\"last-name\";s:6:\"mistry\";s:10:\"your-email\";s:22:\"mistrysanju52@yahoo.in\";s:11:\"sociallink1\";s:5:\"tetet\";s:11:\"sociallink2\";s:4:\"tete\";}','2021-09-02 11:49:20'),(23,54,'a:5:{s:12:\"cfdb7_status\";s:6:\"unread\";s:13:\"Yourfirstname\";s:5:\"Sanju\";s:12:\"Yourlastname\";s:6:\"Mistry\";s:9:\"Youremail\";s:22:\"mistrysanju52@yahoo.in\";s:16:\"Yourmessageforus\";s:6:\"testts\";}','2021-09-02 11:51:35'),(24,54,'a:5:{s:12:\"cfdb7_status\";s:6:\"unread\";s:13:\"Yourfirstname\";s:5:\"Sanju\";s:12:\"Yourlastname\";s:6:\"Mistry\";s:9:\"Youremail\";s:22:\"mistrysanju52@yahoo.in\";s:16:\"Yourmessageforus\";s:7:\"Testing\";}','2021-09-02 11:53:23'),(25,326,'a:6:{s:12:\"cfdb7_status\";s:6:\"unread\";s:10:\"first-name\";s:6:\"Bhavin\";s:9:\"last-name\";s:10:\"Rajankumar\";s:10:\"your-email\";s:24:\"bhavinshah1988@gmail.com\";s:11:\"sociallink1\";s:7:\"TEETTET\";s:11:\"sociallink2\";s:6:\"TETETE\";}','2021-09-02 12:38:06'),(26,326,'a:6:{s:12:\"cfdb7_status\";s:6:\"unread\";s:10:\"first-name\";s:6:\"Bhavin\";s:9:\"last-name\";s:10:\"Rajankumar\";s:10:\"your-email\";s:31:\"bhavin.shah@techforceglobal.com\";s:11:\"sociallink1\";s:6:\"dasdad\";s:11:\"sociallink2\";s:6:\"asdasd\";}','2021-09-02 12:38:53'),(27,326,'a:6:{s:12:\"cfdb7_status\";s:6:\"unread\";s:10:\"first-name\";s:6:\"Bhavin\";s:9:\"last-name\";s:10:\"Rajankumar\";s:10:\"your-email\";s:31:\"bhavin.shah@techforceglobal.com\";s:11:\"sociallink1\";s:7:\"TEST 1 \";s:11:\"sociallink2\";s:7:\"TEST 2 \";}','2021-09-02 12:40:26'),(28,54,'a:5:{s:12:\"cfdb7_status\";s:6:\"unread\";s:13:\"Yourfirstname\";s:6:\"Bhavin\";s:12:\"Yourlastname\";s:10:\"Rajankumar\";s:9:\"Youremail\";s:31:\"bhavin.shah@techforceglobal.com\";s:16:\"Yourmessageforus\";s:52:\"TESTTESTTESTTESTTESTTESTTESTTESTTESTTESTTESTTESTTEST\";}','2021-09-02 12:41:46'),(29,54,'a:5:{s:12:\"cfdb7_status\";s:6:\"unread\";s:13:\"Yourfirstname\";s:6:\"Dipika\";s:12:\"Yourlastname\";s:7:\"Trivedi\";s:9:\"Youremail\";s:34:\"dipika.trivedi@techforceglobal.com\";s:16:\"Yourmessageforus\";s:7:\"testing\";}','2021-09-02 12:46:59'),(30,54,'a:5:{s:12:\"cfdb7_status\";s:6:\"unread\";s:13:\"Yourfirstname\";s:4:\"test\";s:12:\"Yourlastname\";s:7:\"Trivedi\";s:9:\"Youremail\";s:18:\"test2test@test.com\";s:16:\"Yourmessageforus\";s:4:\"test\";}','2021-09-02 13:35:53'),(31,326,'a:6:{s:12:\"cfdb7_status\";s:6:\"unread\";s:10:\"first-name\";s:5:\"Edwin\";s:9:\"last-name\";s:7:\"Honoret\";s:10:\"your-email\";s:24:\"edwininquiries@gmail.com\";s:11:\"sociallink1\";s:174:\"https:&#047;&#047;www.instagram.com&#047;edwinhonoret&#047;?hl=en\r\n\r\nhttps:&#047;&#047;twitter.com&#047;Edwin_Honoret?ref_src=twsrc%5Egoogle%7Ctwcamp%5Eserp%7Ctwgr%5Eauthor\r\n\";s:11:\"sociallink2\";s:394:\"I am a member of the renounced boyband PRETTYMUCH signed to warner music. I’m heavily invested in the NFT world not only on the art front but also in the investment side of things. As a music artist I have questioned what my place is in the NFT space until my friend Diablo recommended you guys. Through countless research I hope to start an amazing project with you guys and grow together ! \";}','2021-09-09 00:31:37'),(32,326,'a:6:{s:12:\"cfdb7_status\";s:6:\"unread\";s:10:\"first-name\";s:5:\"Edwin\";s:9:\"last-name\";s:7:\"Honoret\";s:10:\"your-email\";s:24:\"edwininquiries@gmail.com\";s:11:\"sociallink1\";s:174:\"https:&#047;&#047;www.instagram.com&#047;edwinhonoret&#047;?hl=en\r\n\r\nhttps:&#047;&#047;twitter.com&#047;Edwin_Honoret?ref_src=twsrc%5Egoogle%7Ctwcamp%5Eserp%7Ctwgr%5Eauthor\r\n\";s:11:\"sociallink2\";s:394:\"I am a member of the renounced boyband PRETTYMUCH signed to warner music. I’m heavily invested in the NFT world not only on the art front but also in the investment side of things. As a music artist I have questioned what my place is in the NFT space until my friend Diablo recommended you guys. Through countless research I hope to start an amazing project with you guys and grow together ! \";}','2021-09-09 02:59:40'),(33,54,'a:5:{s:12:\"cfdb7_status\";s:6:\"unread\";s:13:\"Yourfirstname\";s:5:\"Karin\";s:12:\"Yourlastname\";s:9:\"McAlister\";s:9:\"Youremail\";s:29:\"info@localbusinesstraffic.biz\";s:16:\"Yourmessageforus\";s:947:\"Just dropped by your website to leave a bit of great news for your business in a brief comment.\r\n\r\nThis webite is great but are enough people reaching it easily? Maybe we can help you get more leads annd sales.\r\n\r\nNope. Were not selling you a new website or SEO or on going monthly fees to get more traffic.\r\n\r\nWe teach a better way to get more leads and ways to CRUSH your competition with a simple program from Google that VERY FEW companies take advantage of but should.\r\n\r\nFor less that $25 you can literally get more calls, visits to this website, and more customers in as little as 5 business\r\ndays - GUARANTEED!\r\n\r\nSound too good to be true? Check out our website https:&#047;&#047;www.localbusinesstraffic.biz, watch the video, read the facts and then, decide if you want to grab this easy to use step-by-step course or let your competition get it.\r\n\r\nCheck it out. You&#039;ll be glad you did! Thank you and we wish you continued success!\";}','2021-09-21 01:50:24'),(34,54,'a:5:{s:12:\"cfdb7_status\";s:6:\"unread\";s:13:\"Yourfirstname\";s:5:\"Jenny\";s:12:\"Yourlastname\";s:4:\"Jess\";s:9:\"Youremail\";s:19:\"jenny@foremedia.net\";s:16:\"Yourmessageforus\";s:1456:\"Hey, I visited your site and I think that your content is amazing! It is really engaging and original, you must have worked so hard to generate such a quality content. We are ForeMedia and we help website owners with great websites to maximize the revenue they make from their website. I would love to buy Ad Spaces on your website and pay you per each impression of the ads on your site. We are Google Ad Exchange Premium partners and we work with more than 100 Ad Network & thousands of premium direct advertisers who would LOVE to buy Ads directly from your site and we can guarantee to increase your revenue by at least 45% compared to other advertising solutions you are currently using. You deserve to earn more for your content and maximize your earning potential and I will help you unlock that potential! There is no cost, you can register to our monetization platform for free on this link: https:&#047;&#047;foremedia.net&#047;start I will be available for you on the Live Chat if you need any help, or you can email me back to: jenny@foremedia.net if you have any questions. I have at least 17 Premium Advertisers that have asked me to approach you because they would like to advertise on your website on Premium eCPM [cost per impressions] basis. Have a good day & feel free to ping me for any question! Click the link here for 1 minute registration to our platform [it&#039;s free!]: https:&#047;&#047;go.foremedia.net&#047;u&#047;start&#047;\";}','2021-09-21 07:04:39'),(35,326,'a:6:{s:12:\"cfdb7_status\";s:6:\"unread\";s:10:\"first-name\";s:6:\"dipika\";s:9:\"last-name\";s:7:\"trivedi\";s:10:\"your-email\";s:34:\"dipika.trivedi@techforceglobal.com\";s:11:\"sociallink1\";s:0:\"\";s:11:\"sociallink2\";s:0:\"\";}','2021-09-23 07:41:24'),(36,326,'a:6:{s:12:\"cfdb7_status\";s:6:\"unread\";s:10:\"first-name\";s:6:\"dipika\";s:9:\"last-name\";s:7:\"trivedi\";s:10:\"your-email\";s:34:\"dipika.trivedi@techforceglobal.com\";s:11:\"sociallink1\";s:0:\"\";s:11:\"sociallink2\";s:0:\"\";}','2021-09-23 07:43:49'),(37,326,'a:6:{s:12:\"cfdb7_status\";s:6:\"unread\";s:10:\"first-name\";s:6:\"dipika\";s:9:\"last-name\";s:7:\"trivedi\";s:10:\"your-email\";s:34:\"dipika.trivedi@techforceglobal.com\";s:11:\"sociallink1\";s:0:\"\";s:11:\"sociallink2\";s:0:\"\";}','2021-09-23 07:53:51'),(38,326,'a:6:{s:12:\"cfdb7_status\";s:6:\"unread\";s:10:\"first-name\";s:6:\"dipika\";s:9:\"last-name\";s:7:\"trivedi\";s:10:\"your-email\";s:34:\"dipika.trivedi@techforceglobal.com\";s:11:\"sociallink1\";s:0:\"\";s:11:\"sociallink2\";s:0:\"\";}','2021-09-23 07:54:36'),(39,326,'a:6:{s:12:\"cfdb7_status\";s:6:\"unread\";s:10:\"first-name\";s:5:\"sanju\";s:9:\"last-name\";s:6:\"mistry\";s:10:\"your-email\";s:22:\"mistrysanju52@yahoo.in\";s:11:\"sociallink1\";s:6:\"Teting\";s:11:\"sociallink2\";s:7:\"Testing\";}','2021-09-23 08:23:39'),(40,326,'a:6:{s:12:\"cfdb7_status\";s:6:\"unread\";s:10:\"first-name\";s:6:\"Bhavin\";s:9:\"last-name\";s:10:\"Rajankumar\";s:10:\"your-email\";s:24:\"bhavinshah1988@gmail.com\";s:11:\"sociallink1\";s:326:\"May be an image of text that says &#039;Discover Winning Strategies for Your SampleManager LIMSM. May be an image of one or more people, people standing and text .May be an image of text that says &#039;Discover Winning Strategies for Your SampleManager LIMSM. May be an image of one or more people, people standing and text .\";s:11:\"sociallink2\";s:828:\"TEST 1eqweqweMay be an image of text that says &#039;Discover Winning Strategies for Your SampleManager LIMSM. May be an image of one or more people, people standing and text .May be an image of text that says &#039;Discover Winning Strategies for Your SampleManager LIMSM. May be an image of one or more people, people standing and text .May be an image of text that says &#039;Discover Winning Strategies for Your SampleManager LIMSM. May be an image of one or more people, people standing and text .May be an image of text that says &#039;Discover Winning Strategies for Your SampleManager LIMSM. May be an image of one or more people, people standing and text .May be an image of text that says &#039;Discover Winning Strategies for Your SampleManager LIMSM. May be an image of one or more people, people standing and text .\";}','2021-09-23 11:55:42'),(41,326,'a:6:{s:12:\"cfdb7_status\";s:6:\"unread\";s:10:\"first-name\";s:6:\"Bhavin\";s:9:\"last-name\";s:10:\"Rajankumar\";s:10:\"your-email\";s:24:\"bhavinshah1988@gmail.com\";s:11:\"sociallink1\";s:111:\"May be an image of text that says &#039;Discover Winning Strategies for Your SampleManager LIMSM. May be an xt \";s:11:\"sociallink2\";s:732:\"TEST 1eqweqweMay be an image of text that says &#039;Discover Winning and text .May be an image of text that says &#039;Discover Winning Strategies for Your SampleManager LIMSM. May be an image of one or more people, people standing and text .May be an image of text that says &#039;Discover Winning Strategies for Your SampleManager LIMSM. May be an image of one or more people, people standing and text .May be an image of text that says &#039;Discover Winning Strategies for Your SampleManager LIMSM. May be an image of one or more people, people standing and text .May be an image of text that says &#039;Discover Winning Strategies for Your SampleManager LIMSM. May be an image of one or more people, people standing and text .\";}','2021-09-23 11:56:06'),(42,326,'a:6:{s:12:\"cfdb7_status\";s:6:\"unread\";s:10:\"first-name\";s:5:\"sanju\";s:9:\"last-name\";s:6:\"mistry\";s:10:\"your-email\";s:22:\"mistrysanju52@yahoo.in\";s:11:\"sociallink1\";s:7:\"TEsting\";s:11:\"sociallink2\";s:7:\"Tesfinn\";}','2021-09-23 11:56:29'),(43,326,'a:6:{s:12:\"cfdb7_status\";s:6:\"unread\";s:10:\"first-name\";s:6:\"Bhavin\";s:9:\"last-name\";s:10:\"Rajankumar\";s:10:\"your-email\";s:24:\"bhavinshah1988@gmail.com\";s:11:\"sociallink1\";s:163:\"May be an image of text that says &#039;Discover Winning Strategies for Your SampleManager LIMSM. May be an image of one or more people, people standing and text .\";s:11:\"sociallink2\";s:163:\"May be an image of text that says &#039;Discover Winning Strategies for Your SampleManager LIMSM. May be an image of one or more people, people standing and text .\";}','2021-09-23 12:07:35'),(44,54,'a:5:{s:12:\"cfdb7_status\";s:6:\"unread\";s:13:\"Yourfirstname\";s:6:\"Bhavin\";s:12:\"Yourlastname\";s:10:\"Rajankumar\";s:9:\"Youremail\";s:24:\"bhavinshah1988@gmail.com\";s:16:\"Yourmessageforus\";s:40:\"Contact UsContact UsContact UsContact Us\";}','2021-09-23 12:08:27'),(45,54,'a:5:{s:12:\"cfdb7_status\";s:6:\"unread\";s:13:\"Yourfirstname\";s:4:\"test\";s:12:\"Yourlastname\";s:4:\"test\";s:9:\"Youremail\";s:22:\"mistrysanju52@yahoo.in\";s:16:\"Yourmessageforus\";s:7:\"Testing\";}','2021-09-23 12:11:37'),(46,326,'a:6:{s:12:\"cfdb7_status\";s:6:\"unread\";s:10:\"first-name\";s:6:\"Bhavin\";s:9:\"last-name\";s:10:\"Rajankumar\";s:10:\"your-email\";s:24:\"bhavinshah1988@gmail.com\";s:11:\"sociallink1\";s:163:\"May be an image of text that says &#039;Discover Winning Strategies for Your SampleManager LIMSM. May be an image of one or more people, people standing and text .\";s:11:\"sociallink2\";s:163:\"May be an image of text that says &#039;Discover Winning Strategies for Your SampleManager LIMSM. May be an image of one or more people, people standing and text .\";}','2021-09-23 12:12:40'),(47,326,'a:6:{s:12:\"cfdb7_status\";s:6:\"unread\";s:10:\"first-name\";s:6:\"Bhavin\";s:9:\"last-name\";s:10:\"Rajankumar\";s:10:\"your-email\";s:24:\"bhavinshah1988@gmail.com\";s:11:\"sociallink1\";s:163:\"May be an image of text that says &#039;Discover Winning Strategies for Your SampleManager LIMSM. May be an image of one or more people, people standing and text .\";s:11:\"sociallink2\";s:163:\"May be an image of text that says &#039;Discover Winning Strategies for Your SampleManager LIMSM. May be an image of one or more people, people standing and text .\";}','2021-09-23 12:12:48'),(48,326,'a:6:{s:12:\"cfdb7_status\";s:6:\"unread\";s:10:\"first-name\";s:6:\"Bhavin\";s:9:\"last-name\";s:10:\"Rajankumar\";s:10:\"your-email\";s:24:\"bhavinshah1988@gmail.com\";s:11:\"sociallink1\";s:4:\"TEST\";s:11:\"sociallink2\";s:4:\"TEST\";}','2021-09-23 12:12:56'),(49,326,'a:6:{s:12:\"cfdb7_status\";s:6:\"unread\";s:10:\"first-name\";s:6:\"Bhavin\";s:9:\"last-name\";s:10:\"Rajankumar\";s:10:\"your-email\";s:24:\"bhavinshah1988@gmail.com\";s:11:\"sociallink1\";s:15:\"Sell with Vtail\";s:11:\"sociallink2\";s:15:\"Sell with Vtail\";}','2021-09-23 12:18:09'),(50,326,'a:6:{s:12:\"cfdb7_status\";s:6:\"unread\";s:10:\"first-name\";s:6:\"Bhavin\";s:9:\"last-name\";s:10:\"Rajankumar\";s:10:\"your-email\";s:24:\"bhavinshah1988@gmail.com\";s:11:\"sociallink1\";s:15:\"Sell with Vtail\";s:11:\"sociallink2\";s:15:\"Sell with Vtail\";}','2021-09-23 12:20:40'),(51,326,'a:6:{s:12:\"cfdb7_status\";s:6:\"unread\";s:10:\"first-name\";s:6:\"Bhavin\";s:9:\"last-name\";s:10:\"Rajankumar\";s:10:\"your-email\";s:24:\"bhavinshah1988@gmail.com\";s:11:\"sociallink1\";s:15:\"Sell with Vtail\";s:11:\"sociallink2\";s:15:\"Sell with Vtail\";}','2021-09-23 12:21:04'),(52,326,'a:6:{s:12:\"cfdb7_status\";s:6:\"unread\";s:10:\"first-name\";s:6:\"Bhavin\";s:9:\"last-name\";s:10:\"Rajankumar\";s:10:\"your-email\";s:24:\"bhavinshah1988@gmail.com\";s:11:\"sociallink1\";s:15:\"Sell with Vtail\";s:11:\"sociallink2\";s:15:\"Sell with Vtail\";}','2021-09-23 12:21:56'),(53,54,'a:5:{s:12:\"cfdb7_status\";s:6:\"unread\";s:13:\"Yourfirstname\";s:5:\"sanju\";s:12:\"Yourlastname\";s:6:\"mistry\";s:9:\"Youremail\";s:22:\"mistrysanju52@yahoo.in\";s:16:\"Yourmessageforus\";s:7:\"Testing\";}','2021-09-23 12:43:37'),(54,326,'a:6:{s:12:\"cfdb7_status\";s:6:\"unread\";s:10:\"first-name\";s:4:\"Test\";s:9:\"last-name\";s:4:\"TEst\";s:10:\"your-email\";s:14:\"test@gmail.com\";s:11:\"sociallink1\";s:7:\"TEsting\";s:11:\"sociallink2\";s:7:\"Testing\";}','2021-09-23 12:44:24'),(55,54,'a:5:{s:12:\"cfdb7_status\";s:6:\"unread\";s:13:\"Yourfirstname\";s:4:\"Eric\";s:12:\"Yourlastname\";s:5:\"Jones\";s:9:\"Youremail\";s:27:\"eric.jones.z.mail@gmail.com\";s:16:\"Yourmessageforus\";s:2376:\"Cool website!\r\n\r\nMy name’s Eric, and I just found your site - vtail.com - while surfing the net. You showed up at the top of the search results, so I checked you out. Looks like what you’re doing is pretty cool.\r\n \r\nBut if you don’t mind me asking – after someone like me stumbles across vtail.com, what usually happens?\r\n\r\nIs your site generating leads for your business? \r\n \r\nI’m guessing some, but I also bet you’d like more… studies show that 7 out 10 who land on a site wind up leaving without a trace.\r\n\r\nNot good.\r\n\r\nHere’s a thought – what if there was an easy way for every visitor to “raise their hand” to get a phone call from you INSTANTLY… the second they hit your site and said, “call me now.”\r\n\r\nYou can –\r\n  \r\nTalk With Web Visitor is a software widget that’s works on your site, ready to capture any visitor’s Name, Email address and Phone Number.  It lets you know IMMEDIATELY – so that you can talk to that lead while they’re literally looking over your site.\r\n\r\nCLICK HERE https:&#047;&#047;talkwithwebvisitors.com to try out a Live Demo with Talk With Web Visitor now to see exactly how it works.\r\n\r\nTime is money when it comes to connecting with leads – the difference between contacting someone within 5 minutes versus 30 minutes later can be huge – like 100 times better!\r\n\r\nThat’s why we built out our new SMS Text With Lead feature… because once you’ve captured the visitor’s phone number, you can automatically start a text message (SMS) conversation.\r\n  \r\nThink about the possibilities – even if you don’t close a deal then and there, you can follow up with text messages for new offers, content links, even just “how you doing?” notes to build a relationship.\r\n\r\nWouldn’t that be cool?\r\n\r\nCLICK HERE https:&#047;&#047;talkwithwebvisitors.com to discover what Talk With Web Visitor can do for your business.\r\n\r\nYou could be converting up to 100X more leads today!\r\nEric\r\n\r\nPS: Talk With Web Visitor offers a FREE 14 days trial – and it even includes International Long Distance Calling. \r\nYou have customers waiting to talk with you right now… don’t keep them waiting. \r\nCLICK HERE https:&#047;&#047;talkwithwebvisitors.com to try Talk With Web Visitor now.\r\n\r\nIf you&#039;d like to unsubscribe click here http:&#047;&#047;talkwithwebvisitors.com&#047;unsubscribe.aspx?d=vtail.com\r\n\";}','2021-09-26 11:01:44');

--
-- Table structure for table `wp_hidemysiteSecure`
--

CREATE TABLE `wp_hidemysiteSecure` (
  `id` mediumint NOT NULL AUTO_INCREMENT,
  `ip` text CHARACTER SET utf8mb4 COLLATE utf8mb4_unicode_ci NOT NULL,
  `time` varchar(20) CHARACTER SET utf8mb4 COLLATE utf8mb4_unicode_ci NOT NULL,
  `repeated_fails` varchar(20) CHARACTER SET utf8mb4 COLLATE utf8mb4_unicode_ci NOT NULL,
  UNIQUE KEY `id` (`id`)
) ENGINE=InnoDB AUTO_INCREMENT=93 DEFAULT CHARSET=utf8mb4 COLLATE=utf8mb4_unicode_ci;

--
-- Dumping data for table `wp_hidemysiteSecure`
--

INSERT INTO `wp_hidemysiteSecure` VALUES (21,'199.7.167.10','1629095006','1');

--
-- Table structure for table `wp_ig_actions`
--

CREATE TABLE `wp_ig_actions` (
  `contact_id` bigint unsigned DEFAULT NULL,
  `message_id` bigint unsigned DEFAULT NULL,
  `campaign_id` bigint unsigned DEFAULT NULL,
  `type` tinyint(1) NOT NULL DEFAULT '0',
  `count` int unsigned NOT NULL DEFAULT '0',
  `link_id` bigint unsigned NOT NULL DEFAULT '0',
  `list_id` int unsigned NOT NULL DEFAULT '0',
  `ip` varchar(50) CHARACTER SET utf8mb4 COLLATE utf8mb4_unicode_520_ci DEFAULT NULL,
  `country` varchar(50) CHARACTER SET utf8mb4 COLLATE utf8mb4_unicode_520_ci DEFAULT NULL,
  `device` varchar(50) CHARACTER SET utf8mb4 COLLATE utf8mb4_unicode_520_ci DEFAULT NULL,
  `browser` varchar(50) CHARACTER SET utf8mb4 COLLATE utf8mb4_unicode_520_ci DEFAULT NULL,
  `email_client` varchar(50) CHARACTER SET utf8mb4 COLLATE utf8mb4_unicode_520_ci DEFAULT NULL,
  `os` varchar(50) CHARACTER SET utf8mb4 COLLATE utf8mb4_unicode_520_ci DEFAULT NULL,
  `created_at` int unsigned NOT NULL DEFAULT '0',
  `updated_at` int unsigned NOT NULL DEFAULT '0',
  UNIQUE KEY `id` (`contact_id`,`message_id`,`campaign_id`,`type`,`link_id`,`list_id`),
  KEY `contact_id` (`contact_id`),
  KEY `message_id` (`message_id`),
  KEY `campaign_id` (`campaign_id`),
  KEY `type` (`type`)
) ENGINE=InnoDB DEFAULT CHARSET=utf8mb4 COLLATE=utf8mb4_unicode_520_ci;

--
-- Dumping data for table `wp_ig_actions`
--

INSERT INTO `wp_ig_actions` VALUES (0,0,0,2,6,0,0,'','','','','','',1625055551,1631912102),(1,1,1,2,4,0,0,'','','','','','',1625055552,1625055552),(2,1,1,2,4,0,0,'','','','','','',1625055552,1625055552),(1,0,0,2,4,0,0,'','','','','','',1625056709,1625819812),(3,NULL,NULL,1,1,0,1,'','','','','','',1625056804,1625056804),(3,NULL,NULL,1,1,0,2,'','','','','','',1625056804,1625056804),(3,0,0,2,9,0,0,'','','','','','',1625056804,1625833894),(3,NULL,NULL,1,1,0,1,'','','','','','',1625141327,1625141327),(3,NULL,NULL,1,1,0,2,'','','','','','',1625141327,1625141327),(4,NULL,NULL,1,1,0,1,'','','','','','',1625147748,1625147748),(4,NULL,NULL,1,1,0,2,'','','','','','',1625147748,1625147748),(4,0,0,2,6,0,0,'','','','','','',1625147748,1628851779),(4,NULL,NULL,1,1,0,1,'','','','','','',1625207903,1625207903),(4,NULL,NULL,1,1,0,2,'','','','','','',1625207903,1625207903),(5,NULL,NULL,1,1,0,1,'','','','','','',1625210571,1625210571),(5,NULL,NULL,1,1,0,2,'','','','','','',1625210571,1625210571),(5,0,0,2,2,0,0,'','','','','','',1625210571,1625210670),(5,NULL,NULL,1,1,0,1,'','','','','','',1625210670,1625210670),(5,NULL,NULL,1,1,0,2,'','','','','','',1625210670,1625210670),(3,NULL,NULL,1,1,0,1,'','','','','','',1625493773,1625493773),(3,NULL,NULL,1,1,0,2,'','','','','','',1625493773,1625493773),(6,NULL,NULL,1,1,0,1,'','','','','','',1625499875,1625499875),(6,NULL,NULL,1,1,0,2,'','','','','','',1625499875,1625499875),(6,0,0,2,9,0,0,'','','','','','',1625499876,1629439350),(6,NULL,NULL,1,1,0,1,'','','','','','',1625501526,1625501526),(6,NULL,NULL,1,1,0,2,'','','','','','',1625501526,1625501526),(6,NULL,NULL,1,1,0,1,'','','','','','',1625501812,1625501812),(6,NULL,NULL,1,1,0,2,'','','','','','',1625501812,1625501812),(6,NULL,NULL,1,1,0,1,'','','','','','',1625548559,1625548559),(6,NULL,NULL,1,1,0,2,'','','','','','',1625548559,1625548559),(6,NULL,NULL,1,1,0,1,'','','','','','',1625548835,1625548835),(6,NULL,NULL,1,1,0,2,'','','','','','',1625548835,1625548835),(6,NULL,NULL,1,1,0,1,'','','','','','',1625549030,1625549030),(6,NULL,NULL,1,1,0,2,'','','','','','',1625549030,1625549030),(6,NULL,NULL,1,1,0,1,'','','','','','',1625549458,1625549458),(6,NULL,NULL,1,1,0,2,'','','','','','',1625549458,1625549458),(6,NULL,NULL,1,1,0,1,'','','','','','',1625552094,1625552094),(6,NULL,NULL,1,1,0,2,'','','','','','',1625552094,1625552094),(2,NULL,NULL,1,1,0,1,'','','','','','',1625573713,1625573713),(2,NULL,NULL,1,1,0,2,'','','','','','',1625573713,1625573713),(2,0,0,2,12,0,0,'','','','','','',1625573714,1625819195),(2,NULL,NULL,1,1,0,1,'','','','','','',1625573897,1625573897),(2,NULL,NULL,1,1,0,2,'','','','','','',1625573897,1625573897),(7,NULL,NULL,1,1,0,1,'','','','','','',1625642224,1625642224),(7,NULL,NULL,1,1,0,2,'','','','','','',1625642224,1625642224),(7,0,0,2,1,0,0,'','','','','','',1625642225,1625642225),(4,NULL,NULL,1,1,0,1,'','','','','','',1625642261,1625642261),(4,NULL,NULL,1,1,0,2,'','','','','','',1625642261,1625642261),(8,NULL,NULL,1,1,0,1,'','','','','','',1625643119,1625643119),(8,NULL,NULL,1,1,0,2,'','','','','','',1625643119,1625643119),(8,0,0,2,2,0,0,'','','','','','',1625643119,1625836722),(9,NULL,NULL,1,1,0,1,'','','','','','',1625643271,1625643271),(9,NULL,NULL,1,1,0,2,'','','','','','',1625643271,1625643271),(9,0,0,2,3,0,0,'','','','','','',1625643271,1625751691),(9,NULL,NULL,1,1,0,1,'','','','','','',1625643652,1625643652),(9,NULL,NULL,1,1,0,2,'','','','','','',1625643652,1625643652),(2,NULL,NULL,1,1,0,1,'','','','','','',1625652816,1625652816),(2,NULL,NULL,1,1,0,2,'','','','','','',1625652816,1625652816),(2,NULL,NULL,1,1,0,1,'','','','','','',1625653056,1625653056),(2,NULL,NULL,1,1,0,2,'','','','','','',1625653056,1625653056),(10,NULL,NULL,1,1,0,1,'','','','','','',1625657293,1625657293),(10,NULL,NULL,1,1,0,2,'','','','','','',1625657293,1625657293),(10,0,0,2,2,0,0,'','','','','','',1625657293,1625657328),(11,NULL,NULL,1,1,0,1,'','','','','','',1625661397,1625661397),(11,NULL,NULL,1,1,0,2,'','','','','','',1625661397,1625661397),(11,0,0,2,2,0,0,'','','','','','',1625661397,1625661473),(11,NULL,NULL,1,1,0,1,'','','','','','',1625661473,1625661473),(11,NULL,NULL,1,1,0,2,'','','','','','',1625661473,1625661473),(12,NULL,NULL,1,1,0,1,'','','','','','',1625664675,1625664675),(12,NULL,NULL,1,1,0,2,'','','','','','',1625664675,1625664675),(12,0,0,2,1,0,0,'','','','','','',1625664676,1625664676),(2,NULL,NULL,1,1,0,1,'','','','','','',1625724050,1625724050),(2,NULL,NULL,1,1,0,2,'','','','','','',1625724050,1625724050),(2,NULL,NULL,1,1,0,1,'','','','','','',1625726924,1625726924),(2,NULL,NULL,1,1,0,2,'','','','','','',1625726924,1625726924),(2,NULL,NULL,1,1,0,1,'','','','','','',1625731339,1625731339),(2,NULL,NULL,1,1,0,2,'','','','','','',1625731339,1625731339),(4,NULL,NULL,1,1,0,1,'','','','','','',1625733556,1625733556),(4,NULL,NULL,1,1,0,2,'','','','','','',1625733556,1625733556),(13,NULL,NULL,1,1,0,1,'','','','','','',1625750022,1625750022),(13,NULL,NULL,1,1,0,2,'','','','','','',1625750022,1625750022),(13,0,0,2,1,0,0,'','','','','','',1625750022,1625750022),(9,NULL,NULL,1,1,0,1,'','','','','','',1625751690,1625751690),(9,NULL,NULL,1,1,0,2,'','','','','','',1625751690,1625751690),(2,NULL,NULL,1,1,0,1,'','','','','','',1625814663,1625814663),(2,NULL,NULL,1,1,0,2,'','','','','','',1625814663,1625814663),(2,NULL,NULL,1,1,0,1,'','','','','','',1625818416,1625818416),(2,NULL,NULL,1,1,0,2,'','','','','','',1625818416,1625818416),(2,NULL,NULL,1,1,0,1,'','','','','','',1625818915,1625818915),(2,NULL,NULL,1,1,0,2,'','','','','','',1625818915,1625818915),(2,NULL,NULL,1,1,0,1,'','','','','','',1625818964,1625818964),(2,NULL,NULL,1,1,0,2,'','','','','','',1625818964,1625818964),(14,NULL,NULL,1,1,0,1,'','','','','','',1625819049,1625819049),(14,NULL,NULL,1,1,0,2,'','','','','','',1625819049,1625819049),(14,0,0,2,1,0,0,'','','','','','',1625819049,1625819049),(3,NULL,NULL,1,1,0,1,'','','','','','',1625819105,1625819105),(3,NULL,NULL,1,1,0,2,'','','','','','',1625819105,1625819105),(2,NULL,NULL,1,1,0,1,'','','','','','',1625819195,1625819195),(2,NULL,NULL,1,1,0,2,'','','','','','',1625819195,1625819195),(3,NULL,NULL,1,1,0,1,'','','','','','',1625824656,1625824656),(3,NULL,NULL,1,1,0,2,'','','','','','',1625824656,1625824656),(3,NULL,NULL,1,1,0,1,'','','','','','',1625824691,1625824691),(3,NULL,NULL,1,1,0,2,'','','','','','',1625824691,1625824691),(3,NULL,NULL,1,1,0,1,'','','','','','',1625824711,1625824711),(3,NULL,NULL,1,1,0,2,'','','','','','',1625824711,1625824711),(3,NULL,NULL,1,1,0,1,'','','','','','',1625824752,1625824752),(3,NULL,NULL,1,1,0,2,'','','','','','',1625824752,1625824752),(3,NULL,NULL,1,1,0,1,'','','','','','',1625833893,1625833893),(3,NULL,NULL,1,1,0,2,'','','','','','',1625833893,1625833893),(8,NULL,NULL,1,1,0,1,'','','','','','',1625836721,1625836721),(8,NULL,NULL,1,1,0,2,'','','','','','',1625836721,1625836721),(4,NULL,NULL,1,1,0,1,'','','','','','',1628851090,1628851090),(4,NULL,NULL,1,1,0,2,'','','','','','',1628851090,1628851090),(4,NULL,NULL,1,1,0,1,'','','','','','',1628851779,1628851779),(4,NULL,NULL,1,1,0,2,'','','','','','',1628851779,1628851779),(15,NULL,NULL,1,1,0,1,'','','','','','',1629094531,1629094531),(15,NULL,NULL,1,1,0,2,'','','','','','',1629094531,1629094531),(15,0,0,2,1,0,0,'','','','','','',1629094531,1629094531),(16,NULL,NULL,1,1,0,1,'','','','','','',1629416884,1629416884),(16,NULL,NULL,1,1,0,2,'','','','','','',1629416884,1629416884),(16,0,0,2,1,0,0,'','','','','','',1629416884,1629416884),(6,NULL,NULL,1,1,0,1,'','','','','','',1629439349,1629439349),(6,NULL,NULL,1,1,0,2,'','','','','','',1629439349,1629439349),(17,NULL,NULL,1,1,0,1,'','','','','','',1629444931,1629444931),(17,NULL,NULL,1,1,0,2,'','','','','','',1629444931,1629444931),(17,0,0,2,3,0,0,'','','','','','',1629444932,1630575945),(18,NULL,NULL,1,1,0,1,'','','','','','',1630268391,1630268391),(18,NULL,NULL,1,1,0,2,'','','','','','',1630268391,1630268391),(18,0,0,2,1,0,0,'','','','','','',1630268391,1630268391),(19,NULL,NULL,1,1,0,1,'','','','','','',1630574418,1630574418),(19,NULL,NULL,1,1,0,2,'','','','','','',1630574418,1630574418),(19,0,0,2,2,0,0,'','','','','','',1630574418,1630574643),(17,NULL,NULL,1,1,0,1,'','','','','','',1630575945,1630575945),(17,NULL,NULL,1,1,0,2,'','','','','','',1630575945,1630575945),(20,NULL,NULL,1,1,0,1,'','','','','','',1630576014,1630576014),(20,NULL,NULL,1,1,0,2,'','','','','','',1630576014,1630576014),(20,0,0,2,2,0,0,'','','','','','',1630576014,1630653649),(21,NULL,NULL,1,1,0,1,'','','','','','',1630586189,1630586189),(21,NULL,NULL,1,1,0,2,'','','','','','',1630586189,1630586189),(21,0,0,2,4,0,0,'','','','','','',1630586189,1631912102),(21,NULL,NULL,1,1,0,1,'','','','','','',1630586259,1630586259),(21,NULL,NULL,1,1,0,2,'','','','','','',1630586259,1630586259),(22,NULL,NULL,1,1,0,1,'','','','','','',1630586637,1630586637),(22,NULL,NULL,1,1,0,2,'','','','','','',1630586637,1630586637),(22,0,0,2,2,0,0,'','','','','','',1630586638,1630586717),(22,NULL,NULL,1,1,0,1,'','','','','','',1630586717,1630586717),(22,NULL,NULL,1,1,0,2,'','','','','','',1630586717,1630586717),(23,NULL,NULL,1,1,0,1,'','','','','','',1630589824,1630589824),(23,NULL,NULL,1,1,0,2,'','','','','','',1630589824,1630589824),(23,0,0,2,1,0,0,'','','','','','',1630589824,1630589824),(20,NULL,NULL,1,1,0,1,'','','','','','',1630653648,1630653648),(20,NULL,NULL,1,1,0,2,'','','','','','',1630653648,1630653648),(24,NULL,NULL,1,1,0,1,'','','','','','',1630758036,1630758036),(24,NULL,NULL,1,1,0,2,'','','','','','',1630758036,1630758036),(24,0,0,2,2,0,0,'','','','','','',1630758037,1630918568),(25,NULL,NULL,1,1,0,1,'','','','','','',1631911949,1631911949),(25,NULL,NULL,1,1,0,2,'','','','','','',1631911949,1631911949),(25,0,0,2,2,0,0,'','','','','','',1631911949,1631912101),(26,NULL,NULL,1,1,0,1,'','','','','','',1632274015,1632274015),(26,NULL,NULL,1,1,0,2,'','','','','','',1632274015,1632274015),(26,0,0,2,1,0,0,'','','','','','',1632274015,1632274015),(27,NULL,NULL,1,1,0,1,'','','','','','',1632382788,1632382788),(27,NULL,NULL,1,1,0,2,'','','','','','',1632382788,1632382788),(27,0,0,2,1,0,0,'','','','','','',1632382788,1632382788);

--
-- Table structure for table `wp_ig_blocked_emails`
--

CREATE TABLE `wp_ig_blocked_emails` (
  `id` int NOT NULL AUTO_INCREMENT,
  `email` varchar(50) CHARACTER SET utf8mb4 COLLATE utf8mb4_unicode_520_ci DEFAULT NULL,
  `ip` varchar(45) CHARACTER SET utf8mb4 COLLATE utf8mb4_unicode_520_ci DEFAULT NULL,
  `created_on` timestamp NOT NULL DEFAULT CURRENT_TIMESTAMP,
  PRIMARY KEY (`id`)
) ENGINE=InnoDB DEFAULT CHARSET=utf8mb4 COLLATE=utf8mb4_unicode_520_ci;

--
-- Dumping data for table `wp_ig_blocked_emails`
--


--
-- Table structure for table `wp_ig_campaigns`
--

CREATE TABLE `wp_ig_campaigns` (
  `id` int NOT NULL AUTO_INCREMENT,
  `slug` varchar(255) CHARACTER SET utf8mb4 COLLATE utf8mb4_unicode_520_ci DEFAULT NULL,
  `name` varchar(255) CHARACTER SET utf8mb4 COLLATE utf8mb4_unicode_520_ci DEFAULT NULL,
  `type` varchar(50) CHARACTER SET utf8mb4 COLLATE utf8mb4_unicode_520_ci DEFAULT NULL,
  `parent_id` int unsigned DEFAULT NULL,
  `parent_type` varchar(50) CHARACTER SET utf8mb4 COLLATE utf8mb4_unicode_520_ci DEFAULT NULL,
  `subject` varchar(255) CHARACTER SET utf8mb4 COLLATE utf8mb4_unicode_520_ci DEFAULT NULL,
  `body` longtext CHARACTER SET utf8mb4 COLLATE utf8mb4_unicode_520_ci,
  `from_name` varchar(250) CHARACTER SET utf8mb4 COLLATE utf8mb4_unicode_520_ci DEFAULT NULL,
  `from_email` varchar(150) CHARACTER SET utf8mb4 COLLATE utf8mb4_unicode_520_ci DEFAULT NULL,
  `reply_to_name` varchar(250) CHARACTER SET utf8mb4 COLLATE utf8mb4_unicode_520_ci DEFAULT NULL,
  `reply_to_email` varchar(150) CHARACTER SET utf8mb4 COLLATE utf8mb4_unicode_520_ci DEFAULT NULL,
  `categories` text CHARACTER SET utf8mb4 COLLATE utf8mb4_unicode_520_ci,
  `list_ids` text CHARACTER SET utf8mb4 COLLATE utf8mb4_unicode_520_ci NOT NULL,
  `base_template_id` int NOT NULL,
  `status` tinyint NOT NULL,
  `meta` longtext CHARACTER SET utf8mb4 COLLATE utf8mb4_unicode_520_ci,
  `created_at` datetime DEFAULT NULL,
  `updated_at` datetime DEFAULT NULL,
  `deleted_at` datetime DEFAULT NULL,
  PRIMARY KEY (`id`),
  KEY `type` (`type`),
  KEY `status` (`status`),
  KEY `base_template_id` (`base_template_id`)
) ENGINE=InnoDB AUTO_INCREMENT=3 DEFAULT CHARSET=utf8mb4 COLLATE=utf8mb4_unicode_520_ci;

--
-- Dumping data for table `wp_ig_campaigns`
--

INSERT INTO `wp_ig_campaigns` VALUES (1,'welcome-to-email-subscribers','Welcome To Email Subscribers','newsletter',NULL,NULL,'Welcome To Email Subscribers','<strong style=\"color: #990000\">What can you achieve using Email Subscribers?</strong><p>Add subscription forms on website, send HTML newsletters. You can also Import or Export subscribers from any list to Email Subscribers.</p> <strong style=\"color: #990000\">Plugin Features</strong><ol> <li>Send notification emails to subscribers when new blog posts are published.</li> <li>Subscribe form available with 3 options to setup.</li> <li>Double Opt-In and Single Opt-In support.</li> <li>Email notification to admin when a new user signs up (Optional).</li> <li>Automatic welcome email to subscriber.</li> <li>Auto add unsubscribe link in the email.</li> <li>Import/Export subscriber emails to migrate to any lists.</li> <li>Default WordPress editor to create emails.</li> </ol> <strong>Thanks & Regards,</strong><br/>Admin<br/>','OpenSea','rinkal.patel@techforceglobal.com','OpenSea','rinkal.patel@techforceglobal.com','','1',163,1,NULL,'2021-06-30 12:19:09',NULL,NULL),(2,'new-post-published-posttitle','New Post Published - {{POSTTITLE}}','post_notification',NULL,NULL,NULL,'','rinkal.patel@techforceglobal.com','OpenSea','rinkal.patel@techforceglobal.com','OpenSea','##1##','1',164,0,NULL,'2021-06-30 12:19:09',NULL,NULL);

--
-- Table structure for table `wp_ig_contact_meta`
--

CREATE TABLE `wp_ig_contact_meta` (
  `id` int NOT NULL AUTO_INCREMENT,
  `contact_id` bigint unsigned NOT NULL,
  `meta_key` varchar(255) CHARACTER SET utf8mb4 COLLATE utf8mb4_unicode_520_ci DEFAULT NULL,
  `meta_value` longtext CHARACTER SET utf8mb4 COLLATE utf8mb4_unicode_520_ci,
  PRIMARY KEY (`id`),
  KEY `contact_id` (`contact_id`),
  KEY `meta_ley` (`meta_key`)
) ENGINE=InnoDB DEFAULT CHARSET=utf8mb4 COLLATE=utf8mb4_unicode_520_ci;

--
-- Dumping data for table `wp_ig_contact_meta`
--


--
-- Table structure for table `wp_ig_contactmeta`
--

CREATE TABLE `wp_ig_contactmeta` (
  `meta_id` bigint NOT NULL AUTO_INCREMENT,
  `contact_id` bigint unsigned NOT NULL,
  `meta_key` varchar(255) CHARACTER SET utf8mb4 COLLATE utf8mb4_unicode_520_ci DEFAULT NULL,
  `meta_value` longtext CHARACTER SET utf8mb4 COLLATE utf8mb4_unicode_520_ci,
  PRIMARY KEY (`meta_id`),
  KEY `contact_id` (`contact_id`),
  KEY `meta_ley` (`meta_key`)
) ENGINE=InnoDB DEFAULT CHARSET=utf8mb4 COLLATE=utf8mb4_unicode_520_ci;

--
-- Dumping data for table `wp_ig_contactmeta`
--


--
-- Table structure for table `wp_ig_contacts`
--

CREATE TABLE `wp_ig_contacts` (
  `id` int NOT NULL AUTO_INCREMENT,
  `wp_user_id` int NOT NULL DEFAULT '0',
  `first_name` varchar(50) CHARACTER SET utf8mb4 COLLATE utf8mb4_unicode_520_ci DEFAULT NULL,
  `last_name` varchar(50) CHARACTER SET utf8mb4 COLLATE utf8mb4_unicode_520_ci DEFAULT NULL,
  `email` varchar(50) CHARACTER SET utf8mb4 COLLATE utf8mb4_unicode_520_ci NOT NULL,
  `source` varchar(50) CHARACTER SET utf8mb4 COLLATE utf8mb4_unicode_520_ci DEFAULT NULL,
  `ip_address` varchar(50) CHARACTER SET utf8mb4 COLLATE utf8mb4_unicode_520_ci DEFAULT NULL,
  `country_code` varchar(50) CHARACTER SET utf8mb4 COLLATE utf8mb4_unicode_520_ci DEFAULT NULL,
  `form_id` int NOT NULL DEFAULT '0',
  `status` varchar(10) CHARACTER SET utf8mb4 COLLATE utf8mb4_unicode_520_ci DEFAULT NULL,
  `unsubscribed` tinyint(1) NOT NULL DEFAULT '0',
  `hash` varchar(50) CHARACTER SET utf8mb4 COLLATE utf8mb4_unicode_520_ci DEFAULT NULL,
  `created_at` datetime DEFAULT NULL,
  `updated_at` datetime DEFAULT NULL,
  `is_verified` tinyint(1) DEFAULT '0',
  `is_disposable` tinyint(1) DEFAULT '0',
  `is_rolebased` tinyint(1) DEFAULT '0',
  `is_webmail` tinyint(1) DEFAULT '0',
  `is_deliverable` tinyint(1) DEFAULT '0',
  `is_sendsafely` tinyint(1) DEFAULT '0',
  `meta` longtext CHARACTER SET utf8 COLLATE utf8_general_ci,
  PRIMARY KEY (`id`),
  KEY `wp_user_id` (`wp_user_id`),
  KEY `email` (`email`),
  KEY `status` (`status`),
  KEY `form_id` (`form_id`)
) ENGINE=InnoDB AUTO_INCREMENT=28 DEFAULT CHARSET=utf8mb4 COLLATE=utf8mb4_unicode_520_ci;

--
-- Dumping data for table `wp_ig_contacts`
--

INSERT INTO `wp_ig_contacts` VALUES (21,0,'','','bhavinshah1988@gmail.com','form','','',1,'verified',0,'zlkyuc-diblhs-uqkrnl-aevzfh-tipfwk','2021-09-02 12:36:29',NULL,1,0,0,0,1,1,NULL),(24,0,'','','timrosenberg@hotmail.com','form','','',1,'verified',0,'adisgu-dupbxz-xmwibg-oiyfgp-suflve','2021-09-04 12:20:36',NULL,1,0,0,0,1,1,NULL),(25,0,'','','gkparker@outlook.com','form','','',1,'verified',0,'coujdy-feautk-kgcnuy-caqjuo-pjeblo','2021-09-17 20:52:29',NULL,1,0,0,0,1,1,NULL),(26,0,'','','je@vtail.com','form','','',1,'verified',0,'iqfwdx-tjyhia-dvhjua-esqukr-cswlhn','2021-09-22 01:26:55',NULL,1,0,0,0,1,1,NULL),(27,0,'','','dipika.trivedi@gmail.com','form','','',1,'verified',0,'ioyvgq-ptosge-pxruwj-taicxh-vxcjmk','2021-09-23 07:39:48',NULL,1,0,0,0,1,1,NULL);

--
-- Table structure for table `wp_ig_contacts_ips`
--

CREATE TABLE `wp_ig_contacts_ips` (
  `ip` varchar(45) CHARACTER SET utf8mb4 COLLATE utf8mb4_unicode_520_ci NOT NULL,
  `created_on` timestamp NOT NULL DEFAULT CURRENT_TIMESTAMP,
  PRIMARY KEY (`created_on`,`ip`),
  KEY `ip` (`ip`)
) ENGINE=InnoDB DEFAULT CHARSET=utf8mb4 COLLATE=utf8mb4_unicode_520_ci;

--
-- Dumping data for table `wp_ig_contacts_ips`
--

INSERT INTO `wp_ig_contacts_ips` VALUES ('27.62.188.157','2021-09-23 07:39:48');

--
-- Table structure for table `wp_ig_forms`
--

CREATE TABLE `wp_ig_forms` (
  `id` int NOT NULL AUTO_INCREMENT,
  `name` varchar(255) CHARACTER SET utf8mb4 COLLATE utf8mb4_unicode_520_ci NOT NULL,
  `body` longtext CHARACTER SET utf8mb4 COLLATE utf8mb4_unicode_520_ci,
  `settings` longtext CHARACTER SET utf8mb4 COLLATE utf8mb4_unicode_520_ci,
  `styles` longtext CHARACTER SET utf8mb4 COLLATE utf8mb4_unicode_520_ci,
  `created_at` datetime DEFAULT NULL,
  `updated_at` datetime DEFAULT NULL,
  `deleted_at` datetime DEFAULT NULL,
  `af_id` int NOT NULL DEFAULT '0',
  PRIMARY KEY (`id`)
) ENGINE=InnoDB AUTO_INCREMENT=2 DEFAULT CHARSET=utf8mb4 COLLATE=utf8mb4_unicode_520_ci;

--
-- Dumping data for table `wp_ig_forms`
--

INSERT INTO `wp_ig_forms` VALUES (1,'First Form','a:4:{i:0;a:5:{s:4:\"type\";s:4:\"text\";s:4:\"name\";s:4:\"Name\";s:2:\"id\";s:4:\"name\";s:6:\"params\";a:4:{s:5:\"label\";s:0:\"\";s:12:\"place_holder\";s:0:\"\";s:4:\"show\";b:0;s:8:\"required\";b:0;}s:8:\"position\";i:1;}i:1;a:5:{s:4:\"type\";s:4:\"text\";s:4:\"name\";s:5:\"Email\";s:2:\"id\";s:5:\"email\";s:6:\"params\";a:4:{s:5:\"label\";s:0:\"\";s:12:\"place_holder\";s:10:\"Your Email\";s:4:\"show\";b:1;s:8:\"required\";b:1;}s:8:\"position\";i:2;}i:2;a:5:{s:4:\"type\";s:8:\"checkbox\";s:4:\"name\";s:5:\"Lists\";s:2:\"id\";s:5:\"lists\";s:6:\"params\";a:4:{s:5:\"label\";s:5:\"Lists\";s:4:\"show\";b:0;s:8:\"required\";b:1;s:6:\"values\";a:2:{i:0;s:1:\"1\";i:1;s:1:\"2\";}}s:8:\"position\";i:3;}i:3;a:5:{s:4:\"type\";s:6:\"submit\";s:4:\"name\";s:6:\"submit\";s:2:\"id\";s:6:\"submit\";s:6:\"params\";a:3:{s:5:\"label\";s:9:\"Subscribe\";s:4:\"show\";b:1;s:8:\"required\";b:1;}s:8:\"position\";i:4;}}','a:5:{s:5:\"lists\";a:2:{i:0;s:1:\"1\";i:1;s:1:\"2\";}s:4:\"desc\";s:0:\"\";s:12:\"form_version\";s:3:\"1.0\";s:7:\"captcha\";s:2:\"no\";s:4:\"gdpr\";a:2:{s:7:\"consent\";s:2:\"no\";s:12:\"consent_text\";s:35:\"Please accept terms &amp; condition\";}}',NULL,'2021-06-30 12:19:09','2021-06-30 12:45:58',NULL,0);

--
-- Table structure for table `wp_ig_links`
--

CREATE TABLE `wp_ig_links` (
  `id` bigint unsigned NOT NULL AUTO_INCREMENT,
  `message_id` int unsigned NOT NULL,
  `campaign_id` int unsigned NOT NULL,
  `link` varchar(2083) CHARACTER SET utf8mb4 COLLATE utf8mb4_unicode_520_ci NOT NULL,
  `hash` varchar(20) CHARACTER SET utf8mb4 COLLATE utf8mb4_unicode_520_ci NOT NULL,
  `i` tinyint unsigned NOT NULL,
  `created_at` datetime DEFAULT NULL,
  PRIMARY KEY (`id`),
  KEY `campaign_id` (`campaign_id`),
  KEY `message_id` (`message_id`),
  KEY `link` (`link`(100))
) ENGINE=InnoDB DEFAULT CHARSET=utf8mb4 COLLATE=utf8mb4_unicode_520_ci;

--
-- Dumping data for table `wp_ig_links`
--


--
-- Table structure for table `wp_ig_lists`
--

CREATE TABLE `wp_ig_lists` (
  `id` int NOT NULL AUTO_INCREMENT,
  `slug` varchar(255) CHARACTER SET utf8mb4 COLLATE utf8mb4_unicode_520_ci NOT NULL,
  `name` varchar(255) CHARACTER SET utf8mb4 COLLATE utf8mb4_unicode_520_ci NOT NULL,
  `hash` varchar(12) CHARACTER SET utf8mb4 COLLATE utf8mb4_unicode_520_ci NOT NULL,
  `created_at` datetime DEFAULT NULL,
  `updated_at` datetime DEFAULT NULL,
  `deleted_at` datetime DEFAULT NULL,
  PRIMARY KEY (`id`)
) ENGINE=InnoDB AUTO_INCREMENT=3 DEFAULT CHARSET=utf8mb4 COLLATE=utf8mb4_unicode_520_ci;

--
-- Dumping data for table `wp_ig_lists`
--

INSERT INTO `wp_ig_lists` VALUES (1,'test','Test','a0d2802fc0ec','2021-06-30 12:19:09',NULL,NULL),(2,'main','Main','f5ab12b4f51f','2021-06-30 12:19:09',NULL,NULL);

--
-- Table structure for table `wp_ig_lists_contacts`
--

CREATE TABLE `wp_ig_lists_contacts` (
  `id` int NOT NULL AUTO_INCREMENT,
  `list_id` int NOT NULL,
  `contact_id` int NOT NULL,
  `status` varchar(50) CHARACTER SET utf8mb4 COLLATE utf8mb4_unicode_520_ci NOT NULL,
  `optin_type` tinyint NOT NULL,
  `subscribed_at` datetime DEFAULT NULL,
  `subscribed_ip` varchar(45) CHARACTER SET utf8mb4 COLLATE utf8mb4_unicode_520_ci DEFAULT NULL,
  `unsubscribed_at` datetime DEFAULT NULL,
  `unsubscribed_ip` varchar(45) CHARACTER SET utf8mb4 COLLATE utf8mb4_unicode_520_ci DEFAULT NULL,
  PRIMARY KEY (`id`)
) ENGINE=InnoDB AUTO_INCREMENT=138 DEFAULT CHARSET=utf8mb4 COLLATE=utf8mb4_unicode_520_ci;

--
-- Dumping data for table `wp_ig_lists_contacts`
--

INSERT INTO `wp_ig_lists_contacts` VALUES (120,1,21,'unconfirmed',2,'0000-00-00 00:00:00','',NULL,NULL),(121,2,21,'unconfirmed',2,'0000-00-00 00:00:00','',NULL,NULL),(130,1,24,'subscribed',2,'2021-09-06 08:56:07','',NULL,NULL),(131,2,24,'subscribed',2,'2021-09-06 08:56:07','',NULL,NULL),(132,1,25,'subscribed',2,'2021-09-17 20:55:01','',NULL,NULL),(133,2,25,'subscribed',2,'2021-09-17 20:55:01','',NULL,NULL),(134,1,26,'unconfirmed',2,'0000-00-00 00:00:00','',NULL,NULL),(135,2,26,'unconfirmed',2,'0000-00-00 00:00:00','',NULL,NULL),(136,1,27,'unconfirmed',2,'0000-00-00 00:00:00','',NULL,NULL),(137,2,27,'unconfirmed',2,'0000-00-00 00:00:00','',NULL,NULL);

--
-- Table structure for table `wp_ig_mailing_queue`
--

CREATE TABLE `wp_ig_mailing_queue` (
  `id` int NOT NULL AUTO_INCREMENT,
  `hash` varchar(50) CHARACTER SET utf8mb4 COLLATE utf8mb4_unicode_520_ci NOT NULL,
  `campaign_id` int NOT NULL DEFAULT '0',
  `subject` text CHARACTER SET utf8mb4 COLLATE utf8mb4_unicode_520_ci,
  `body` longtext CHARACTER SET utf8mb4 COLLATE utf8mb4_unicode_520_ci,
  `count` int unsigned NOT NULL DEFAULT '0',
  `status` varchar(10) CHARACTER SET utf8mb4 COLLATE utf8mb4_unicode_520_ci NOT NULL,
  `start_at` datetime DEFAULT NULL,
  `finish_at` datetime DEFAULT NULL,
  `meta` longtext CHARACTER SET utf8mb4 COLLATE utf8mb4_unicode_520_ci,
  `created_at` datetime DEFAULT NULL,
  `updated_at` datetime DEFAULT NULL,
  PRIMARY KEY (`id`),
  KEY `campaign_id` (`campaign_id`)
) ENGINE=InnoDB AUTO_INCREMENT=2 DEFAULT CHARSET=utf8mb4 COLLATE=utf8mb4_unicode_520_ci;

--
-- Dumping data for table `wp_ig_mailing_queue`
--

INSERT INTO `wp_ig_mailing_queue` VALUES (1,'qtnlhe-xdslyq-asgeup-vnzojp-bvqsiu',1,'Welcome To Email Subscribers','<strong style=\"color: #990000\">What can you achieve using Email Subscribers?</strong><p>Add subscription forms on website, send HTML newsletters. You can also Import or Export subscribers from any list to Email Subscribers.</p> <strong style=\"color: #990000\">Plugin Features</strong><ol> <li>Send notification emails to subscribers when new blog posts are published.</li> <li>Subscribe form available with 3 options to setup.</li> <li>Double Opt-In and Single Opt-In support.</li> <li>Email notification to admin when a new user signs up (Optional).</li> <li>Automatic welcome email to subscriber.</li> <li>Auto add unsubscribe link in the email.</li> <li>Import/Export subscriber emails to migrate to any lists.</li> <li>Default WordPress editor to create emails.</li> </ol> <strong>Thanks & Regards,</strong><br/>Admin<br/>',2,'Sent','2021-06-30 12:19:12','2021-06-30 12:19:12',NULL,'2021-06-30 12:19:10','2021-06-30 12:19:10');

--
-- Table structure for table `wp_ig_queue`
--

CREATE TABLE `wp_ig_queue` (
  `contact_id` bigint unsigned NOT NULL DEFAULT '0',
  `campaign_id` bigint unsigned NOT NULL DEFAULT '0',
  `requeued` tinyint unsigned NOT NULL DEFAULT '0',
  `added` int unsigned NOT NULL DEFAULT '0',
  `timestamp` int unsigned NOT NULL DEFAULT '0',
  `sent_at` int unsigned NOT NULL DEFAULT '0',
  `priority` tinyint unsigned NOT NULL DEFAULT '0',
  `count` tinyint unsigned NOT NULL DEFAULT '0',
  `error` tinyint unsigned NOT NULL DEFAULT '0',
  `ignore_status` tinyint unsigned NOT NULL DEFAULT '0',
  `options` varchar(191) CHARACTER SET utf8mb4 COLLATE utf8mb4_unicode_520_ci NOT NULL DEFAULT '',
  `tags` longtext CHARACTER SET utf8mb4 COLLATE utf8mb4_unicode_520_ci NOT NULL,
  UNIQUE KEY `id` (`contact_id`,`campaign_id`,`requeued`,`options`),
  KEY `contact_id` (`contact_id`),
  KEY `campaign_id` (`campaign_id`),
  KEY `requeued` (`requeued`),
  KEY `timestamp` (`timestamp`),
  KEY `priority` (`priority`),
  KEY `count` (`count`),
  KEY `error` (`error`),
  KEY `ignore_status` (`ignore_status`)
) ENGINE=InnoDB DEFAULT CHARSET=utf8mb4 COLLATE=utf8mb4_unicode_520_ci;

--
-- Dumping data for table `wp_ig_queue`
--


--
-- Table structure for table `wp_ig_sending_queue`
--

CREATE TABLE `wp_ig_sending_queue` (
  `id` int NOT NULL AUTO_INCREMENT,
  `mailing_queue_id` int NOT NULL DEFAULT '0',
  `mailing_queue_hash` varchar(50) CHARACTER SET utf8mb4 COLLATE utf8mb4_unicode_520_ci DEFAULT NULL,
  `campaign_id` int NOT NULL DEFAULT '0',
  `contact_id` int NOT NULL DEFAULT '0',
  `contact_hash` varchar(255) CHARACTER SET utf8mb4 COLLATE utf8mb4_unicode_520_ci DEFAULT NULL,
  `email` varchar(50) CHARACTER SET utf8mb4 COLLATE utf8mb4_unicode_520_ci DEFAULT NULL,
  `status` varchar(50) CHARACTER SET utf8mb4 COLLATE utf8mb4_unicode_520_ci DEFAULT NULL,
  `links` longtext CHARACTER SET utf8mb4 COLLATE utf8mb4_unicode_520_ci,
  `opened` int DEFAULT NULL,
  `sent_at` datetime DEFAULT NULL,
  `opened_at` datetime DEFAULT NULL,
  PRIMARY KEY (`id`)
) ENGINE=InnoDB AUTO_INCREMENT=3 DEFAULT CHARSET=utf8mb4 COLLATE=utf8mb4_unicode_520_ci;

--
-- Dumping data for table `wp_ig_sending_queue`
--

INSERT INTO `wp_ig_sending_queue` VALUES (1,1,'qtnlhe-xdslyq-asgeup-vnzojp-bvqsiu',1,1,'oskcmr-uwzxyn-rjmtpl-zxayqs-kaupjo','rinkal.patel@techforceglobal.com','Sent','',0,'2021-06-30 12:19:12','0000-00-00 00:00:00'),(2,1,'qtnlhe-xdslyq-asgeup-vnzojp-bvqsiu',1,2,'gmyqeh-jlyhbm-tpzkrn-buaqjv-otrska','jhanvi.gajjar@techforceglobal.com','Sent','',0,'2021-06-30 12:19:12','0000-00-00 00:00:00');

--
-- Table structure for table `wp_ig_temp_import`
--

CREATE TABLE `wp_ig_temp_import` (
  `ID` bigint NOT NULL AUTO_INCREMENT,
  `data` longtext CHARACTER SET utf8mb4 COLLATE utf8mb4_unicode_520_ci NOT NULL,
  `identifier` char(13) CHARACTER SET utf8mb4 COLLATE utf8mb4_unicode_520_ci NOT NULL,
  PRIMARY KEY (`ID`)
) ENGINE=InnoDB DEFAULT CHARSET=utf8mb4 COLLATE=utf8mb4_unicode_520_ci;

--
-- Dumping data for table `wp_ig_temp_import`
--


--
-- Table structure for table `wp_ig_unsubscribe_feedback`
--

CREATE TABLE `wp_ig_unsubscribe_feedback` (
  `id` int NOT NULL AUTO_INCREMENT,
  `contact_id` int unsigned NOT NULL,
  `list_id` int unsigned NOT NULL,
  `campaign_id` int unsigned NOT NULL,
  `mailing_queue_id` int unsigned NOT NULL,
  `feedback_slug` varchar(50) CHARACTER SET utf8mb4 COLLATE utf8mb4_unicode_520_ci NOT NULL,
  `feedback_text` varchar(500) CHARACTER SET utf8mb4 COLLATE utf8mb4_unicode_520_ci NOT NULL,
  `created_at` datetime DEFAULT NULL,
  `updated_at` datetime DEFAULT NULL,
  `meta` longtext CHARACTER SET utf8mb4 COLLATE utf8mb4_unicode_520_ci,
  PRIMARY KEY (`id`)
) ENGINE=InnoDB DEFAULT CHARSET=utf8mb4 COLLATE=utf8mb4_unicode_520_ci;

--
-- Dumping data for table `wp_ig_unsubscribe_feedback`
--


--
-- Table structure for table `wp_ig_wc_cart`
--

CREATE TABLE `wp_ig_wc_cart` (
  `id` bigint NOT NULL AUTO_INCREMENT,
  `status` varchar(100) CHARACTER SET utf8mb4 COLLATE utf8mb4_unicode_520_ci NOT NULL DEFAULT '',
  `user_id` bigint NOT NULL DEFAULT '0',
  `guest_id` bigint NOT NULL DEFAULT '0',
  `last_modified` datetime DEFAULT NULL,
  `created` datetime DEFAULT NULL,
  `items` longtext CHARACTER SET utf8mb4 COLLATE utf8mb4_unicode_520_ci NOT NULL,
  `coupons` longtext CHARACTER SET utf8mb4 COLLATE utf8mb4_unicode_520_ci NOT NULL,
  `fees` longtext CHARACTER SET utf8mb4 COLLATE utf8mb4_unicode_520_ci NOT NULL,
  `shipping_tax_total` double NOT NULL DEFAULT '0',
  `shipping_total` double NOT NULL DEFAULT '0',
  `total` double NOT NULL DEFAULT '0',
  `token` varchar(32) CHARACTER SET utf8mb4 COLLATE utf8mb4_unicode_520_ci NOT NULL DEFAULT '',
  `currency` varchar(8) CHARACTER SET utf8mb4 COLLATE utf8mb4_unicode_520_ci NOT NULL DEFAULT '',
  PRIMARY KEY (`id`),
  KEY `status` (`status`),
  KEY `user_id` (`user_id`),
  KEY `guest_id` (`guest_id`),
  KEY `last_modified` (`last_modified`),
  KEY `created` (`created`)
) ENGINE=InnoDB DEFAULT CHARSET=utf8mb4 COLLATE=utf8mb4_unicode_520_ci;

--
-- Dumping data for table `wp_ig_wc_cart`
--


--
-- Table structure for table `wp_ig_wc_guests`
--

CREATE TABLE `wp_ig_wc_guests` (
  `id` bigint NOT NULL AUTO_INCREMENT,
  `email` varchar(255) CHARACTER SET utf8mb4 COLLATE utf8mb4_unicode_520_ci NOT NULL DEFAULT '',
  `tracking_key` varchar(32) CHARACTER SET utf8mb4 COLLATE utf8mb4_unicode_520_ci NOT NULL DEFAULT '',
  `created` datetime DEFAULT NULL,
  `last_active` datetime DEFAULT NULL,
  `meta` longtext CHARACTER SET utf8mb4 COLLATE utf8mb4_unicode_520_ci NOT NULL,
  `language` varchar(10) CHARACTER SET utf8mb4 COLLATE utf8mb4_unicode_520_ci NOT NULL DEFAULT '',
  `most_recent_order` bigint NOT NULL DEFAULT '0',
  `version` bigint NOT NULL DEFAULT '0',
  PRIMARY KEY (`id`),
  KEY `tracking_key` (`tracking_key`),
  KEY `email` (`email`(191)),
  KEY `most_recent_order` (`most_recent_order`),
  KEY `version` (`version`)
) ENGINE=InnoDB DEFAULT CHARSET=utf8mb4 COLLATE=utf8mb4_unicode_520_ci;

--
-- Dumping data for table `wp_ig_wc_guests`
--


--
-- Table structure for table `wp_ig_workflows`
--

CREATE TABLE `wp_ig_workflows` (
  `id` int NOT NULL AUTO_INCREMENT,
  `name` varchar(255) CHARACTER SET utf8mb4 COLLATE utf8mb4_unicode_520_ci DEFAULT NULL,
  `title` varchar(255) CHARACTER SET utf8mb4 COLLATE utf8mb4_unicode_520_ci DEFAULT NULL,
  `trigger_name` varchar(250) CHARACTER SET utf8mb4 COLLATE utf8mb4_unicode_520_ci NOT NULL,
  `trigger_options` longtext CHARACTER SET utf8mb4 COLLATE utf8mb4_unicode_520_ci NOT NULL,
  `rules` longtext CHARACTER SET utf8mb4 COLLATE utf8mb4_unicode_520_ci NOT NULL,
  `actions` longtext CHARACTER SET utf8mb4 COLLATE utf8mb4_unicode_520_ci NOT NULL,
  `status` tinyint NOT NULL,
  `type` tinyint NOT NULL,
  `priority` int DEFAULT '0',
  `meta` longtext CHARACTER SET utf8mb4 COLLATE utf8mb4_unicode_520_ci NOT NULL,
  `created_at` datetime DEFAULT NULL,
  `updated_at` datetime DEFAULT NULL,
  PRIMARY KEY (`id`)
) ENGINE=InnoDB AUTO_INCREMENT=2 DEFAULT CHARSET=utf8mb4 COLLATE=utf8mb4_unicode_520_ci;

--
-- Dumping data for table `wp_ig_workflows`
--

INSERT INTO `wp_ig_workflows` VALUES (1,'user-registered','User Registered','ig_es_user_registered','','','a:1:{i:0;a:2:{s:11:\"action_name\";s:17:\"ig_es_add_to_list\";s:10:\"ig-es-list\";i:2;}}',0,0,0,'a:1:{s:11:\"when_to_run\";s:11:\"immediately\";}','2021-06-30 12:19:09','0000-00-00 00:00:00');

--
-- Table structure for table `wp_ig_workflows_queue`
--

CREATE TABLE `wp_ig_workflows_queue` (
  `id` bigint NOT NULL AUTO_INCREMENT,
  `workflow_id` bigint DEFAULT NULL,
  `failed` int NOT NULL DEFAULT '0',
  `failure_code` int NOT NULL DEFAULT '0',
  `meta` longtext CHARACTER SET utf8mb4 COLLATE utf8mb4_unicode_520_ci NOT NULL,
  `scheduled_at` datetime DEFAULT NULL,
  `created_at` datetime DEFAULT NULL,
  PRIMARY KEY (`id`)
) ENGINE=InnoDB DEFAULT CHARSET=utf8mb4 COLLATE=utf8mb4_unicode_520_ci;

--
-- Dumping data for table `wp_ig_workflows_queue`
--


--
-- Table structure for table `wp_links`
--

CREATE TABLE `wp_links` (
  `link_id` bigint unsigned NOT NULL AUTO_INCREMENT,
  `link_url` varchar(255) CHARACTER SET utf8mb4 COLLATE utf8mb4_unicode_520_ci NOT NULL DEFAULT '',
  `link_name` varchar(255) CHARACTER SET utf8mb4 COLLATE utf8mb4_unicode_520_ci NOT NULL DEFAULT '',
  `link_image` varchar(255) CHARACTER SET utf8mb4 COLLATE utf8mb4_unicode_520_ci NOT NULL DEFAULT '',
  `link_target` varchar(25) CHARACTER SET utf8mb4 COLLATE utf8mb4_unicode_520_ci NOT NULL DEFAULT '',
  `link_description` varchar(255) CHARACTER SET utf8mb4 COLLATE utf8mb4_unicode_520_ci NOT NULL DEFAULT '',
  `link_visible` varchar(20) CHARACTER SET utf8mb4 COLLATE utf8mb4_unicode_520_ci NOT NULL DEFAULT 'Y',
  `link_owner` bigint unsigned NOT NULL DEFAULT '1',
  `link_rating` int NOT NULL DEFAULT '0',
  `link_updated` datetime NOT NULL DEFAULT '0000-00-00 00:00:00',
  `link_rel` varchar(255) CHARACTER SET utf8mb4 COLLATE utf8mb4_unicode_520_ci NOT NULL DEFAULT '',
  `link_notes` mediumtext CHARACTER SET utf8mb4 COLLATE utf8mb4_unicode_520_ci NOT NULL,
  `link_rss` varchar(255) CHARACTER SET utf8mb4 COLLATE utf8mb4_unicode_520_ci NOT NULL DEFAULT '',
  PRIMARY KEY (`link_id`),
  KEY `link_visible` (`link_visible`)
) ENGINE=MyISAM DEFAULT CHARSET=utf8mb4 COLLATE=utf8mb4_unicode_520_ci;

--
-- Dumping data for table `wp_links`
--


--
-- Table structure for table `wp_nextend2_image_storage`
--

CREATE TABLE `wp_nextend2_image_storage` (
  `id` int NOT NULL AUTO_INCREMENT,
  `hash` varchar(32) CHARACTER SET utf8mb4 COLLATE utf8mb4_unicode_520_ci NOT NULL,
  `image` text CHARACTER SET utf8mb4 COLLATE utf8mb4_unicode_520_ci NOT NULL,
  `value` mediumtext CHARACTER SET utf8mb4 COLLATE utf8mb4_unicode_520_ci NOT NULL,
  PRIMARY KEY (`id`),
  UNIQUE KEY `hash` (`hash`)
) ENGINE=MyISAM AUTO_INCREMENT=11 DEFAULT CHARSET=utf8mb4 COLLATE=utf8mb4_unicode_520_ci;

--
-- Dumping data for table `wp_nextend2_image_storage`
--

INSERT INTO `wp_nextend2_image_storage` VALUES (1,'aceb0b66241f5d0e431d707b0b5e93ab','$upload$/slider2/full1.jpeg','eyJkZXNrdG9wLXJldGluYSI6eyJpbWFnZSI6IiJ9LCJ0YWJsZXQiOnsiaW1hZ2UiOiIiLCJzaXplIjoiMHwqfDAifSwibW9iaWxlIjp7ImltYWdlIjoiIiwic2l6ZSI6IjB8KnwwIn0sImRlc2t0b3AiOnsic2l6ZSI6IjB8KnwwIn19'),(2,'f7fdb02143ff5d8115eb5fc83c3d137d','$upload$/slider2/full2.jpg','eyJkZXNrdG9wLXJldGluYSI6eyJpbWFnZSI6IiJ9LCJ0YWJsZXQiOnsiaW1hZ2UiOiIiLCJzaXplIjoiMHwqfDAifSwibW9iaWxlIjp7ImltYWdlIjoiIiwic2l6ZSI6IjB8KnwwIn0sImRlc2t0b3AiOnsic2l6ZSI6IjB8KnwwIn19'),(3,'529f508f2e109f5cc205d63d862c078e','$upload$/slider2/full3.jpg','eyJkZXNrdG9wLXJldGluYSI6eyJpbWFnZSI6IiJ9LCJ0YWJsZXQiOnsiaW1hZ2UiOiIiLCJzaXplIjoiMHwqfDAifSwibW9iaWxlIjp7ImltYWdlIjoiIiwic2l6ZSI6IjB8KnwwIn0sImRlc2t0b3AiOnsic2l6ZSI6IjB8KnwwIn19'),(4,'7eac4954a887a537f220a138ee5689ff','$upload$/2021/06/img_2-3.jpg','eyJkZXNrdG9wLXJldGluYSI6eyJpbWFnZSI6IiJ9LCJ0YWJsZXQiOnsiaW1hZ2UiOiIifSwibW9iaWxlIjp7ImltYWdlIjoiIn19'),(5,'11458905fdcd0069c2bebe2c117972fc','$upload$/2021/06/video.png','eyJkZXNrdG9wLXJldGluYSI6eyJpbWFnZSI6IiJ9LCJ0YWJsZXQiOnsiaW1hZ2UiOiIifSwibW9iaWxlIjp7ImltYWdlIjoiIn19'),(6,'dd951194d701107d9abb57182cc8f63d','https://smartslider3.com/wp-content/uploads/slider424/slide1.png','eyJkZXNrdG9wLXJldGluYSI6eyJpbWFnZSI6IiJ9LCJ0YWJsZXQiOnsiaW1hZ2UiOiIifSwibW9iaWxlIjp7ImltYWdlIjoiIn19'),(7,'ab52139f323b872af5128789153a9a35','$upload$/2021/08/VTAIL-v1-version.jpg','eyJkZXNrdG9wLXJldGluYSI6eyJpbWFnZSI6IiJ9LCJ0YWJsZXQiOnsiaW1hZ2UiOiIifSwibW9iaWxlIjp7ImltYWdlIjoiIn19'),(8,'8643c453534023a635531d34c8266978','$upload$/2021/07/no-matte_236-1.gif','eyJkZXNrdG9wLXJldGluYSI6eyJpbWFnZSI6IiJ9LCJ0YWJsZXQiOnsiaW1hZ2UiOiIifSwibW9iaWxlIjp7ImltYWdlIjoiIn19'),(9,'0b6e1a0da03d620a7f446e1d3e3c6c78','$upload$/2021/08/hero-bg.jpg','eyJkZXNrdG9wLXJldGluYSI6eyJpbWFnZSI6IiJ9LCJ0YWJsZXQiOnsiaW1hZ2UiOiIifSwibW9iaWxlIjp7ImltYWdlIjoiIn19'),(10,'9f0f8d63c30c6e7e37a355d82698c3dd','$upload$/2021/08/WELCOME-TO-VTAIL-BANNER-V4.gif','eyJkZXNrdG9wLXJldGluYSI6eyJpbWFnZSI6IiJ9LCJ0YWJsZXQiOnsiaW1hZ2UiOiIifSwibW9iaWxlIjp7ImltYWdlIjoiIn19');

--
-- Table structure for table `wp_nextend2_section_storage`
--

CREATE TABLE `wp_nextend2_section_storage` (
  `id` int NOT NULL AUTO_INCREMENT,
  `application` varchar(20) CHARACTER SET utf8mb4 COLLATE utf8mb4_unicode_520_ci NOT NULL,
  `section` varchar(128) CHARACTER SET utf8mb4 COLLATE utf8mb4_unicode_520_ci NOT NULL,
  `referencekey` varchar(128) CHARACTER SET utf8mb4 COLLATE utf8mb4_unicode_520_ci NOT NULL,
  `value` mediumtext CHARACTER SET utf8mb4 COLLATE utf8mb4_unicode_520_ci NOT NULL,
  `system` int NOT NULL DEFAULT '0',
  `editable` int NOT NULL DEFAULT '1',
  PRIMARY KEY (`id`),
  KEY `system` (`system`),
  KEY `editable` (`editable`),
  KEY `application` (`application`,`section`(50),`referencekey`(50)),
  KEY `application_2` (`application`,`section`(50))
) ENGINE=MyISAM AUTO_INCREMENT=12190 DEFAULT CHARSET=utf8mb4 COLLATE=utf8mb4_unicode_520_ci;

--
-- Dumping data for table `wp_nextend2_section_storage`
--

INSERT INTO `wp_nextend2_section_storage` VALUES (10000,'smartslider','settings','','{\"n2_ss3_version\":\"3.5.0.10\\/b:release-3.5.0.10\\/r:bc3b14c44f442614e91a64588e86b5eb82a71e55\"}',0,1),(10001,'smartslider','tutorial','GettingStarted','1',0,1),(10002,'smartslider','free','dismissNewsletterSampleSliders','1',0,1),(12170,'smartslider','sliderChanged','3','0',0,1),(12171,'cache','notweb/n2-ss-3','data.manifest','{\"generator\":[]}',0,1),(12172,'cache','notweb/n2-ss-3','variations.manifest','1',0,1),(12188,'cache','notweb/n2-ss-3','slideren_US1.manifest','{\"hash\":\"\",\"nextCacheRefresh\":2145916800,\"currentPath\":\"e6ae0d0f47d18253f370963953f32848\",\"version\":\"3.5.0.10\"}',0,1),(12189,'cache','notweb/n2-ss-3','slideren_US1','{\"html\":\"<div><ss3-force-full-width data-overflow-x=\\\"body\\\" data-horizontal-selector=\\\"body\\\"><div class=\\\"n2-section-smartslider fitvidsignore  n2_clear\\\" data-ssid=\\\"3\\\" tabindex=\\\"0\\\" role=\\\"region\\\" aria-label=\\\"Slider\\\"><div id=\\\"n2-ss-3-align\\\" class=\\\"n2-ss-align\\\"><div class=\\\"n2-padding\\\"><div id=\\\"n2-ss-3\\\" data-creator=\\\"Smart Slider 3\\\" data-responsive=\\\"fullwidth\\\" class=\\\"n2-ss-slider n2-ow n2-has-hover n2notransition  \\\">\\n        <div class=\\\"n2-ss-slider-1 n2_ss__touch_element n2-ow\\\" style=\\\"\\\">\\n            <div class=\\\"n2-ss-slider-2 n2-ow\\\">\\n                                                <div class=\\\"n2-ss-slider-3 n2-ow\\\" style=\\\"\\\">\\n\\n                    <div class=\\\"n2-ss-slide-backgrounds n2-ow-all\\\"><div class=\\\"n2-ss-slide-background\\\" data-public-id=\\\"1\\\" data-mode=\\\"fill\\\"><div class=\\\"n2-ss-slide-background-image\\\" data-blur=\\\"0\\\" data-alt=\\\"\\\" data-title=\\\"\\\"><picture><img src=\\\"\\/\\/vtail.com\\/wp-content\\/uploads\\/2021\\/08\\/WELCOME-TO-VTAIL-BANNER-V4.gif\\\" alt=\\\"\\\" title=\\\"\\\" loading=\\\"lazy\\\" class=\\\"skip-lazy\\\" data-skip-lazy=\\\"1\\\"><\\/picture><\\/div><\\/div><\\/div>                    <div class=\\\"n2-ss-slider-4 n2-ow\\\">\\n                        <svg xmlns=\\\"http:\\/\\/www.w3.org\\/2000\\/svg\\\" viewBox=\\\"0 0 1920 400\\\" data-related-device=\\\"desktopPortrait\\\" class=\\\"n2-ow n2-ss-preserve-size n2-ss-preserve-size--slider n2-ss-slide-limiter\\\"><\\/svg><div data-first=\\\"1\\\" data-slide-duration=\\\"0\\\" data-id=\\\"11\\\" data-slide-public-id=\\\"1\\\" data-title=\\\"Slide\\\" class=\\\"n2-ss-slide n2-ow  n2-ss-slide-11\\\"><div tabindex=\\\"-1\\\" class=\\\"n2-ss-slide--focus\\\" role=\\\"note\\\">Slide<\\/div><div class=\\\"n2-ss-layers-container n2-ss-slide-limiter n2-ow\\\"><div class=\\\"n2-ss-layer n2-ow n-uc-TUPx0Cv7sISt\\\" data-sstype=\\\"slide\\\" data-pm=\\\"default\\\"><\\/div><\\/div><\\/div>                    <\\/div>\\n\\n                                    <\\/div>\\n            <\\/div>\\n        <\\/div>\\n        <\\/div><ss3-loader><\\/ss3-loader><\\/div><\\/div><div class=\\\"n2_clear\\\"><\\/div><\\/div><\\/ss3-force-full-width><\\/div>\",\"assets\":{\"css\":{\"staticGroupPreload\":{\"smartslider\":\"\\/var\\/www\\/html\\/demonft\\/wp-content\\/plugins\\/smart-slider-3\\/Public\\/SmartSlider3\\/Application\\/Frontend\\/Assets\\/dist\\/smartslider.min.css\"},\"staticGroup\":[],\"files\":[],\"urls\":[],\"codes\":[],\"firstCodes\":[],\"inline\":{\"n2-ss-3\":\"div#n2-ss-3 .n2-ss-slider-1{display:grid;position:relative;}div#n2-ss-3 .n2-ss-slider-2{display:grid;position:relative;overflow:hidden;padding:0px 0px 0px 0px;border:0px solid RGBA(62,62,62,1);border-radius:0px;background-clip:padding-box;background-repeat:repeat;background-position:50% 50%;background-size:cover;background-attachment:scroll;z-index:1;}div#n2-ss-3:not(.n2-ss-loaded) .n2-ss-slider-2{background-image:none !important;}div#n2-ss-3 .n2-ss-slider-3{display:grid;grid-template-areas:\'cover\';position:relative;overflow:hidden;z-index:10;}div#n2-ss-3 .n2-ss-slider-3 > *{grid-area:cover;}div#n2-ss-3 .n2-ss-slide-backgrounds,div#n2-ss-3 .n2-ss-slider-3 > .n2-ss-divider{position:relative;}div#n2-ss-3 .n2-ss-slide-backgrounds{z-index:10;}div#n2-ss-3 .n2-ss-slide-backgrounds > *{overflow:hidden;}div#n2-ss-3 .n2-ss-slide-background{transform:translateX(-100000px);}div#n2-ss-3 .n2-ss-slider-4{place-self:center;position:relative;width:100%;height:100%;z-index:20;display:grid;grid-template-areas:\'slide\';}div#n2-ss-3 .n2-ss-slider-4 > *{grid-area:slide;}div#n2-ss-3.n2-ss-full-page--constrain-ratio .n2-ss-slider-4{height:auto;}div#n2-ss-3 .n2-ss-slide{display:grid;place-items:center;grid-auto-columns:100%;position:relative;z-index:20;-webkit-backface-visibility:hidden;transform:translateX(-100000px);}div#n2-ss-3 .n2-ss-slide{perspective:1500px;}div#n2-ss-3 .n2-ss-slide-active{z-index:21;}.n2-ss-background-animation{position:absolute;top:0;left:0;width:100%;height:100%;z-index:3;}div#n2-ss-3 .n2-ss-slide-limiter{max-width:1920px;}div#n2-ss-3 .n-uc-TUPx0Cv7sISt{padding:10px 10px 10px 10px}@media (min-width: 1200px){div#n2-ss-3 [data-hide-desktopportrait=\\\"1\\\"]{display: none !important;}}@media (orientation: landscape) and (max-width: 1199px) and (min-width: 901px),(orientation: portrait) and (max-width: 1199px) and (min-width: 701px){div#n2-ss-3 [data-hide-tabletportrait=\\\"1\\\"]{display: none !important;}}@media (orientation: landscape) and (max-width: 900px),(orientation: portrait) and (max-width: 700px){div#n2-ss-3 [data-hide-mobileportrait=\\\"1\\\"]{display: none !important;}}\"},\"globalInline\":[]},\"less\":{\"staticGroupPreload\":[],\"staticGroup\":[],\"files\":[],\"urls\":[],\"codes\":[],\"firstCodes\":[],\"inline\":[],\"globalInline\":[]},\"js\":{\"staticGroupPreload\":[],\"staticGroup\":{\"smartslider-frontend\":\"\\/var\\/www\\/html\\/demonft\\/wp-content\\/plugins\\/smart-slider-3\\/Public\\/SmartSlider3\\/Application\\/Frontend\\/Assets\\/dist\\/smartslider-frontend.min.js\",\"ss-simple\":\"\\/var\\/www\\/html\\/demonft\\/wp-content\\/plugins\\/smart-slider-3\\/Public\\/SmartSlider3\\/Slider\\/SliderType\\/Simple\\/Assets\\/dist\\/ss-simple.min.js\"},\"files\":[],\"urls\":[],\"codes\":[],\"firstCodes\":[],\"inline\":[\"_N2.r([\\\"documentReady\\\",\\\"smartslider-frontend\\\",\\\"ss-simple\\\"],function(){new _N2.SmartSliderSimple(\'n2-ss-3\', {\\\"admin\\\":false,\\\"callbacks\\\":\\\"\\\",\\\"background.video.mobile\\\":1,\\\"alias\\\":{\\\"id\\\":0,\\\"smoothScroll\\\":0,\\\"slideSwitch\\\":0,\\\"scroll\\\":1},\\\"align\\\":\\\"normal\\\",\\\"isDelayed\\\":0,\\\"responsive\\\":{\\\"mediaQueries\\\":{\\\"all\\\":false,\\\"desktopportrait\\\":[\\\"(min-width: 1200px)\\\"],\\\"tabletportrait\\\":[\\\"(orientation: landscape) and (max-width: 1199px) and (min-width: 901px)\\\",\\\"(orientation: portrait) and (max-width: 1199px) and (min-width: 701px)\\\"],\\\"mobileportrait\\\":[\\\"(orientation: landscape) and (max-width: 900px)\\\",\\\"(orientation: portrait) and (max-width: 700px)\\\"]},\\\"base\\\":{\\\"slideOuterWidth\\\":1920,\\\"slideOuterHeight\\\":400,\\\"sliderWidth\\\":1920,\\\"sliderHeight\\\":400,\\\"slideWidth\\\":1920,\\\"slideHeight\\\":400},\\\"hideOn\\\":{\\\"desktopLandscape\\\":false,\\\"desktopPortrait\\\":false,\\\"tabletLandscape\\\":false,\\\"tabletPortrait\\\":false,\\\"mobileLandscape\\\":false,\\\"mobilePortrait\\\":false},\\\"onResizeEnabled\\\":true,\\\"type\\\":\\\"fullwidth\\\",\\\"sliderHeightBasedOn\\\":\\\"real\\\",\\\"focusUser\\\":1,\\\"focusEdge\\\":\\\"auto\\\",\\\"breakpoints\\\":[{\\\"device\\\":\\\"tabletPortrait\\\",\\\"type\\\":\\\"max-screen-width\\\",\\\"portraitWidth\\\":1199,\\\"landscapeWidth\\\":1199},{\\\"device\\\":\\\"mobilePortrait\\\",\\\"type\\\":\\\"max-screen-width\\\",\\\"portraitWidth\\\":700,\\\"landscapeWidth\\\":900}],\\\"enabledDevices\\\":{\\\"desktopLandscape\\\":0,\\\"desktopPortrait\\\":1,\\\"tabletLandscape\\\":0,\\\"tabletPortrait\\\":1,\\\"mobileLandscape\\\":0,\\\"mobilePortrait\\\":1},\\\"sizes\\\":{\\\"desktopPortrait\\\":{\\\"width\\\":1920,\\\"height\\\":400,\\\"max\\\":3000,\\\"min\\\":1200},\\\"tabletPortrait\\\":{\\\"width\\\":701,\\\"height\\\":146,\\\"customHeight\\\":false,\\\"max\\\":1199,\\\"min\\\":701},\\\"mobilePortrait\\\":{\\\"width\\\":320,\\\"height\\\":66,\\\"customHeight\\\":false,\\\"max\\\":900,\\\"min\\\":320}},\\\"overflowHiddenPage\\\":0,\\\"focus\\\":{\\\"offsetTop\\\":\\\"#wpadminbar\\\",\\\"offsetBottom\\\":\\\"\\\"}},\\\"controls\\\":{\\\"mousewheel\\\":0,\\\"touch\\\":\\\"horizontal\\\",\\\"keyboard\\\":1,\\\"blockCarouselInteraction\\\":1},\\\"playWhenVisible\\\":1,\\\"playWhenVisibleAt\\\":0.5,\\\"lazyLoad\\\":0,\\\"lazyLoadNeighbor\\\":0,\\\"blockrightclick\\\":0,\\\"maintainSession\\\":0,\\\"autoplay\\\":{\\\"enabled\\\":0,\\\"start\\\":1,\\\"duration\\\":8000,\\\"autoplayLoop\\\":1,\\\"allowReStart\\\":0,\\\"pause\\\":{\\\"click\\\":1,\\\"mouse\\\":\\\"0\\\",\\\"mediaStarted\\\":1},\\\"resume\\\":{\\\"click\\\":0,\\\"mouse\\\":\\\"0\\\",\\\"mediaEnded\\\":1,\\\"slidechanged\\\":0},\\\"interval\\\":1,\\\"intervalModifier\\\":\\\"loop\\\",\\\"intervalSlide\\\":\\\"current\\\"},\\\"perspective\\\":1500,\\\"layerMode\\\":{\\\"playOnce\\\":0,\\\"playFirstLayer\\\":1,\\\"mode\\\":\\\"skippable\\\",\\\"inAnimation\\\":\\\"mainInEnd\\\"},\\\"bgAnimations\\\":0,\\\"mainanimation\\\":{\\\"type\\\":\\\"fade\\\",\\\"duration\\\":500,\\\"delay\\\":0,\\\"ease\\\":\\\"easeOutQuad\\\",\\\"shiftedBackgroundAnimation\\\":0},\\\"carousel\\\":1,\\\"initCallbacks\\\":function(){}});});\"],\"globalInline\":[]},\"googleFonts\":{\"staticGroupPreload\":[],\"staticGroup\":[],\"files\":[],\"urls\":[],\"codes\":[],\"firstCodes\":[],\"inline\":[],\"globalInline\":[]},\"image\":{\"images\":[\"\\/\\/vtail.com\\/wp-content\\/uploads\\/2021\\/08\\/WELCOME-TO-VTAIL-BANNER-V4.gif\"]}}}',0,1),(12179,'smartslider','sliderChanged','4','0',0,1),(12180,'cache','notweb/n2-ss-4','data.manifest','{\"generator\":[]}',0,1),(12181,'cache','notweb/n2-ss-4','variations.manifest','1',0,1),(12182,'cache','notweb/n2-ss-4','slideren_US1.manifest','{\"hash\":\"\",\"nextCacheRefresh\":2145916800,\"currentPath\":\"45c25689cf007768885c232174c499e6\",\"version\":\"3.5.0.10\"}',0,1),(12183,'cache','notweb/n2-ss-4','slideren_US1','{\"html\":\"<div><ss3-force-full-width data-overflow-x=\\\"body\\\" data-horizontal-selector=\\\"body\\\"><div class=\\\"n2-section-smartslider fitvidsignore  n2_clear\\\" data-ssid=\\\"4\\\"><div id=\\\"n2-ss-4-align\\\" class=\\\"n2-ss-align\\\"><div class=\\\"n2-padding\\\"><div id=\\\"n2-ss-4\\\" data-creator=\\\"Smart Slider 3\\\" data-responsive=\\\"fullwidth\\\" class=\\\"n2-ss-slider n2-ow n2-has-hover n2notransition  \\\">\\n        <div class=\\\"n2-ss-slider-1 n2_ss__touch_element n2-ow\\\" style=\\\"\\\">\\n            <div class=\\\"n2-ss-slider-2 n2-ow\\\">\\n                                                <div class=\\\"n2-ss-slider-3 n2-ow\\\" style=\\\"\\\">\\n\\n                    <div class=\\\"n2-ss-slide-backgrounds n2-ow-all\\\"><div class=\\\"n2-ss-slide-background\\\" data-public-id=\\\"1\\\" data-mode=\\\"fill\\\"><\\/div><\\/div>                    <div class=\\\"n2-ss-slider-4 n2-ow\\\">\\n                        <svg xmlns=\\\"http:\\/\\/www.w3.org\\/2000\\/svg\\\" viewBox=\\\"0 0 1920 400\\\" data-related-device=\\\"desktopPortrait\\\" class=\\\"n2-ow n2-ss-preserve-size n2-ss-preserve-size--slider n2-ss-slide-limiter\\\"><\\/svg><div data-first=\\\"1\\\" data-slide-duration=\\\"0\\\" data-id=\\\"12\\\" data-slide-public-id=\\\"1\\\" data-title=\\\"Slide\\\" class=\\\"n2-ss-slide n2-ow  n2-ss-slide-12\\\"><div tabindex=\\\"-1\\\" class=\\\"n2-ss-slide--focus\\\" role=\\\"note\\\">Slide<\\/div><div class=\\\"n2-ss-layers-container n2-ss-slide-limiter n2-ow\\\"><div class=\\\"n2-ss-layer n2-ow n-uc-uGxqte7Ou4MK\\\" data-sstype=\\\"slide\\\" data-pm=\\\"default\\\"><div class=\\\"n2-ss-layer n2-ow n-uc-XNkro2zFvZVS\\\" data-pm=\\\"default\\\" data-sstype=\\\"content\\\" data-hasbackground=\\\"0\\\"><div class=\\\"n2-ss-section-main-content n2-ss-layer-with-background n2-ss-layer-content n2-ow n-uc-XNkro2zFvZVS-inner\\\"><div class=\\\"n2-ss-layer n2-ow n-uc-YvoJP6yWIwgT\\\" data-pm=\\\"normal\\\" data-sstype=\\\"layer\\\"><h1 id=\\\"n2-ss-4item1\\\" class=\\\"n2-font-a918d6ffd6ae8fd2da48b5cbdf22ec6d-hover n2-style-193db28c6f7caebacd40c2fcaaecdd58-heading   n2-ss-item-content n2-ss-text n2-ow\\\" style=\\\"display:block;\\\">Coming Soon.<\\/h1><\\/div><div class=\\\"n2-ss-layer n2-ow n-uc-sm7bC22wYoPZ\\\" data-pm=\\\"normal\\\" data-sstype=\\\"layer\\\"><div class=\\\"n2-ss-item-content n2-ss-text n2-ow-all\\\"><div class=\\\"\\\"><p class=\\\"n2-font-6017c0851a2911d54dfb2dd724c9f14f-paragraph   \\\">The Vtail ERC-20 compliant token will be launched on Ethereum.<br \\/>\\nOfficial white paper will be available in 2021 with more information.<\\/p>\\n<\\/div><\\/div><\\/div><\\/div><\\/div><\\/div><\\/div><\\/div>                    <\\/div>\\n\\n                                    <\\/div>\\n            <\\/div>\\n        <\\/div>\\n        <\\/div><ss3-loader><\\/ss3-loader><\\/div><\\/div><div class=\\\"n2_clear\\\"><\\/div><\\/div><\\/ss3-force-full-width><\\/div>\",\"assets\":{\"css\":{\"staticGroupPreload\":{\"smartslider\":\"\\/var\\/www\\/html\\/nftlive\\/wp-content\\/plugins\\/smart-slider-3\\/Public\\/SmartSlider3\\/Application\\/Frontend\\/Assets\\/dist\\/smartslider.min.css\"},\"staticGroup\":[],\"files\":[],\"urls\":[],\"codes\":[],\"firstCodes\":[],\"inline\":{\"n2-ss-4\":\"div#n2-ss-4 .n2-ss-slider-1{display:grid;position:relative;}div#n2-ss-4 .n2-ss-slider-2{display:grid;position:relative;overflow:hidden;padding:0px 0px 0px 0px;border:0px solid RGBA(62,62,62,1);border-radius:0px;background-clip:padding-box;background-repeat:repeat;background-position:50% 50%;background-size:cover;background-attachment:scroll;z-index:1;}div#n2-ss-4:not(.n2-ss-loaded) .n2-ss-slider-2{background-image:none !important;}div#n2-ss-4 .n2-ss-slider-3{display:grid;grid-template-areas:\'cover\';position:relative;overflow:hidden;z-index:10;}div#n2-ss-4 .n2-ss-slider-3 > *{grid-area:cover;}div#n2-ss-4 .n2-ss-slide-backgrounds,div#n2-ss-4 .n2-ss-slider-3 > .n2-ss-divider{position:relative;}div#n2-ss-4 .n2-ss-slide-backgrounds{z-index:10;}div#n2-ss-4 .n2-ss-slide-backgrounds > *{overflow:hidden;}div#n2-ss-4 .n2-ss-slide-background{transform:translateX(-100000px);}div#n2-ss-4 .n2-ss-slider-4{place-self:center;position:relative;width:100%;height:100%;z-index:20;display:grid;grid-template-areas:\'slide\';}div#n2-ss-4 .n2-ss-slider-4 > *{grid-area:slide;}div#n2-ss-4.n2-ss-full-page--constrain-ratio .n2-ss-slider-4{height:auto;}div#n2-ss-4 .n2-ss-slide{display:grid;place-items:center;grid-auto-columns:100%;position:relative;z-index:20;-webkit-backface-visibility:hidden;transform:translateX(-100000px);}div#n2-ss-4 .n2-ss-slide{perspective:1500px;}div#n2-ss-4 .n2-ss-slide-active{z-index:21;}.n2-ss-background-animation{position:absolute;top:0;left:0;width:100%;height:100%;z-index:3;}div#n2-ss-4 .n2-font-a918d6ffd6ae8fd2da48b5cbdf22ec6d-hover{font-family: \'Open Sans\';color: RGBA(0,0,0,1);font-size:343.75%;text-shadow: none;line-height: 1.5;font-weight: normal;font-style: normal;text-decoration: none;text-align: center;letter-spacing: normal;word-spacing: normal;text-transform: none;font-weight: 900;}div#n2-ss-4 .n2-style-193db28c6f7caebacd40c2fcaaecdd58-heading{background: RGBA(255,255,255,0);opacity:1;padding:0px 0px 20px 0px ;box-shadow: none;border-width: 0px;border-style: solid;border-color: #000000; border-color: RGBA(0,0,0,1);border-radius:0px;}div#n2-ss-4 .n2-font-6017c0851a2911d54dfb2dd724c9f14f-paragraph{font-family: \'Roboto\',\'Arial\';color: #666666;font-size:100%;text-shadow: none;line-height: 1.5;font-weight: normal;font-style: normal;text-decoration: none;text-align: inherit;letter-spacing: normal;word-spacing: normal;text-transform: none;font-weight: 400;}div#n2-ss-4 .n2-font-6017c0851a2911d54dfb2dd724c9f14f-paragraph a, div#n2-ss-4 .n2-font-6017c0851a2911d54dfb2dd724c9f14f-paragraph a:FOCUS{font-family: \'Roboto\',\'Arial\';color: #1890d7;font-size:100%;text-shadow: none;line-height: 1.5;font-weight: normal;font-style: normal;text-decoration: none;text-align: inherit;letter-spacing: normal;word-spacing: normal;text-transform: none;font-weight: 400;}div#n2-ss-4 .n2-font-6017c0851a2911d54dfb2dd724c9f14f-paragraph a:HOVER, div#n2-ss-4 .n2-font-6017c0851a2911d54dfb2dd724c9f14f-paragraph a:ACTIVE{font-family: \'Roboto\',\'Arial\';color: #1890d7;font-size:100%;text-shadow: none;line-height: 1.5;font-weight: normal;font-style: normal;text-decoration: none;text-align: inherit;letter-spacing: normal;word-spacing: normal;text-transform: none;font-weight: 400;}div#n2-ss-4 .n2-ss-slide-limiter{max-width:1920px;}div#n2-ss-4 .n-uc-uGxqte7Ou4MK{padding:10px 10px 10px 10px}div#n2-ss-4 .n-uc-XNkro2zFvZVS-inner{padding:10px 10px 10px 10px;justify-content:center}div#n2-ss-4 .n-uc-XNkro2zFvZVS{align-self:center;}div#n2-ss-4 .n-uc-YvoJP6yWIwgT{align-self:center;}@media (min-width: 1200px){div#n2-ss-4 [data-hide-desktopportrait=\\\"1\\\"]{display: none !important;}}@media (orientation: landscape) and (max-width: 1199px) and (min-width: 901px),(orientation: portrait) and (max-width: 1199px) and (min-width: 701px){div#n2-ss-4 [data-hide-tabletportrait=\\\"1\\\"]{display: none !important;}}@media (orientation: landscape) and (max-width: 900px),(orientation: portrait) and (max-width: 700px){div#n2-ss-4 [data-hide-mobileportrait=\\\"1\\\"]{display: none !important;}}\"},\"globalInline\":[]},\"less\":{\"staticGroupPreload\":[],\"staticGroup\":[],\"files\":[],\"urls\":[],\"codes\":[],\"firstCodes\":[],\"inline\":[],\"globalInline\":[]},\"js\":{\"staticGroupPreload\":[],\"staticGroup\":{\"smartslider-frontend\":\"\\/var\\/www\\/html\\/nftlive\\/wp-content\\/plugins\\/smart-slider-3\\/Public\\/SmartSlider3\\/Application\\/Frontend\\/Assets\\/dist\\/smartslider-frontend.min.js\",\"ss-simple\":\"\\/var\\/www\\/html\\/nftlive\\/wp-content\\/plugins\\/smart-slider-3\\/Public\\/SmartSlider3\\/Slider\\/SliderType\\/Simple\\/Assets\\/dist\\/ss-simple.min.js\"},\"files\":[],\"urls\":[],\"codes\":[],\"firstCodes\":[],\"inline\":[\"_N2.r([\\\"documentReady\\\",\\\"smartslider-frontend\\\",\\\"ss-simple\\\"],function(){new _N2.SmartSliderSimple(\'n2-ss-4\', {\\\"admin\\\":false,\\\"callbacks\\\":\\\"\\\",\\\"background.video.mobile\\\":1,\\\"alias\\\":{\\\"id\\\":0,\\\"smoothScroll\\\":0,\\\"slideSwitch\\\":0,\\\"scroll\\\":1},\\\"align\\\":\\\"normal\\\",\\\"isDelayed\\\":0,\\\"responsive\\\":{\\\"mediaQueries\\\":{\\\"all\\\":false,\\\"desktopportrait\\\":[\\\"(min-width: 1200px)\\\"],\\\"tabletportrait\\\":[\\\"(orientation: landscape) and (max-width: 1199px) and (min-width: 901px)\\\",\\\"(orientation: portrait) and (max-width: 1199px) and (min-width: 701px)\\\"],\\\"mobileportrait\\\":[\\\"(orientation: landscape) and (max-width: 900px)\\\",\\\"(orientation: portrait) and (max-width: 700px)\\\"]},\\\"base\\\":{\\\"slideOuterWidth\\\":1920,\\\"slideOuterHeight\\\":400,\\\"sliderWidth\\\":1920,\\\"sliderHeight\\\":400,\\\"slideWidth\\\":1920,\\\"slideHeight\\\":400},\\\"hideOn\\\":{\\\"desktopLandscape\\\":false,\\\"desktopPortrait\\\":false,\\\"tabletLandscape\\\":false,\\\"tabletPortrait\\\":false,\\\"mobileLandscape\\\":false,\\\"mobilePortrait\\\":false},\\\"onResizeEnabled\\\":true,\\\"type\\\":\\\"fullwidth\\\",\\\"sliderHeightBasedOn\\\":\\\"real\\\",\\\"focusUser\\\":1,\\\"focusEdge\\\":\\\"auto\\\",\\\"breakpoints\\\":[{\\\"device\\\":\\\"tabletPortrait\\\",\\\"type\\\":\\\"max-screen-width\\\",\\\"portraitWidth\\\":1199,\\\"landscapeWidth\\\":1199},{\\\"device\\\":\\\"mobilePortrait\\\",\\\"type\\\":\\\"max-screen-width\\\",\\\"portraitWidth\\\":700,\\\"landscapeWidth\\\":900}],\\\"enabledDevices\\\":{\\\"desktopLandscape\\\":0,\\\"desktopPortrait\\\":1,\\\"tabletLandscape\\\":0,\\\"tabletPortrait\\\":1,\\\"mobileLandscape\\\":0,\\\"mobilePortrait\\\":1},\\\"sizes\\\":{\\\"desktopPortrait\\\":{\\\"width\\\":1920,\\\"height\\\":400,\\\"max\\\":3000,\\\"min\\\":1200},\\\"tabletPortrait\\\":{\\\"width\\\":701,\\\"height\\\":146,\\\"customHeight\\\":false,\\\"max\\\":1199,\\\"min\\\":701},\\\"mobilePortrait\\\":{\\\"width\\\":320,\\\"height\\\":66,\\\"customHeight\\\":false,\\\"max\\\":900,\\\"min\\\":320}},\\\"overflowHiddenPage\\\":0,\\\"focus\\\":{\\\"offsetTop\\\":\\\"#wpadminbar\\\",\\\"offsetBottom\\\":\\\"\\\"}},\\\"controls\\\":{\\\"mousewheel\\\":0,\\\"touch\\\":\\\"horizontal\\\",\\\"keyboard\\\":1,\\\"blockCarouselInteraction\\\":1},\\\"playWhenVisible\\\":1,\\\"playWhenVisibleAt\\\":0.5,\\\"lazyLoad\\\":0,\\\"lazyLoadNeighbor\\\":0,\\\"blockrightclick\\\":0,\\\"maintainSession\\\":0,\\\"autoplay\\\":{\\\"enabled\\\":0,\\\"start\\\":1,\\\"duration\\\":8000,\\\"autoplayLoop\\\":1,\\\"allowReStart\\\":0,\\\"pause\\\":{\\\"click\\\":1,\\\"mouse\\\":\\\"0\\\",\\\"mediaStarted\\\":1},\\\"resume\\\":{\\\"click\\\":0,\\\"mouse\\\":\\\"0\\\",\\\"mediaEnded\\\":1,\\\"slidechanged\\\":0},\\\"interval\\\":1,\\\"intervalModifier\\\":\\\"loop\\\",\\\"intervalSlide\\\":\\\"current\\\"},\\\"perspective\\\":1500,\\\"layerMode\\\":{\\\"playOnce\\\":0,\\\"playFirstLayer\\\":1,\\\"mode\\\":\\\"skippable\\\",\\\"inAnimation\\\":\\\"mainInEnd\\\"},\\\"bgAnimations\\\":0,\\\"mainanimation\\\":{\\\"type\\\":\\\"horizontal\\\",\\\"duration\\\":800,\\\"delay\\\":0,\\\"ease\\\":\\\"easeOutQuad\\\",\\\"shiftedBackgroundAnimation\\\":0},\\\"carousel\\\":1,\\\"initCallbacks\\\":function(){}});});\"],\"globalInline\":[]},\"googleFonts\":{\"staticGroupPreload\":[],\"staticGroup\":[],\"files\":{\"Open Sans\":[\"300\",\"400\"],\"Roboto\":[\"300\",\"400\"]},\"urls\":[],\"codes\":[],\"firstCodes\":[],\"inline\":[],\"globalInline\":[]},\"image\":{\"images\":[]}}}',0,1);

--
-- Table structure for table `wp_nextend2_smartslider3_generators`
--

CREATE TABLE `wp_nextend2_smartslider3_generators` (
  `id` int NOT NULL AUTO_INCREMENT,
  `group` varchar(254) CHARACTER SET utf8mb4 COLLATE utf8mb4_unicode_520_ci NOT NULL,
  `type` varchar(254) CHARACTER SET utf8mb4 COLLATE utf8mb4_unicode_520_ci NOT NULL,
  `params` text CHARACTER SET utf8mb4 COLLATE utf8mb4_unicode_520_ci NOT NULL,
  PRIMARY KEY (`id`)
) ENGINE=MyISAM DEFAULT CHARSET=utf8mb4 COLLATE=utf8mb4_unicode_520_ci;

--
-- Dumping data for table `wp_nextend2_smartslider3_generators`
--


--
-- Table structure for table `wp_nextend2_smartslider3_sliders`
--

CREATE TABLE `wp_nextend2_smartslider3_sliders` (
  `id` int NOT NULL AUTO_INCREMENT,
  `alias` varchar(255) CHARACTER SET utf8mb4 COLLATE utf8mb4_unicode_520_ci DEFAULT NULL,
  `title` varchar(100) CHARACTER SET utf8mb4 COLLATE utf8mb4_unicode_520_ci NOT NULL,
  `type` varchar(30) CHARACTER SET utf8mb4 COLLATE utf8mb4_unicode_520_ci NOT NULL,
  `params` mediumtext CHARACTER SET utf8mb4 COLLATE utf8mb4_unicode_520_ci NOT NULL,
  `status` varchar(50) CHARACTER SET utf8mb4 COLLATE utf8mb4_unicode_520_ci NOT NULL DEFAULT 'published',
  `time` datetime NOT NULL,
  `thumbnail` varchar(255) CHARACTER SET utf8mb4 COLLATE utf8mb4_unicode_520_ci NOT NULL,
  `ordering` int NOT NULL DEFAULT '0',
  PRIMARY KEY (`id`),
  KEY `status` (`status`),
  KEY `time` (`time`)
) ENGINE=MyISAM AUTO_INCREMENT=5 DEFAULT CHARSET=utf8mb4 COLLATE=utf8mb4_unicode_520_ci;

--
-- Dumping data for table `wp_nextend2_smartslider3_sliders`
--

INSERT INTO `wp_nextend2_smartslider3_sliders` VALUES (1,NULL,'Tutorial Slider','simple','{\"aria-label\":\"Slider\",\"alias-id\":\"\",\"alias-smoothscroll\":\"\",\"alias-slideswitch\":\"\",\"background\":\"\",\"background-fixed\":\"0\",\"background-size\":\"cover\",\"background-color\":\"FFFFFF00\",\"backgroundVideoMp4\":\"\",\"backgroundVideoMuted\":\"1\",\"backgroundVideoLoop\":\"1\",\"backgroundVideoMode\":\"fill\",\"align\":\"normal\",\"margin\":\"0|*|0|*|0|*|0\",\"padding\":\"0|*|0|*|0|*|0\",\"perspective\":\"1000\",\"border-width\":\"0\",\"border-color\":\"3E3E3Eff\",\"border-radius\":\"0\",\"slider-preset\":\"\",\"slider-css\":\"\",\"width\":\"1200\",\"height\":\"600\",\"mobileportrait\":\"1\",\"mobilelandscape\":\"1\",\"tabletportrait\":\"1\",\"tabletlandscape\":\"1\",\"desktopportrait\":\"1\",\"desktoplandscape\":\"1\",\"responsiveLimitSlideWidth\":\"1\",\"responsiveSlideWidthDesktopLandscape\":\"0\",\"responsiveSlideWidthMaxDesktopLandscape\":\"1600\",\"responsiveSlideWidth\":\"0\",\"responsiveSlideWidthMax\":\"3000\",\"responsiveSlideWidthTabletLandscape\":\"0\",\"responsiveSlideWidthMaxTabletLandscape\":\"1200\",\"responsiveSlideWidthTablet\":\"0\",\"responsiveSlideWidthMaxTablet\":\"3000\",\"responsiveSlideWidthMobileLandscape\":\"0\",\"responsiveSlideWidthMaxMobileLandscape\":\"740\",\"responsiveSlideWidthMobile\":\"0\",\"responsiveSlideWidthMaxMobile\":\"480\",\"responsive-breakpoint-desktop-portrait\":\"1440\",\"responsive-breakpoint-desktop-portrait-landscape\":\"1440\",\"responsive-breakpoint-tablet-landscape\":\"1300\",\"responsive-breakpoint-tablet-landscape-landscape\":\"1300\",\"responsive-breakpoint-tablet-portrait\":\"1199\",\"responsive-breakpoint-tablet-portrait-landscape\":\"1199\",\"responsive-breakpoint-mobile-landscape\":\"900\",\"responsive-breakpoint-mobile-landscape-landscape\":\"1050\",\"responsive-breakpoint-mobile-portrait\":\"700\",\"responsive-breakpoint-mobile-portrait-landscape\":\"900\",\"responsive-breakpoint-desktop-landscape-enabled\":\"0\",\"responsive-breakpoint-tablet-landscape-enabled\":\"0\",\"responsive-breakpoint-tablet-portrait-enabled\":\"1\",\"responsive-breakpoint-mobile-landscape-enabled\":\"0\",\"responsive-breakpoint-mobile-portrait-enabled\":\"1\",\"responsive-breakpoint-global\":\"0\",\"breakpoints-orientation\":\"portrait\",\"responsive-mode\":\"fullwidth\",\"responsiveSliderHeightMin\":\"0\",\"responsiveForceFull\":\"1\",\"responsiveForceFullOverflowX\":\"body\",\"responsiveForceFullHorizontalSelector\":\"body\",\"slider-size-override\":\"0\",\"slider-size-override-mobile-portrait\":\"0\",\"mobile-portrait-width\":\"320\",\"mobile-portrait-height\":\"568\",\"slider-size-override-mobile-landscape\":\"0\",\"mobile-landscape-width\":\"568\",\"mobile-landscape-height\":\"320\",\"slider-size-override-tablet-portrait\":\"0\",\"tablet-portrait-width\":\"768\",\"tablet-portrait-height\":\"1024\",\"slider-size-override-tablet-landscape\":\"0\",\"tablet-landscape-width\":\"1024\",\"tablet-landscape-height\":\"768\",\"slider-size-override-desktop-landscape\":\"0\",\"desktop-landscape-width\":\"1440\",\"desktop-landscape-height\":\"900\",\"controlsTouch\":\"horizontal\",\"controlsScroll\":\"0\",\"controlsKeyboard\":\"1\",\"widget-arrow-enabled\":\"0\",\"widgetarrow\":\"imageEmpty\",\"widget-arrow-previous\":\"thin-horizontal.svg\",\"widget-arrow-previous-image\":\"\",\"widget-arrow-previous-color\":\"ffffffcc\",\"widget-arrow-previous-hover\":\"1\",\"widget-arrow-previous-hover-color\":\"ffffffff\",\"widget-arrow-mirror\":\"1\",\"widget-arrow-next\":\"thin-horizontal.svg\",\"widget-arrow-next-image\":\"\",\"widget-arrow-next-color\":\"ffffffcc\",\"widget-arrow-next-hover\":\"0\",\"widget-arrow-next-hover-color\":\"ffffffcc\",\"widget-arrow-style\":\"\",\"widget-arrow-previous-position-mode\":\"simple\",\"widget-arrow-previous-position-area\":\"6\",\"widget-arrow-previous-position-stack\":\"1\",\"widget-arrow-previous-position-offset\":\"15\",\"widget-arrow-previous-position-horizontal\":\"left\",\"widget-arrow-previous-position-horizontal-position\":\"0\",\"widget-arrow-previous-position-horizontal-unit\":\"px\",\"widget-arrow-previous-position-vertical\":\"top\",\"widget-arrow-previous-position-vertical-position\":\"0\",\"widget-arrow-previous-position-vertical-unit\":\"px\",\"widget-arrow-next-position-mode\":\"simple\",\"widget-arrow-next-position-area\":\"7\",\"widget-arrow-next-position-stack\":\"1\",\"widget-arrow-next-position-offset\":\"15\",\"widget-arrow-next-position-horizontal\":\"left\",\"widget-arrow-next-position-horizontal-position\":\"0\",\"widget-arrow-next-position-horizontal-unit\":\"px\",\"widget-arrow-next-position-vertical\":\"top\",\"widget-arrow-next-position-vertical-position\":\"0\",\"widget-arrow-next-position-vertical-unit\":\"px\",\"widget-arrow-animation\":\"fade\",\"widget-arrow-previous-alt\":\"previous arrow\",\"widget-arrow-next-alt\":\"next arrow\",\"widget-arrow-base64\":\"1\",\"widget-arrow-display-hover\":\"0\",\"widget-arrow-display-mobileportrait\":\"0\",\"widget-arrow-display-mobilelandscape\":\"0\",\"widget-arrow-display-tabletportrait\":\"1\",\"widget-arrow-display-tabletlandscape\":\"1\",\"widget-arrow-display-desktopportrait\":\"1\",\"widget-arrow-display-desktoplandscape\":\"1\",\"widget-arrow-exclude-slides\":\"\",\"widget-bullet-enabled\":\"1\",\"widgetbullet\":\"transition\",\"widget-bullet-position-mode\":\"simple\",\"widget-bullet-position-area\":\"10\",\"widget-bullet-position-stack\":\"1\",\"widget-bullet-position-offset\":\"5\",\"widget-bullet-position-horizontal\":\"left\",\"widget-bullet-position-horizontal-position\":\"0\",\"widget-bullet-position-horizontal-unit\":\"px\",\"widget-bullet-position-vertical\":\"top\",\"widget-bullet-position-vertical-position\":\"0\",\"widget-bullet-position-vertical-unit\":\"px\",\"widget-bullet-action\":\"click\",\"widget-bullet-style\":\"{\\\"data\\\":[{\\\"backgroundcolor\\\":\\\"00000000\\\",\\\"opacity\\\":100,\\\"padding\\\":\\\"5|*|5|*|5|*|5|*|px\\\",\\\"boxshadow\\\":\\\"0|*|0|*|0|*|0|*|000000ff\\\",\\\"border\\\":\\\"2|*|solid|*|ffffffcc\\\",\\\"borderradius\\\":\\\"50\\\",\\\"extra\\\":\\\"margin: 4px;\\\"},{\\\"extra\\\":\\\"\\\",\\\"backgroundcolor\\\":\\\"ffffffcc\\\",\\\"border\\\":\\\"2|*|solid|*|ffffffcc\\\"}]}\",\"widget-bullet-bar\":\"\",\"widget-bullet-bar-full-size\":\"0\",\"widget-bullet-align\":\"center\",\"widget-bullet-orientation\":\"auto\",\"widget-bullet-thumbnail-show-image\":\"0\",\"widget-bullet-thumbnail-width\":\"60\",\"widget-bullet-thumbnail-height\":\"60\",\"widget-bullet-thumbnail-style\":\"{\\\"data\\\":[{\\\"backgroundcolor\\\":\\\"00000080\\\",\\\"padding\\\":\\\"3|*|3|*|3|*|3|*|px\\\",\\\"boxshadow\\\":\\\"0|*|0|*|0|*|0|*|000000ff\\\",\\\"border\\\":\\\"0|*|solid|*|000000ff\\\",\\\"borderradius\\\":\\\"3\\\",\\\"extra\\\":\\\"margin: 5px;\\\"}]}\",\"widget-bullet-thumbnail-side\":\"before\",\"widget-bullet-display-hover\":\"0\",\"widget-bullet-display-mobileportrait\":\"1\",\"widget-bullet-display-mobilelandscape\":\"1\",\"widget-bullet-display-tabletportrait\":\"1\",\"widget-bullet-display-tabletlandscape\":\"1\",\"widget-bullet-display-desktopportrait\":\"1\",\"widget-bullet-display-desktoplandscape\":\"1\",\"widget-bullet-exclude-slides\":\"\",\"widget-bar-enabled\":\"0\",\"widgetbar\":\"horizontal\",\"widget-bar-position-mode\":\"simple\",\"widget-bar-position-area\":\"10\",\"widget-bar-position-stack\":\"1\",\"widget-bar-position-offset\":\"30\",\"widget-bar-position-horizontal\":\"left\",\"widget-bar-position-horizontal-position\":\"0\",\"widget-bar-position-horizontal-unit\":\"px\",\"widget-bar-position-vertical\":\"top\",\"widget-bar-position-vertical-position\":\"0\",\"widget-bar-position-vertical-unit\":\"px\",\"widget-bar-animate\":\"0\",\"widget-bar-style\":\"{\\\"data\\\":[{\\\"backgroundcolor\\\":\\\"000000ab\\\",\\\"padding\\\":\\\"5|*|20|*|5|*|20|*|px\\\",\\\"boxshadow\\\":\\\"0|*|0|*|0|*|0|*|000000ff\\\",\\\"border\\\":\\\"0|*|solid|*|000000ff\\\",\\\"borderradius\\\":\\\"40\\\",\\\"extra\\\":\\\"\\\"}]}\",\"widget-bar-show-title\":\"1\",\"widget-bar-font-title\":\"{\\\"data\\\":[{\\\"color\\\":\\\"ffffffff\\\",\\\"size\\\":\\\"14||px\\\",\\\"tshadow\\\":\\\"0|*|0|*|0|*|000000c7\\\",\\\"afont\\\":\\\"Montserrat\\\",\\\"lineheight\\\":\\\"1.3\\\",\\\"bold\\\":0,\\\"italic\\\":0,\\\"underline\\\":0,\\\"align\\\":\\\"left\\\",\\\"extra\\\":\\\"vertical-align: middle;\\\"},{\\\"color\\\":\\\"fc2828ff\\\",\\\"afont\\\":\\\"google(@import url(http://fonts.googleapis.com/css?family=Raleway);),Arial\\\",\\\"size\\\":\\\"25||px\\\"},{}]}\",\"widget-bar-show-description\":\"1\",\"widget-bar-font-description\":\"{\\\"data\\\":[{\\\"color\\\":\\\"ffffffff\\\",\\\"size\\\":\\\"14||px\\\",\\\"tshadow\\\":\\\"0|*|0|*|0|*|000000c7\\\",\\\"afont\\\":\\\"Montserrat\\\",\\\"lineheight\\\":\\\"1.3\\\",\\\"bold\\\":0,\\\"italic\\\":1,\\\"underline\\\":0,\\\"align\\\":\\\"left\\\",\\\"extra\\\":\\\"vertical-align: middle;\\\"},{\\\"color\\\":\\\"fc2828ff\\\",\\\"afont\\\":\\\"Raleway,Arial\\\",\\\"size\\\":\\\"25||px\\\"},{}]}\",\"widget-bar-slide-count\":\"0\",\"widget-bar-width\":\"100%\",\"widget-bar-full-width\":\"0\",\"widget-bar-separator\":\" - \",\"widget-bar-align\":\"center\",\"widget-bar-display-hover\":\"0\",\"widget-bar-display-mobileportrait\":\"1\",\"widget-bar-display-mobilelandscape\":\"1\",\"widget-bar-display-tabletportrait\":\"1\",\"widget-bar-display-tabletlandscape\":\"1\",\"widget-bar-display-desktopportrait\":\"1\",\"widget-bar-display-desktoplandscape\":\"1\",\"widget-bar-exclude-slides\":\"\",\"widget-thumbnail-enabled\":\"0\",\"widgetthumbnail\":\"default\",\"widget-thumbnail-show-image\":\"1\",\"widget-thumbnail-width\":\"100\",\"widget-thumbnail-height\":\"60\",\"widget-thumbnail-position-mode\":\"simple\",\"widget-thumbnail-position-area\":\"12\",\"widget-thumbnail-position-stack\":\"1\",\"widget-thumbnail-position-offset\":\"0\",\"widget-thumbnail-position-horizontal\":\"left\",\"widget-thumbnail-position-horizontal-position\":\"0\",\"widget-thumbnail-position-horizontal-unit\":\"px\",\"widget-thumbnail-position-vertical\":\"top\",\"widget-thumbnail-position-vertical-position\":\"0\",\"widget-thumbnail-position-vertical-unit\":\"px\",\"widget-thumbnail-action\":\"click\",\"widget-thumbnail-align-content\":\"start\",\"widget-thumbnail-style-bar\":\"{\\\"data\\\":[{\\\"backgroundcolor\\\":\\\"242424ff\\\",\\\"padding\\\":\\\"3|*|3|*|3|*|3|*|px\\\",\\\"boxshadow\\\":\\\"0|*|0|*|0|*|0|*|000000ff\\\",\\\"border\\\":\\\"0|*|solid|*|000000ff\\\",\\\"borderradius\\\":\\\"0\\\",\\\"extra\\\":\\\"\\\"}]}\",\"widget-thumbnail-style-slides\":\"{\\\"data\\\":[{\\\"backgroundcolor\\\":\\\"00000000\\\",\\\"padding\\\":\\\"0|*|0|*|0|*|0|*|px\\\",\\\"boxshadow\\\":\\\"0|*|0|*|0|*|0|*|000000ff\\\",\\\"border\\\":\\\"0|*|solid|*|ffffff00\\\",\\\"borderradius\\\":\\\"0\\\",\\\"opacity\\\":\\\"40\\\",\\\"extra\\\":\\\"margin: 3px;\\ntransition: all 0.4s;\\nbackground-size: cover;\\\"},{\\\"border\\\":\\\"0|*|solid|*|ffffffcc\\\",\\\"opacity\\\":\\\"100\\\",\\\"extra\\\":\\\"\\\"}]}\",\"widget-thumbnail-title-style\":\"{\\\"data\\\":[{\\\"backgroundcolor\\\":\\\"000000ab\\\",\\\"padding\\\":\\\"3|*|10|*|3|*|10|*|px\\\",\\\"boxshadow\\\":\\\"0|*|0|*|0|*|0|*|000000ff\\\",\\\"border\\\":\\\"0|*|solid|*|000000ff\\\",\\\"borderradius\\\":\\\"0\\\",\\\"extra\\\":\\\"bottom: 0;\\nleft: 0;\\\"}]}\",\"widget-thumbnail-title\":\"0\",\"widget-thumbnail-title-font\":\"{\\\"data\\\":[{\\\"color\\\":\\\"ffffffff\\\",\\\"size\\\":\\\"12||px\\\",\\\"tshadow\\\":\\\"0|*|0|*|0|*|000000ab\\\",\\\"afont\\\":\\\"Montserrat\\\",\\\"lineheight\\\":\\\"1.2\\\",\\\"bold\\\":0,\\\"italic\\\":0,\\\"underline\\\":0,\\\"align\\\":\\\"left\\\"},{\\\"color\\\":\\\"fc2828ff\\\",\\\"afont\\\":\\\"google(@import url(http://fonts.googleapis.com/css?family=Raleway);),Arial\\\",\\\"size\\\":\\\"25||px\\\"},{}]}\",\"widget-thumbnail-description\":\"0\",\"widget-thumbnail-description-font\":\"{\\\"data\\\":[{\\\"color\\\":\\\"ffffffff\\\",\\\"size\\\":\\\"12||px\\\",\\\"tshadow\\\":\\\"0|*|0|*|0|*|000000ab\\\",\\\"afont\\\":\\\"Montserrat\\\",\\\"lineheight\\\":\\\"1.3\\\",\\\"bold\\\":0,\\\"italic\\\":0,\\\"underline\\\":0,\\\"align\\\":\\\"left\\\"},{\\\"color\\\":\\\"fc2828ff\\\",\\\"afont\\\":\\\"google(@import url(http://fonts.googleapis.com/css?family=Raleway);),Arial\\\",\\\"size\\\":\\\"25||px\\\"},{}]}\",\"widget-thumbnail-caption-placement\":\"overlay\",\"widget-thumbnail-caption-size\":\"100\",\"widget-thumbnail-arrow\":\"1\",\"widget-thumbnail-arrow-width\":\"26\",\"widget-thumbnail-arrow-offset\":\"0\",\"widget-thumbnail-arrow-prev-alt\":\"previous arrow\",\"widget-thumbnail-arrow-next-alt\":\"next arrow\",\"widget-thumbnail-arrow-image\":\"\",\"widget-thumbnail-group\":\"1\",\"widget-thumbnail-invert-group-direction\":\"0\",\"widget-thumbnail-orientation\":\"auto\",\"widget-thumbnail-size\":\"100%\",\"widget-thumbnail-display-hover\":\"0\",\"widget-thumbnail-display-mobileportrait\":\"1\",\"widget-thumbnail-display-mobilelandscape\":\"1\",\"widget-thumbnail-display-tabletportrait\":\"1\",\"widget-thumbnail-display-tabletlandscape\":\"1\",\"widget-thumbnail-display-desktopportrait\":\"1\",\"widget-thumbnail-display-desktoplandscape\":\"1\",\"widget-thumbnail-exclude-slides\":\"\",\"widget-shadow-enabled\":\"0\",\"widgetshadow\":\"shadow\",\"widget-shadow-shadow\":\"dark.png\",\"widget-shadow-shadow-image\":\"\",\"widget-shadow-width\":\"100%\",\"widget-shadow-display-mobileportrait\":\"1\",\"widget-shadow-display-mobilelandscape\":\"1\",\"widget-shadow-display-tabletportrait\":\"1\",\"widget-shadow-display-tabletlandscape\":\"1\",\"widget-shadow-display-desktopportrait\":\"1\",\"widget-shadow-display-desktoplandscape\":\"1\",\"widget-shadow-exclude-slides\":\"\",\"widget-fullscreen-enabled\":\"0\",\"widgetfullscreen\":\"image\",\"widget-fullscreen-tonormal\":\"full1.svg\",\"widget-fullscreen-tonormal-image\":\"\",\"widget-fullscreen-tonormal-color\":\"ffffffcc\",\"widget-fullscreen-mirror\":\"1\",\"widget-fullscreen-tofull\":\"full1.svg\",\"widget-fullscreen-tofull-image\":\"\",\"widget-fullscreen-tofull-color\":\"ffffffcc\",\"widget-fullscreen-style\":\"{\\\"data\\\":[{\\\"backgroundcolor\\\":\\\"000000ab\\\",\\\"padding\\\":\\\"10|*|10|*|10|*|10|*|px\\\",\\\"boxshadow\\\":\\\"0|*|0|*|0|*|0|*|000000ff\\\",\\\"border\\\":\\\"0|*|solid|*|000000ff\\\",\\\"borderradius\\\":\\\"3\\\",\\\"extra\\\":\\\"\\\"},{\\\"backgroundcolor\\\":\\\"000000ab\\\"}]}\",\"widget-fullscreen-position-mode\":\"simple\",\"widget-fullscreen-position-area\":\"4\",\"widget-fullscreen-position-stack\":\"1\",\"widget-fullscreen-position-offset\":\"15\",\"widget-fullscreen-position-horizontal\":\"left\",\"widget-fullscreen-position-horizontal-position\":\"0\",\"widget-fullscreen-position-horizontal-unit\":\"px\",\"widget-fullscreen-position-vertical\":\"top\",\"widget-fullscreen-position-vertical-position\":\"0\",\"widget-fullscreen-position-vertical-unit\":\"px\",\"widget-fullscreen-responsive-desktop\":\"1\",\"widget-fullscreen-responsive-tablet\":\"0.7\",\"widget-fullscreen-responsive-mobile\":\"0.5\",\"widget-fullscreen-display-hover\":\"0\",\"widget-fullscreen-display-mobileportrait\":\"1\",\"widget-fullscreen-display-mobilelandscape\":\"1\",\"widget-fullscreen-display-tabletportrait\":\"1\",\"widget-fullscreen-display-tabletlandscape\":\"1\",\"widget-fullscreen-display-desktopportrait\":\"1\",\"widget-fullscreen-display-desktoplandscape\":\"1\",\"widget-fullscreen-exclude-slides\":\"\",\"widget-html-enabled\":\"0\",\"widgethtml\":\"html\",\"widget-html-position-mode\":\"simple\",\"widget-html-position-area\":\"2\",\"widget-html-position-stack\":\"1\",\"widget-html-position-offset\":\"0\",\"widget-html-position-horizontal\":\"left\",\"widget-html-position-horizontal-position\":\"0\",\"widget-html-position-horizontal-unit\":\"px\",\"widget-html-position-vertical\":\"top\",\"widget-html-position-vertical-position\":\"0\",\"widget-html-position-vertical-unit\":\"px\",\"widget-html-code\":\"\",\"widget-html-display-hover\":\"0\",\"widget-html-display-mobileportrait\":\"1\",\"widget-html-display-mobilelandscape\":\"1\",\"widget-html-display-tabletportrait\":\"1\",\"widget-html-display-tabletlandscape\":\"1\",\"widget-html-display-desktopportrait\":\"1\",\"widget-html-display-desktoplandscape\":\"1\",\"widget-html-exclude-slides\":\"\",\"animation\":\"fade\",\"animation-duration\":\"500\",\"animation-delay\":\"0\",\"animation-easing\":\"easeOutQuad\",\"carousel\":\"1\",\"background-animation\":\"\",\"background-animation-color\":\"333333ff\",\"background-animation-speed\":\"normal\",\"animation-shifted-background-animation\":\"auto\",\"kenburns-animation\":\"50|*|50|*|\",\"kenburns-animation-speed\":\"default\",\"kenburns-animation-strength\":\"default\",\"shape-divider\":\"\",\"particle\":\"\",\"playfirstlayer\":\"1\",\"playonce\":\"0\",\"layer-animation-play-in\":\"end\",\"layer-animation-play-mode\":\"skippable\",\"parallax-enabled\":\"1\",\"parallax-enabled-mobile\":\"0\",\"parallax-3d\":\"0\",\"parallax-animate\":\"1\",\"parallax-horizontal\":\"mouse\",\"parallax-vertical\":\"mouse\",\"parallax-mouse-origin\":\"slider\",\"parallax-scroll-move\":\"both\",\"autoplay\":\"0\",\"autoplayDuration\":\"8000\",\"autoplayStart\":\"1\",\"autoplayAllowReStart\":\"0\",\"autoplayLoop\":\"1\",\"autoplayfinish\":\"1|*|loop|*|current\",\"loop-single-slide\":\"0\",\"autoplayStopClick\":\"1\",\"autoplayStopMouse\":\"0\",\"autoplayStopMedia\":\"1\",\"autoplayResumeClick\":\"0\",\"autoplayResumeMouse\":\"0\",\"autoplayResumeMedia\":\"1\",\"widget-autoplay-enabled\":\"0\",\"widgetautoplay\":\"image\",\"widget-autoplay-play\":\"small-light.svg\",\"widget-autoplay-play-image\":\"\",\"widget-autoplay-play-color\":\"ffffffcc\",\"widget-autoplay-style\":\"{\\\"data\\\":[{\\\"backgroundcolor\\\":\\\"000000ab\\\",\\\"padding\\\":\\\"10|*|10|*|10|*|10|*|px\\\",\\\"boxshadow\\\":\\\"0|*|0|*|0|*|0|*|000000ff\\\",\\\"border\\\":\\\"0|*|solid|*|000000ff\\\",\\\"borderradius\\\":\\\"3\\\",\\\"extra\\\":\\\"\\\"},{\\\"backgroundcolor\\\":\\\"000000ab\\\"}]}\",\"widget-autoplay-mirror\":\"1\",\"widget-autoplay-pause\":\"small-light.svg\",\"widget-autoplay-pause-image\":\"\",\"widget-autoplay-pause-color\":\"ffffffcc\",\"widget-autoplay-responsive-desktop\":\"1\",\"widget-autoplay-responsive-tablet\":\"0.7\",\"widget-autoplay-responsive-mobile\":\"0.5\",\"widget-autoplay-position-mode\":\"simple\",\"widget-autoplay-position-area\":\"4\",\"widget-autoplay-position-stack\":\"1\",\"widget-autoplay-position-offset\":\"15\",\"widget-autoplay-position-horizontal\":\"left\",\"widget-autoplay-position-horizontal-position\":\"0\",\"widget-autoplay-position-horizontal-unit\":\"px\",\"widget-autoplay-position-vertical\":\"top\",\"widget-autoplay-position-vertical-position\":\"0\",\"widget-autoplay-position-vertical-unit\":\"px\",\"widget-autoplay-display-hover\":\"0\",\"widget-autoplay-display-mobileportrait\":\"1\",\"widget-autoplay-display-mobilelandscape\":\"1\",\"widget-autoplay-display-tabletportrait\":\"1\",\"widget-autoplay-display-tabletlandscape\":\"1\",\"widget-autoplay-display-desktopportrait\":\"1\",\"widget-autoplay-display-desktoplandscape\":\"1\",\"widget-autoplay-exclude-slides\":\"\",\"widget-indicator-enabled\":\"0\",\"widgetindicator\":\"pie\",\"widget-indicator-position-mode\":\"simple\",\"widget-indicator-position-area\":\"4\",\"widget-indicator-position-stack\":\"1\",\"widget-indicator-position-offset\":\"15\",\"widget-indicator-position-horizontal\":\"left\",\"widget-indicator-position-horizontal-position\":\"0\",\"widget-indicator-position-horizontal-unit\":\"px\",\"widget-indicator-position-vertical\":\"top\",\"widget-indicator-position-vertical-position\":\"0\",\"widget-indicator-position-vertical-unit\":\"px\",\"widget-indicator-size\":\"25\",\"widget-indicator-thickness\":\"30\",\"widget-indicator-track\":\"000000ab\",\"widget-indicator-bar\":\"ffffffff\",\"widget-indicator-style\":\"\",\"widget-indicator-display-hover\":\"0\",\"widget-indicator-display-mobileportrait\":\"1\",\"widget-indicator-display-mobilelandscape\":\"1\",\"widget-indicator-display-tabletportrait\":\"1\",\"widget-indicator-display-tabletlandscape\":\"1\",\"widget-indicator-display-desktopportrait\":\"1\",\"widget-indicator-display-desktoplandscape\":\"1\",\"widget-indicator-exclude-slides\":\"\",\"imageload\":\"0\",\"imageloadNeighborSlides\":\"0\",\"optimize-scale\":\"0\",\"optimize-quality\":\"70\",\"optimize-thumbnail-scale\":\"0\",\"optimize-thumbnail-quality\":\"70\",\"optimize-slide-width-normal\":\"1920\",\"optimizeThumbnailWidth\":\"100\",\"optimizeThumbnailHeight\":\"60\",\"layer-image-optimize\":\"0\",\"layer-image-width-tablet\":\"800\",\"layer-image-width-mobile\":\"425\",\"layer-image-base64\":\"0\",\"layer-image-base64-size\":\"50\",\"slides-background-video-mobile\":\"1\",\"playWhenVisible\":\"1\",\"playWhenVisibleAt\":\"50\",\"dependency\":\"\",\"delay\":\"0\",\"is-delayed\":\"0\",\"backgroundMode\":\"fill\",\"slide-css\":\"\",\"randomize\":\"0\",\"randomizeFirst\":\"0\",\"randomize-cache\":\"1\",\"variations\":\"5\",\"reverse-slides\":\"0\",\"maximumslidecount\":\"1000\",\"maintain-session\":\"0\",\"global-lightbox\":\"0\",\"global-lightbox-label\":\"0\",\"slide-background-parallax\":\"0\",\"slide-background-parallax-strength\":\"50\",\"bg-parallax-tablet\":\"0\",\"bg-parallax-mobile\":\"0\",\"blockrightclick\":\"0\",\"controlsBlockCarouselInteraction\":\"1\",\"clear-both\":\"1\",\"clear-both-after\":\"1\",\"overflow-hidden-page\":\"0\",\"responsiveFocusUser\":\"1\",\"responsiveFocusEdge\":\"auto\",\"classes\":\"\",\"custom-css-codes\":\"\",\"callbacks\":\"\",\"related-posts\":\"\"}','published','2020-02-25 13:53:41','https://smartslider3.com/wp-content/uploads/slider404/tutorialsliderthumbnail-1.png',0),(2,NULL,'opensea slider','simple','{\"aria-label\":\"Slider\",\"alias-id\":\"\",\"alias-smoothscroll\":\"\",\"alias-slideswitch\":\"\",\"alias-slideswitch-scroll\":\"1\",\"align\":\"normal\",\"margin\":\"0|*|0|*|0|*|0\",\"width\":\"400\",\"height\":\"400\",\"responsiveLimitSlideWidth\":\"1\",\"responsiveSlideWidth\":\"0\",\"responsiveSlideWidthMax\":\"1200\",\"responsiveSlideWidthTablet\":\"0\",\"responsiveSlideWidthMaxTablet\":\"980\",\"responsiveSlideWidthMobile\":\"0\",\"responsiveSlideWidthMaxMobile\":\"480\",\"responsive-breakpoint-tablet-portrait\":\"1199\",\"responsive-breakpoint-tablet-portrait-landscape\":\"1199\",\"responsive-breakpoint-mobile-portrait\":\"700\",\"responsive-breakpoint-mobile-portrait-landscape\":\"900\",\"responsive-breakpoint-tablet-portrait-enabled\":\"1\",\"responsive-breakpoint-mobile-portrait-enabled\":\"1\",\"responsive-breakpoint-global\":\"0\",\"breakpoints-orientation\":\"portrait\",\"responsive-mode\":\"fullwidth\",\"responsiveSliderHeightMin\":\"0\",\"responsiveForceFull\":\"0\",\"responsiveForceFullOverflowX\":\"body\",\"responsiveForceFullHorizontalSelector\":\"body\",\"controlsTouch\":\"horizontal\",\"controlsScroll\":\"0\",\"controlsKeyboard\":\"1\",\"widget-arrow-enabled\":\"1\",\"widgetarrow\":\"imageEmpty\",\"widget-arrow-previous\":\"thin-horizontal.svg\",\"widget-arrow-previous-color\":\"ffffffcc\",\"widget-arrow-previous-hover\":\"0\",\"widget-arrow-previous-hover-color\":\"ffffffcc\",\"widget-arrow-style\":\"\",\"widget-arrow-previous-position-area\":\"6\",\"widget-arrow-previous-position-stack\":\"1\",\"widget-arrow-previous-position-offset\":\"5\",\"widget-arrow-next-position-area\":\"7\",\"widget-arrow-next-position-stack\":\"1\",\"widget-arrow-next-position-offset\":\"5\",\"widget-arrow-previous-alt\":\"previous arrow\",\"widget-arrow-next-alt\":\"next arrow\",\"widget-arrow-base64\":\"1\",\"widget-arrow-display-hover\":\"0\",\"widget-arrow-display-mobileportrait\":\"0\",\"widget-arrow-display-tabletportrait\":\"1\",\"widget-arrow-display-desktopportrait\":\"1\",\"widget-bullet-enabled\":\"1\",\"widgetbullet\":\"transition\",\"widget-bullet-position-area\":\"10\",\"widget-bullet-position-stack\":\"1\",\"widget-bullet-position-offset\":\"5\",\"widget-bullet-style\":\"{\\\"name\\\":\\\"Static\\\",\\\"data\\\":[{\\\"backgroundcolor\\\":\\\"ffffff80\\\",\\\"padding\\\":\\\"5|*|5|*|5|*|5|*|px\\\",\\\"boxshadow\\\":\\\"0|*|0|*|0|*|0|*|000000ff\\\",\\\"border\\\":\\\"0|*|solid|*|000000ff\\\",\\\"borderradius\\\":\\\"50\\\",\\\"extra\\\":\\\"margin: 4px;\\\"},{\\\"extra\\\":\\\"\\\",\\\"backgroundcolor\\\":\\\"ffffffff\\\"}]}\",\"widget-bullet-bar\":\"\",\"widget-bullet-thumbnail-show-image\":\"1\",\"widget-bullet-thumbnail-width\":\"120\",\"widget-bullet-thumbnail-height\":\"81\",\"widget-bullet-thumbnail-style\":\"{\\\"name\\\":\\\"Static\\\",\\\"data\\\":[{\\\"backgroundcolor\\\":\\\"00000080\\\",\\\"padding\\\":\\\"0|*|0|*|0|*|0|*|px\\\",\\\"boxshadow\\\":\\\"0|*|0|*|0|*|0|*|000000ff\\\",\\\"border\\\":\\\"0|*|solid|*|000000ff\\\",\\\"borderradius\\\":\\\"3\\\",\\\"extra\\\":\\\"margin: 5px;\\\"}]}\",\"widget-bullet-thumbnail-side\":\"before\",\"widget-bullet-display-hover\":\"0\",\"widget-bullet-display-mobileportrait\":\"1\",\"widget-bullet-display-tabletportrait\":\"1\",\"widget-bullet-display-desktopportrait\":\"1\",\"widget-bar-enabled\":\"0\",\"widgetbar\":\"horizontal\",\"widget-bar-position-area\":\"10\",\"widget-bar-position-stack\":\"1\",\"widget-bar-position-offset\":\"30\",\"widget-bar-animate\":\"0\",\"widget-bar-style\":\"{\\\"data\\\":[{\\\"backgroundcolor\\\":\\\"000000ab\\\",\\\"padding\\\":\\\"5|*|20|*|5|*|20|*|px\\\",\\\"boxshadow\\\":\\\"0|*|0|*|0|*|0|*|000000ff\\\",\\\"border\\\":\\\"0|*|solid|*|000000ff\\\",\\\"borderradius\\\":\\\"40\\\",\\\"extra\\\":\\\"\\\"}]}\",\"widget-bar-show-title\":\"1\",\"widget-bar-font-title\":\"{\\\"data\\\":[{\\\"color\\\":\\\"ffffffff\\\",\\\"size\\\":\\\"14||px\\\",\\\"tshadow\\\":\\\"0|*|0|*|0|*|000000c7\\\",\\\"afont\\\":\\\"Montserrat\\\",\\\"lineheight\\\":\\\"1.3\\\",\\\"bold\\\":0,\\\"italic\\\":0,\\\"underline\\\":0,\\\"align\\\":\\\"left\\\",\\\"extra\\\":\\\"vertical-align: middle;\\\"},{\\\"color\\\":\\\"fc2828ff\\\",\\\"afont\\\":\\\"google(@import url(http:\\/\\/fonts.googleapis.com\\/css?family=Raleway);),Arial\\\",\\\"size\\\":\\\"25||px\\\"},{}]}\",\"widget-bar-show-description\":\"1\",\"widget-bar-font-description\":\"{\\\"data\\\":[{\\\"color\\\":\\\"ffffffff\\\",\\\"size\\\":\\\"14||px\\\",\\\"tshadow\\\":\\\"0|*|0|*|0|*|000000c7\\\",\\\"afont\\\":\\\"Montserrat\\\",\\\"lineheight\\\":\\\"1.3\\\",\\\"bold\\\":0,\\\"italic\\\":1,\\\"underline\\\":0,\\\"align\\\":\\\"left\\\",\\\"extra\\\":\\\"vertical-align: middle;\\\"},{\\\"color\\\":\\\"fc2828ff\\\",\\\"afont\\\":\\\"google(@import url(http:\\/\\/fonts.googleapis.com\\/css?family=Raleway);),Arial\\\",\\\"size\\\":\\\"25||px\\\"},{}]}\",\"widget-bar-slide-count\":\"0\",\"widget-bar-full-width\":\"0\",\"widget-bar-separator\":\" - \",\"widget-bar-align\":\"center\",\"widget-bar-display-hover\":\"0\",\"widget-bar-display-mobileportrait\":\"1\",\"widget-bar-display-tabletportrait\":\"1\",\"widget-bar-display-desktopportrait\":\"1\",\"widget-thumbnail-enabled\":\"0\",\"widgetthumbnail\":\"default\",\"widget-thumbnail-width\":\"100\",\"widget-thumbnail-height\":\"60\",\"widget-thumbnail-tablet-width\":\"100\",\"widget-thumbnail-tablet-height\":\"60\",\"widget-thumbnail-mobile-width\":\"100\",\"widget-thumbnail-mobile-height\":\"60\",\"widget-thumbnail-position-area\":\"12\",\"widget-thumbnail-position-stack\":\"1\",\"widget-thumbnail-position-offset\":\"0\",\"widget-thumbnail-align-content\":\"start\",\"widget-thumbnail-style-bar\":\"{\\\"data\\\":[{\\\"backgroundcolor\\\":\\\"242424ff\\\",\\\"padding\\\":\\\"3|*|3|*|3|*|3|*|px\\\",\\\"boxshadow\\\":\\\"0|*|0|*|0|*|0|*|000000ff\\\",\\\"border\\\":\\\"0|*|solid|*|000000ff\\\",\\\"borderradius\\\":\\\"0\\\",\\\"extra\\\":\\\"\\\"}]}\",\"widget-thumbnail-style-slides\":\"{\\\"data\\\":[{\\\"backgroundcolor\\\":\\\"00000000\\\",\\\"padding\\\":\\\"0|*|0|*|0|*|0|*|px\\\",\\\"boxshadow\\\":\\\"0|*|0|*|0|*|0|*|000000ff\\\",\\\"border\\\":\\\"0|*|solid|*|ffffff00\\\",\\\"borderradius\\\":\\\"0\\\",\\\"opacity\\\":\\\"40\\\",\\\"extra\\\":\\\"margin: 3px;\\\\ntransition: all 0.4s;\\\\nbackground-size: cover;\\\"},{\\\"border\\\":\\\"0|*|solid|*|ffffffcc\\\",\\\"opacity\\\":\\\"100\\\",\\\"extra\\\":\\\"\\\"}]}\",\"widget-thumbnail-title-style\":\"{\\\"data\\\":[{\\\"backgroundcolor\\\":\\\"000000ab\\\",\\\"padding\\\":\\\"3|*|10|*|3|*|10|*|px\\\",\\\"boxshadow\\\":\\\"0|*|0|*|0|*|0|*|000000ff\\\",\\\"border\\\":\\\"0|*|solid|*|000000ff\\\",\\\"borderradius\\\":\\\"0\\\",\\\"extra\\\":\\\"bottom: 0;\\\\nleft: 0;\\\"}]}\",\"widget-thumbnail-title\":\"0\",\"widget-thumbnail-title-font\":\"{\\\"data\\\":[{\\\"color\\\":\\\"ffffffff\\\",\\\"size\\\":\\\"12||px\\\",\\\"tshadow\\\":\\\"0|*|0|*|0|*|000000ab\\\",\\\"afont\\\":\\\"Montserrat\\\",\\\"lineheight\\\":\\\"1.2\\\",\\\"bold\\\":0,\\\"italic\\\":0,\\\"underline\\\":0,\\\"align\\\":\\\"left\\\"},{\\\"color\\\":\\\"fc2828ff\\\",\\\"afont\\\":\\\"google(@import url(http:\\/\\/fonts.googleapis.com\\/css?family=Raleway);),Arial\\\",\\\"size\\\":\\\"25||px\\\"},{}]}\",\"widget-thumbnail-description\":\"0\",\"widget-thumbnail-description-font\":\"{\\\"data\\\":[{\\\"color\\\":\\\"ffffffff\\\",\\\"size\\\":\\\"12||px\\\",\\\"tshadow\\\":\\\"0|*|0|*|0|*|000000ab\\\",\\\"afont\\\":\\\"Montserrat\\\",\\\"lineheight\\\":\\\"1.3\\\",\\\"bold\\\":0,\\\"italic\\\":0,\\\"underline\\\":0,\\\"align\\\":\\\"left\\\"},{\\\"color\\\":\\\"fc2828ff\\\",\\\"afont\\\":\\\"google(@import url(http:\\/\\/fonts.googleapis.com\\/css?family=Raleway);),Arial\\\",\\\"size\\\":\\\"25||px\\\"},{}]}\",\"widget-thumbnail-caption-placement\":\"overlay\",\"widget-thumbnail-caption-size\":\"100\",\"widget-thumbnail-display-hover\":\"0\",\"widget-thumbnail-display-mobileportrait\":\"1\",\"widget-thumbnail-display-tabletportrait\":\"1\",\"widget-thumbnail-display-desktopportrait\":\"1\",\"widget-shadow-enabled\":\"0\",\"widgetshadow\":\"shadow\",\"widget-shadow-shadow\":\"dark.png\",\"widget-shadow-display-mobileportrait\":\"1\",\"widget-shadow-display-tabletportrait\":\"1\",\"widget-shadow-display-desktopportrait\":\"1\",\"animation\":\"horizontal\",\"animation-duration\":\"800\",\"background-animation\":\"\",\"background-animation-color\":\"333333ff\",\"background-animation-speed\":\"normal\",\"autoplay\":\"1\",\"autoplayDuration\":\"5000\",\"autoplayStopClick\":\"1\",\"autoplayStopMouse\":\"0\",\"autoplayStopMedia\":\"1\",\"autoplayResumeClick\":\"0\",\"autoplayResumeMouse\":\"0\",\"autoplayResumeMedia\":\"1\",\"widget-autoplay-enabled\":\"0\",\"widgetautoplay\":\"image\",\"widget-autoplay-play\":\"small-light.svg\",\"widget-autoplay-play-color\":\"ffffffcc\",\"widget-autoplay-style\":\"{\\\"data\\\":[{\\\"backgroundcolor\\\":\\\"000000ab\\\",\\\"padding\\\":\\\"10|*|10|*|10|*|10|*|px\\\",\\\"boxshadow\\\":\\\"0|*|0|*|0|*|0|*|000000ff\\\",\\\"border\\\":\\\"0|*|solid|*|000000ff\\\",\\\"borderradius\\\":\\\"3\\\",\\\"extra\\\":\\\"\\\"},{\\\"backgroundcolor\\\":\\\"000000ab\\\"}]}\",\"widget-autoplay-position-area\":\"4\",\"widget-autoplay-position-stack\":\"1\",\"widget-autoplay-position-offset\":\"15\",\"widget-autoplay-display-hover\":\"0\",\"widget-autoplay-display-mobileportrait\":\"1\",\"widget-autoplay-display-tabletportrait\":\"1\",\"widget-autoplay-display-desktopportrait\":\"1\",\"loading-type\":\"\",\"delay\":\"0\",\"playWhenVisible\":\"1\",\"playWhenVisibleAt\":\"50\",\"optimize-scale\":\"1\",\"optimize-quality\":\"70\",\"optimize-slide-width-normal\":\"1920\",\"optimize-thumbnail-scale\":\"1\",\"optimize-thumbnail-quality\":\"70\",\"optimizeThumbnailWidth\":\"100\",\"optimizeThumbnailHeight\":\"60\",\"backgroundMode\":\"fill\",\"clear-both\":\"1\",\"clear-both-after\":\"1\",\"overflow-hidden-page\":\"0\",\"responsiveFocusUser\":\"1\",\"responsiveFocusEdge\":\"auto\",\"is-delayed\":\"0\",\"legacy-font-scale\":\"0\",\"classes\":\"\",\"custom-css-codes\":\"\",\"callbacks\":\"\",\"related-posts\":\"\",\"version\":\"3.5.0.9\"}','trash','2021-06-21 12:36:26','$upload$/2021/06/img_2-3.jpg',0),(3,NULL,'Home-banner','simple','{\"aria-label\":\"Slider\",\"alias-id\":\"\",\"alias-smoothscroll\":\"\",\"alias-slideswitch\":\"\",\"alias-slideswitch-scroll\":\"1\",\"align\":\"normal\",\"margin\":\"0|*|0|*|0|*|0\",\"width\":\"1920\",\"height\":\"400\",\"responsiveLimitSlideWidth\":\"1\",\"responsiveSlideWidth\":\"0\",\"responsiveSlideWidthMax\":\"3000\",\"responsiveSlideWidthTablet\":\"0\",\"responsiveSlideWidthMaxTablet\":\"3000\",\"responsiveSlideWidthMobile\":\"0\",\"responsiveSlideWidthMaxMobile\":\"480\",\"responsive-breakpoint-tablet-portrait\":\"1199\",\"responsive-breakpoint-tablet-portrait-landscape\":\"1199\",\"responsive-breakpoint-mobile-portrait\":\"700\",\"responsive-breakpoint-mobile-portrait-landscape\":\"900\",\"responsive-breakpoint-tablet-portrait-enabled\":\"1\",\"responsive-breakpoint-mobile-portrait-enabled\":\"1\",\"responsive-breakpoint-global\":\"0\",\"breakpoints-orientation\":\"portrait\",\"responsive-mode\":\"fullwidth\",\"responsiveSliderHeightMin\":\"0\",\"responsiveForceFull\":\"1\",\"responsiveForceFullOverflowX\":\"body\",\"responsiveForceFullHorizontalSelector\":\"body\",\"controlsTouch\":\"horizontal\",\"controlsScroll\":\"0\",\"controlsKeyboard\":\"1\",\"widget-arrow-enabled\":\"0\",\"widgetarrow\":\"imageEmpty\",\"widget-arrow-previous\":\"thin-horizontal.svg\",\"widget-arrow-previous-color\":\"ffffffcc\",\"widget-arrow-previous-hover\":\"1\",\"widget-arrow-previous-hover-color\":\"ffffffff\",\"widget-arrow-style\":\"\",\"widget-arrow-previous-position-area\":\"6\",\"widget-arrow-previous-position-stack\":\"1\",\"widget-arrow-previous-position-offset\":\"15\",\"widget-arrow-next-position-area\":\"7\",\"widget-arrow-next-position-stack\":\"1\",\"widget-arrow-next-position-offset\":\"15\",\"widget-arrow-previous-alt\":\"previous arrow\",\"widget-arrow-next-alt\":\"next arrow\",\"widget-arrow-base64\":\"1\",\"widget-arrow-display-hover\":\"0\",\"widget-arrow-display-mobileportrait\":\"0\",\"widget-arrow-display-tabletportrait\":\"1\",\"widget-arrow-display-desktopportrait\":\"1\",\"widget-bullet-enabled\":\"1\",\"widgetbullet\":\"transition\",\"widget-bullet-position-area\":\"10\",\"widget-bullet-position-stack\":\"1\",\"widget-bullet-position-offset\":\"5\",\"widget-bullet-style\":\"{\\\"data\\\":[{\\\"backgroundcolor\\\":\\\"00000000\\\",\\\"opacity\\\":100,\\\"padding\\\":\\\"5|*|5|*|5|*|5|*|px\\\",\\\"boxshadow\\\":\\\"0|*|0|*|0|*|0|*|000000ff\\\",\\\"border\\\":\\\"2|*|solid|*|ffffffcc\\\",\\\"borderradius\\\":\\\"50\\\",\\\"extra\\\":\\\"margin: 4px;\\\"},{\\\"extra\\\":\\\"\\\",\\\"backgroundcolor\\\":\\\"ffffffcc\\\",\\\"border\\\":\\\"2|*|solid|*|ffffffcc\\\"}]}\",\"widget-bullet-bar\":\"\",\"widget-bullet-thumbnail-show-image\":\"0\",\"widget-bullet-thumbnail-width\":\"60\",\"widget-bullet-thumbnail-height\":\"60\",\"widget-bullet-thumbnail-style\":\"{\\\"data\\\":[{\\\"backgroundcolor\\\":\\\"00000080\\\",\\\"padding\\\":\\\"3|*|3|*|3|*|3|*|px\\\",\\\"boxshadow\\\":\\\"0|*|0|*|0|*|0|*|000000ff\\\",\\\"border\\\":\\\"0|*|solid|*|000000ff\\\",\\\"borderradius\\\":\\\"3\\\",\\\"extra\\\":\\\"margin: 5px;\\\"}]}\",\"widget-bullet-thumbnail-side\":\"before\",\"widget-bullet-display-hover\":\"0\",\"widget-bullet-display-mobileportrait\":\"1\",\"widget-bullet-display-tabletportrait\":\"1\",\"widget-bullet-display-desktopportrait\":\"1\",\"widget-bar-enabled\":\"0\",\"widgetbar\":\"horizontal\",\"widget-bar-position-area\":\"10\",\"widget-bar-position-stack\":\"1\",\"widget-bar-position-offset\":\"30\",\"widget-bar-animate\":\"0\",\"widget-bar-style\":\"{\\\"data\\\":[{\\\"backgroundcolor\\\":\\\"000000ab\\\",\\\"padding\\\":\\\"5|*|20|*|5|*|20|*|px\\\",\\\"boxshadow\\\":\\\"0|*|0|*|0|*|0|*|000000ff\\\",\\\"border\\\":\\\"0|*|solid|*|000000ff\\\",\\\"borderradius\\\":\\\"40\\\",\\\"extra\\\":\\\"\\\"}]}\",\"widget-bar-show-title\":\"1\",\"widget-bar-font-title\":\"{\\\"data\\\":[{\\\"color\\\":\\\"ffffffff\\\",\\\"size\\\":\\\"14||px\\\",\\\"tshadow\\\":\\\"0|*|0|*|0|*|000000c7\\\",\\\"afont\\\":\\\"Montserrat\\\",\\\"lineheight\\\":\\\"1.3\\\",\\\"bold\\\":0,\\\"italic\\\":0,\\\"underline\\\":0,\\\"align\\\":\\\"left\\\",\\\"extra\\\":\\\"vertical-align: middle;\\\"},{\\\"color\\\":\\\"fc2828ff\\\",\\\"afont\\\":\\\"google(@import url(http:\\/\\/fonts.googleapis.com\\/css?family=Raleway);),Arial\\\",\\\"size\\\":\\\"25||px\\\"},{}]}\",\"widget-bar-show-description\":\"1\",\"widget-bar-font-description\":\"{\\\"data\\\":[{\\\"color\\\":\\\"ffffffff\\\",\\\"size\\\":\\\"14||px\\\",\\\"tshadow\\\":\\\"0|*|0|*|0|*|000000c7\\\",\\\"afont\\\":\\\"Montserrat\\\",\\\"lineheight\\\":\\\"1.3\\\",\\\"bold\\\":0,\\\"italic\\\":1,\\\"underline\\\":0,\\\"align\\\":\\\"left\\\",\\\"extra\\\":\\\"vertical-align: middle;\\\"},{\\\"color\\\":\\\"fc2828ff\\\",\\\"afont\\\":\\\"Raleway,Arial\\\",\\\"size\\\":\\\"25||px\\\"},{}]}\",\"widget-bar-slide-count\":\"0\",\"widget-bar-full-width\":\"0\",\"widget-bar-separator\":\" - \",\"widget-bar-align\":\"center\",\"widget-bar-display-hover\":\"0\",\"widget-bar-display-mobileportrait\":\"1\",\"widget-bar-display-tabletportrait\":\"1\",\"widget-bar-display-desktopportrait\":\"1\",\"widget-thumbnail-enabled\":\"0\",\"widgetthumbnail\":\"default\",\"widget-thumbnail-width\":\"100\",\"widget-thumbnail-height\":\"60\",\"widget-thumbnail-tablet-width\":\"100\",\"widget-thumbnail-tablet-height\":\"60\",\"widget-thumbnail-mobile-width\":\"100\",\"widget-thumbnail-mobile-height\":\"60\",\"widget-thumbnail-position-area\":\"12\",\"widget-thumbnail-position-stack\":\"1\",\"widget-thumbnail-position-offset\":\"0\",\"widget-thumbnail-align-content\":\"start\",\"widget-thumbnail-style-bar\":\"{\\\"data\\\":[{\\\"backgroundcolor\\\":\\\"242424ff\\\",\\\"padding\\\":\\\"3|*|3|*|3|*|3|*|px\\\",\\\"boxshadow\\\":\\\"0|*|0|*|0|*|0|*|000000ff\\\",\\\"border\\\":\\\"0|*|solid|*|000000ff\\\",\\\"borderradius\\\":\\\"0\\\",\\\"extra\\\":\\\"\\\"}]}\",\"widget-thumbnail-style-slides\":\"{\\\"data\\\":[{\\\"backgroundcolor\\\":\\\"00000000\\\",\\\"padding\\\":\\\"0|*|0|*|0|*|0|*|px\\\",\\\"boxshadow\\\":\\\"0|*|0|*|0|*|0|*|000000ff\\\",\\\"border\\\":\\\"0|*|solid|*|ffffff00\\\",\\\"borderradius\\\":\\\"0\\\",\\\"opacity\\\":\\\"40\\\",\\\"extra\\\":\\\"margin: 3px;\\r\\ntransition: all 0.4s;\\r\\nbackground-size: cover;\\\"},{\\\"border\\\":\\\"0|*|solid|*|ffffffcc\\\",\\\"opacity\\\":\\\"100\\\",\\\"extra\\\":\\\"\\\"}]}\",\"widget-thumbnail-title-style\":\"{\\\"data\\\":[{\\\"backgroundcolor\\\":\\\"000000ab\\\",\\\"padding\\\":\\\"3|*|10|*|3|*|10|*|px\\\",\\\"boxshadow\\\":\\\"0|*|0|*|0|*|0|*|000000ff\\\",\\\"border\\\":\\\"0|*|solid|*|000000ff\\\",\\\"borderradius\\\":\\\"0\\\",\\\"extra\\\":\\\"bottom: 0;\\r\\nleft: 0;\\\"}]}\",\"widget-thumbnail-title\":\"0\",\"widget-thumbnail-title-font\":\"{\\\"data\\\":[{\\\"color\\\":\\\"ffffffff\\\",\\\"size\\\":\\\"12||px\\\",\\\"tshadow\\\":\\\"0|*|0|*|0|*|000000ab\\\",\\\"afont\\\":\\\"Montserrat\\\",\\\"lineheight\\\":\\\"1.2\\\",\\\"bold\\\":0,\\\"italic\\\":0,\\\"underline\\\":0,\\\"align\\\":\\\"left\\\"},{\\\"color\\\":\\\"fc2828ff\\\",\\\"afont\\\":\\\"google(@import url(http:\\/\\/fonts.googleapis.com\\/css?family=Raleway);),Arial\\\",\\\"size\\\":\\\"25||px\\\"},{}]}\",\"widget-thumbnail-description\":\"0\",\"widget-thumbnail-description-font\":\"{\\\"data\\\":[{\\\"color\\\":\\\"ffffffff\\\",\\\"size\\\":\\\"12||px\\\",\\\"tshadow\\\":\\\"0|*|0|*|0|*|000000ab\\\",\\\"afont\\\":\\\"Montserrat\\\",\\\"lineheight\\\":\\\"1.3\\\",\\\"bold\\\":0,\\\"italic\\\":0,\\\"underline\\\":0,\\\"align\\\":\\\"left\\\"},{\\\"color\\\":\\\"fc2828ff\\\",\\\"afont\\\":\\\"google(@import url(http:\\/\\/fonts.googleapis.com\\/css?family=Raleway);),Arial\\\",\\\"size\\\":\\\"25||px\\\"},{}]}\",\"widget-thumbnail-caption-placement\":\"overlay\",\"widget-thumbnail-caption-size\":\"100\",\"widget-thumbnail-display-hover\":\"0\",\"widget-thumbnail-display-mobileportrait\":\"1\",\"widget-thumbnail-display-tabletportrait\":\"1\",\"widget-thumbnail-display-desktopportrait\":\"1\",\"widget-shadow-enabled\":\"0\",\"widgetshadow\":\"shadow\",\"widget-shadow-shadow\":\"dark.png\",\"widget-shadow-display-mobileportrait\":\"1\",\"widget-shadow-display-tabletportrait\":\"1\",\"widget-shadow-display-desktopportrait\":\"1\",\"animation\":\"fade\",\"animation-duration\":\"500\",\"background-animation\":\"\",\"background-animation-color\":\"333333ff\",\"background-animation-speed\":\"normal\",\"autoplay\":\"0\",\"autoplayDuration\":\"8000\",\"autoplayStopClick\":\"1\",\"autoplayStopMouse\":\"0\",\"autoplayStopMedia\":\"1\",\"autoplayResumeClick\":\"0\",\"autoplayResumeMouse\":\"0\",\"autoplayResumeMedia\":\"1\",\"widget-autoplay-enabled\":\"0\",\"widgetautoplay\":\"image\",\"widget-autoplay-play\":\"small-light.svg\",\"widget-autoplay-play-color\":\"ffffffcc\",\"widget-autoplay-style\":\"{\\\"data\\\":[{\\\"backgroundcolor\\\":\\\"000000ab\\\",\\\"padding\\\":\\\"10|*|10|*|10|*|10|*|px\\\",\\\"boxshadow\\\":\\\"0|*|0|*|0|*|0|*|000000ff\\\",\\\"border\\\":\\\"0|*|solid|*|000000ff\\\",\\\"borderradius\\\":\\\"3\\\",\\\"extra\\\":\\\"\\\"},{\\\"backgroundcolor\\\":\\\"000000ab\\\"}]}\",\"widget-autoplay-position-area\":\"4\",\"widget-autoplay-position-stack\":\"1\",\"widget-autoplay-position-offset\":\"15\",\"widget-autoplay-display-hover\":\"0\",\"widget-autoplay-display-mobileportrait\":\"1\",\"widget-autoplay-display-tabletportrait\":\"1\",\"widget-autoplay-display-desktopportrait\":\"1\",\"loading-type\":\"\",\"delay\":\"0\",\"playWhenVisible\":\"1\",\"playWhenVisibleAt\":\"50\",\"optimize-scale\":\"0\",\"optimize-quality\":\"70\",\"optimize-slide-width-normal\":\"1920\",\"optimize-thumbnail-scale\":\"0\",\"optimize-thumbnail-quality\":\"70\",\"optimizeThumbnailWidth\":\"100\",\"optimizeThumbnailHeight\":\"60\",\"backgroundMode\":\"fill\",\"clear-both\":\"1\",\"clear-both-after\":\"1\",\"overflow-hidden-page\":\"0\",\"responsiveFocusUser\":\"1\",\"responsiveFocusEdge\":\"auto\",\"is-delayed\":\"0\",\"legacy-font-scale\":\"0\",\"classes\":\"\",\"custom-css-codes\":\"\",\"callbacks\":\"\",\"related-posts\":\"\",\"version\":\"3.5.0.9\"}','published','2021-08-04 09:50:16','$upload$/2021/08/VTAIL-v1-version.jpg',0),(4,NULL,'Coming Soon','simple','{\"thumbnail\":\"\",\"aria-label\":\"\",\"alias-id\":\"\",\"alias-smoothscroll\":\"\",\"alias-slideswitch\":\"\",\"alias-slideswitch-scroll\":\"1\",\"align\":\"normal\",\"margin\":\"0|*|0|*|0|*|0\",\"width\":\"1920\",\"height\":\"400\",\"responsiveLimitSlideWidth\":\"1\",\"responsiveSlideWidth\":\"0\",\"responsiveSlideWidthMax\":\"3000\",\"responsiveSlideWidthTablet\":\"0\",\"responsiveSlideWidthMaxTablet\":\"3000\",\"responsiveSlideWidthMobile\":\"0\",\"responsiveSlideWidthMaxMobile\":\"480\",\"responsive-breakpoint-tablet-portrait\":\"1199\",\"responsive-breakpoint-tablet-portrait-landscape\":\"1199\",\"responsive-breakpoint-mobile-portrait\":\"700\",\"responsive-breakpoint-mobile-portrait-landscape\":\"900\",\"responsive-breakpoint-tablet-portrait-enabled\":\"1\",\"responsive-breakpoint-mobile-portrait-enabled\":\"1\",\"responsive-breakpoint-global\":\"0\",\"breakpoints-orientation\":\"portrait\",\"responsive-mode\":\"fullwidth\",\"responsiveSliderHeightMin\":\"0\",\"responsiveForceFull\":\"1\",\"responsiveForceFullOverflowX\":\"body\",\"responsiveForceFullHorizontalSelector\":\"body\",\"controlsTouch\":\"horizontal\",\"controlsScroll\":\"0\",\"controlsKeyboard\":\"1\",\"widget-arrow-enabled\":\"1\",\"widgetarrow\":\"imageEmpty\",\"widget-arrow-previous\":\"thin-horizontal.svg\",\"widget-arrow-previous-color\":\"ffffffcc\",\"widget-arrow-previous-hover\":\"0\",\"widget-arrow-previous-hover-color\":\"ffffffcc\",\"widget-arrow-style\":\"\",\"widget-arrow-previous-position-area\":\"6\",\"widget-arrow-previous-position-stack\":\"1\",\"widget-arrow-previous-position-offset\":\"15\",\"widget-arrow-next-position-area\":\"7\",\"widget-arrow-next-position-stack\":\"1\",\"widget-arrow-next-position-offset\":\"15\",\"widget-arrow-previous-alt\":\"previous arrow\",\"widget-arrow-next-alt\":\"next arrow\",\"widget-arrow-base64\":\"1\",\"widget-arrow-display-hover\":\"0\",\"widget-arrow-display-mobileportrait\":\"0\",\"widget-arrow-display-tabletportrait\":\"1\",\"widget-arrow-display-desktopportrait\":\"1\",\"widget-bullet-enabled\":\"0\",\"widgetbullet\":\"transition\",\"widget-bullet-position-area\":\"10\",\"widget-bullet-position-stack\":\"1\",\"widget-bullet-position-offset\":\"10\",\"widget-bullet-style\":\"{\\\"data\\\":[{\\\"backgroundcolor\\\":\\\"000000ab\\\",\\\"padding\\\":\\\"5|*|5|*|5|*|5|*|px\\\",\\\"boxshadow\\\":\\\"0|*|0|*|0|*|0|*|000000ff\\\",\\\"border\\\":\\\"0|*|solid|*|000000ff\\\",\\\"borderradius\\\":\\\"50\\\",\\\"extra\\\":\\\"margin: 4px;\\\"},{\\\"backgroundcolor\\\":\\\"1D81F9FF\\\"}]}\",\"widget-bullet-bar\":\"\",\"widget-bullet-thumbnail-show-image\":\"0\",\"widget-bullet-thumbnail-width\":\"60\",\"widget-bullet-thumbnail-height\":\"60\",\"widget-bullet-thumbnail-style\":\"{\\\"data\\\":[{\\\"backgroundcolor\\\":\\\"00000080\\\",\\\"padding\\\":\\\"3|*|3|*|3|*|3|*|px\\\",\\\"boxshadow\\\":\\\"0|*|0|*|0|*|0|*|000000ff\\\",\\\"border\\\":\\\"0|*|solid|*|000000ff\\\",\\\"borderradius\\\":\\\"3\\\",\\\"extra\\\":\\\"margin: 5px;\\\"}]}\",\"widget-bullet-thumbnail-side\":\"before\",\"widget-bullet-display-hover\":\"0\",\"widget-bullet-display-mobileportrait\":\"1\",\"widget-bullet-display-tabletportrait\":\"1\",\"widget-bullet-display-desktopportrait\":\"1\",\"widget-bar-enabled\":\"0\",\"widgetbar\":\"horizontal\",\"widget-bar-position-area\":\"10\",\"widget-bar-position-stack\":\"1\",\"widget-bar-position-offset\":\"30\",\"widget-bar-animate\":\"0\",\"widget-bar-style\":\"{\\\"data\\\":[{\\\"backgroundcolor\\\":\\\"000000ab\\\",\\\"padding\\\":\\\"5|*|20|*|5|*|20|*|px\\\",\\\"boxshadow\\\":\\\"0|*|0|*|0|*|0|*|000000ff\\\",\\\"border\\\":\\\"0|*|solid|*|000000ff\\\",\\\"borderradius\\\":\\\"40\\\",\\\"extra\\\":\\\"\\\"}]}\",\"widget-bar-show-title\":\"1\",\"widget-bar-font-title\":\"{\\\"data\\\":[{\\\"color\\\":\\\"ffffffff\\\",\\\"size\\\":\\\"14||px\\\",\\\"tshadow\\\":\\\"0|*|0|*|0|*|000000c7\\\",\\\"afont\\\":\\\"Montserrat\\\",\\\"lineheight\\\":\\\"1.3\\\",\\\"bold\\\":0,\\\"italic\\\":0,\\\"underline\\\":0,\\\"align\\\":\\\"left\\\",\\\"extra\\\":\\\"vertical-align: middle;\\\"},{\\\"color\\\":\\\"fc2828ff\\\",\\\"afont\\\":\\\"Raleway,Arial\\\",\\\"size\\\":\\\"25||px\\\"},{}]}\",\"widget-bar-show-description\":\"1\",\"widget-bar-font-description\":\"{\\\"data\\\":[{\\\"color\\\":\\\"ffffffff\\\",\\\"size\\\":\\\"14||px\\\",\\\"tshadow\\\":\\\"0|*|0|*|0|*|000000c7\\\",\\\"afont\\\":\\\"Montserrat\\\",\\\"lineheight\\\":\\\"1.3\\\",\\\"bold\\\":0,\\\"italic\\\":1,\\\"underline\\\":0,\\\"align\\\":\\\"left\\\",\\\"extra\\\":\\\"vertical-align: middle;\\\"},{\\\"color\\\":\\\"fc2828ff\\\",\\\"afont\\\":\\\"Raleway,Arial\\\",\\\"size\\\":\\\"25||px\\\"},{}]}\",\"widget-bar-slide-count\":\"0\",\"widget-bar-full-width\":\"0\",\"widget-bar-separator\":\" - \",\"widget-bar-align\":\"center\",\"widget-bar-display-hover\":\"0\",\"widget-bar-display-mobileportrait\":\"1\",\"widget-bar-display-tabletportrait\":\"1\",\"widget-bar-display-desktopportrait\":\"1\",\"widget-thumbnail-enabled\":\"0\",\"widgetthumbnail\":\"default\",\"widget-thumbnail-width\":\"100\",\"widget-thumbnail-height\":\"60\",\"widget-thumbnail-tablet-width\":\"100\",\"widget-thumbnail-tablet-height\":\"60\",\"widget-thumbnail-mobile-width\":\"100\",\"widget-thumbnail-mobile-height\":\"60\",\"widget-thumbnail-position-area\":\"12\",\"widget-thumbnail-position-stack\":\"1\",\"widget-thumbnail-position-offset\":\"0\",\"widget-thumbnail-align-content\":\"start\",\"widget-thumbnail-style-bar\":\"{\\\"data\\\":[{\\\"backgroundcolor\\\":\\\"242424ff\\\",\\\"padding\\\":\\\"3|*|3|*|3|*|3|*|px\\\",\\\"boxshadow\\\":\\\"0|*|0|*|0|*|0|*|000000ff\\\",\\\"border\\\":\\\"0|*|solid|*|000000ff\\\",\\\"borderradius\\\":\\\"0\\\",\\\"extra\\\":\\\"\\\"}]}\",\"widget-thumbnail-style-slides\":\"{\\\"data\\\":[{\\\"backgroundcolor\\\":\\\"00000000\\\",\\\"padding\\\":\\\"0|*|0|*|0|*|0|*|px\\\",\\\"boxshadow\\\":\\\"0|*|0|*|0|*|0|*|000000ff\\\",\\\"border\\\":\\\"0|*|solid|*|ffffff00\\\",\\\"borderradius\\\":\\\"0\\\",\\\"opacity\\\":\\\"40\\\",\\\"extra\\\":\\\"margin: 3px;\\\\ntransition: all 0.4s;\\\"},{\\\"border\\\":\\\"0|*|solid|*|ffffffcc\\\",\\\"opacity\\\":\\\"100\\\",\\\"extra\\\":\\\"\\\"}]}\",\"widget-thumbnail-title-style\":\"{\\\"data\\\":[{\\\"backgroundcolor\\\":\\\"000000ab\\\",\\\"padding\\\":\\\"3|*|10|*|3|*|10|*|px\\\",\\\"boxshadow\\\":\\\"0|*|0|*|0|*|0|*|000000ff\\\",\\\"border\\\":\\\"0|*|solid|*|000000ff\\\",\\\"borderradius\\\":\\\"0\\\",\\\"extra\\\":\\\"bottom: 0;\\\\nleft: 0;\\\"}]}\",\"widget-thumbnail-title\":\"0\",\"widget-thumbnail-title-font\":\"{\\\"data\\\":[{\\\"color\\\":\\\"ffffffff\\\",\\\"size\\\":\\\"12||px\\\",\\\"tshadow\\\":\\\"0|*|0|*|0|*|000000ab\\\",\\\"afont\\\":\\\"Montserrat\\\",\\\"lineheight\\\":\\\"1.2\\\",\\\"bold\\\":0,\\\"italic\\\":0,\\\"underline\\\":0,\\\"align\\\":\\\"left\\\"},{\\\"color\\\":\\\"fc2828ff\\\",\\\"afont\\\":\\\"Raleway,Arial\\\",\\\"size\\\":\\\"25||px\\\"},{}]}\",\"widget-thumbnail-description\":\"0\",\"widget-thumbnail-description-font\":\"{\\\"data\\\":[{\\\"color\\\":\\\"ffffffff\\\",\\\"size\\\":\\\"12||px\\\",\\\"tshadow\\\":\\\"0|*|0|*|0|*|000000ab\\\",\\\"afont\\\":\\\"Montserrat\\\",\\\"lineheight\\\":\\\"1.3\\\",\\\"bold\\\":0,\\\"italic\\\":0,\\\"underline\\\":0,\\\"align\\\":\\\"left\\\"},{\\\"color\\\":\\\"fc2828ff\\\",\\\"afont\\\":\\\"Raleway,Arial\\\",\\\"size\\\":\\\"25||px\\\"},{}]}\",\"widget-thumbnail-caption-placement\":\"overlay\",\"widget-thumbnail-caption-size\":\"100\",\"widget-thumbnail-display-hover\":\"0\",\"widget-thumbnail-display-mobileportrait\":\"0\",\"widget-thumbnail-display-tabletportrait\":\"1\",\"widget-thumbnail-display-desktopportrait\":\"1\",\"widget-shadow-enabled\":\"0\",\"widgetshadow\":\"shadow\",\"widget-shadow-shadow\":\"dark.png\",\"widget-shadow-display-mobileportrait\":\"0\",\"widget-shadow-display-tabletportrait\":\"1\",\"widget-shadow-display-desktopportrait\":\"1\",\"animation\":\"horizontal\",\"animation-duration\":\"800\",\"background-animation\":\"\",\"background-animation-color\":\"333333ff\",\"background-animation-speed\":\"normal\",\"autoplay\":\"0\",\"autoplayDuration\":\"8000\",\"autoplayStopClick\":\"1\",\"autoplayStopMouse\":\"0\",\"autoplayStopMedia\":\"1\",\"autoplayResumeClick\":\"0\",\"autoplayResumeMouse\":\"0\",\"autoplayResumeMedia\":\"1\",\"widget-autoplay-enabled\":\"0\",\"widgetautoplay\":\"image\",\"widget-autoplay-play\":\"small-light.svg\",\"widget-autoplay-play-color\":\"ffffffcc\",\"widget-autoplay-style\":\"{\\\"data\\\":[{\\\"backgroundcolor\\\":\\\"000000ab\\\",\\\"padding\\\":\\\"10|*|10|*|10|*|10|*|px\\\",\\\"boxshadow\\\":\\\"0|*|0|*|0|*|0|*|000000ff\\\",\\\"border\\\":\\\"0|*|solid|*|000000ff\\\",\\\"borderradius\\\":\\\"3\\\",\\\"extra\\\":\\\"\\\"},{\\\"backgroundcolor\\\":\\\"000000ab\\\"}]}\",\"widget-autoplay-position-area\":\"4\",\"widget-autoplay-position-stack\":\"1\",\"widget-autoplay-position-offset\":\"15\",\"widget-autoplay-display-hover\":\"0\",\"widget-autoplay-display-mobileportrait\":\"1\",\"widget-autoplay-display-tabletportrait\":\"1\",\"widget-autoplay-display-desktopportrait\":\"1\",\"loading-type\":\"\",\"delay\":\"0\",\"playWhenVisible\":\"1\",\"playWhenVisibleAt\":\"50\",\"optimize-scale\":\"0\",\"optimize-quality\":\"70\",\"optimize-slide-width-normal\":\"1920\",\"optimize-thumbnail-scale\":\"0\",\"optimize-thumbnail-quality\":\"70\",\"optimizeThumbnailWidth\":\"100\",\"optimizeThumbnailHeight\":\"60\",\"backgroundMode\":\"fill\",\"clear-both\":\"1\",\"clear-both-after\":\"1\",\"overflow-hidden-page\":\"0\",\"responsiveFocusUser\":\"1\",\"responsiveFocusEdge\":\"auto\",\"is-delayed\":\"0\",\"legacy-font-scale\":\"0\",\"classes\":\"\",\"custom-css-codes\":\"\",\"callbacks\":\"\",\"related-posts\":\"\",\"version\":\"3.5.0.9\"}','published','2021-08-09 09:42:59','',1);

--
